{"version":"1.0","provider_name":"Official Czech &amp; Slovak Everton Supporters&#039; Club","provider_url":"https:\/\/evertonfc.cz","title":"Zhodnocen\u00ed sez\u00f3ny 2020\/21 - Official Czech &amp; Slovak Everton Supporters&#039; Club","type":"rich","width":600,"height":338,"html":"<blockquote class=\"wp-embedded-content\" data-secret=\"Sx2OSpcBNw\"><a href=\"https:\/\/evertonfc.cz\/index.php\/2021\/06\/28\/zhodnoceni-sezony-2020-21\/\">Zhodnocen\u00ed sez\u00f3ny 2020\/21<\/a><\/blockquote><iframe sandbox=\"allow-scripts\" security=\"restricted\" src=\"https:\/\/evertonfc.cz\/index.php\/2021\/06\/28\/zhodnoceni-sezony-2020-21\/embed\/#?secret=Sx2OSpcBNw\" width=\"600\" height=\"338\" title=\"&#8222;Zhodnocen\u00ed sez\u00f3ny 2020\/21&#8220; &#8212; Official Czech &amp; Slovak Everton Supporters&#039; Club\" data-secret=\"Sx2OSpcBNw\" frameborder=\"0\" marginwidth=\"0\" marginheight=\"0\" scrolling=\"no\" class=\"wp-embedded-content\"><\/iframe><script type=\"text\/javascript\">\n\/* <![CDATA[ *\/\n\/*! This file is auto-generated *\/\n!function(d,l){\"use strict\";l.querySelector&&d.addEventListener&&\"undefined\"!=typeof URL&&(d.wp=d.wp||{},d.wp.receiveEmbedMessage||(d.wp.receiveEmbedMessage=function(e){var t=e.data;if((t||t.secret||t.message||t.value)&&!\/[^a-zA-Z0-9]\/.test(t.secret)){for(var s,r,n,a=l.querySelectorAll('iframe[data-secret=\"'+t.secret+'\"]'),o=l.querySelectorAll('blockquote[data-secret=\"'+t.secret+'\"]'),c=new RegExp(\"^https?:$\",\"i\"),i=0;i<o.length;i++)o[i].style.display=\"none\";for(i=0;i<a.length;i++)s=a[i],e.source===s.contentWindow&&(s.removeAttribute(\"style\"),\"height\"===t.message?(1e3<(r=parseInt(t.value,10))?r=1e3:~~r<200&&(r=200),s.height=r):\"link\"===t.message&&(r=new URL(s.getAttribute(\"src\")),n=new URL(t.value),c.test(n.protocol))&&n.host===r.host&&l.activeElement===s&&(d.top.location.href=t.value))}},d.addEventListener(\"message\",d.wp.receiveEmbedMessage,!1),l.addEventListener(\"DOMContentLoaded\",function(){for(var e,t,s=l.querySelectorAll(\"iframe.wp-embedded-content\"),r=0;r<s.length;r++)(t=(e=s[r]).getAttribute(\"data-secret\"))||(t=Math.random().toString(36).substring(2,12),e.src+=\"#?secret=\"+t,e.setAttribute(\"data-secret\",t)),e.contentWindow.postMessage({message:\"ready\",secret:t},\"*\")},!1)))}(window,document);\n\/* ]]> *\/\n<\/script>\n","thumbnail_url":"https:\/\/evertonfc.cz\/wp-content\/uploads\/2021\/06\/2021-21-Zhodnotenie-sezony-28-6-2021.jpg","thumbnail_width":720,"thumbnail_height":405,"description":"\"Pro\u010d ten jetel\u00ed\u010dek roste u vody?\" \"Co jste, hasi\u010di, co jste d\u011blali?\" Pal\u010div\u00e9 ot\u00e1zky dne\u0161ka. A proto redakce s dostate\u010dn\u011b pon\u00ed\u017eenou suplikou po\u017e\u00e1dala ty nejbyst\u0159ej\u0161\u00ed mozky, kter\u00e9 tu jsou, aby s n\u00e1mi sd\u00edleli \u0161petku sv\u00e9 nebety\u010dn\u00e9 a nebesk\u00e9 moudrosti."}

Zhodnocení sezóny 2020/21 - Official Czech &amp; Slovak Everton Supporters&#039; Club

<blockquote class="wp-embedded-content" data-secret="Sx2OSpcBNw"><a href="https://evertonfc.cz/index.php/2021/06/28/zhodnoceni-sezony-2020-21/">Zhodnocení sezóny 2020/21</a></blockquote><iframe sandbox="allow-scripts" security="restricted" src="https://evertonfc.cz/index.php/2021/06/28/zhodnoceni-sezony-2020-21/embed/#?secret=Sx2OSpcBNw" width="600" height="338" title="&#8222;Zhodnocení sezóny 2020/21&#8220; &#8212; Official Czech &amp; Slovak Everton Supporters&#039; Club" data-secret="Sx2OSpcBNw" frameborder="0" marginwidth="0" marginheight="0" scrolling="no" class="wp-embedded-content"></iframe><script type="text/javascript">
/* <![CDATA[ */
/*! This file is auto-generated */
!function(d,l){"use strict";l.querySelector&&d.addEventListener&&"undefined"!=typeof URL&&(d.wp=d.wp||{},d.wp.receiveEmbedMessage||(d.wp.receiveEmbedMessage=function(e){var t=e.data;if((t||t.secret||t.message||t.value)&&!/[^a-zA-Z0-9]/.test(t.secret)){for(var s,r,n,a=l.querySelectorAll('iframe[data-secret="'+t.secret+'"]'),o=l.querySelectorAll('blockquote[data-secret="'+t.secret+'"]'),c=new RegExp("^https?:$","i"),i=0;i<o.length;i++)o[i].style.display="none";for(i=0;i<a.length;i++)s=a[i],e.source===s.contentWindow&&(s.removeAttribute("style"),"height"===t.message?(1e3<(r=parseInt(t.value,10))?r=1e3:~~r<200&&(r=200),s.height=r):"link"===t.message&&(r=new URL(s.getAttribute("src")),n=new URL(t.value),c.test(n.protocol))&&n.host===r.host&&l.activeElement===s&&(d.top.location.href=t.value))}},d.addEventListener("message",d.wp.receiveEmbedMessage,!1),l.addEventListener("DOMContentLoaded",function(){for(var e,t,s=l.querySelectorAll("iframe.wp-embedded-content"),r=0;r<s.length;r++)(t=(e=s[r]).getAttribute("data-secret"))||(t=Math.random().toString(36).substring(2,12),e.src+="#?secret="+t,e.setAttribute("data-secret",t)),e.contentWindow.postMessage({message:"ready",secret:t},"*")},!1)))}(window,document);
/* ]]> */
</script>

"Proč ten jetelíček roste u vody?" "Co jste, hasiči, co jste dělali?" Palčivé otázky dneška. A proto redakce s dostatečně poníženou suplikou požádala ty nejbystřejší mozky, které tu jsou, aby s námi sdíleli špetku své nebetyčné a nebeské moudrosti.
