{"id":10329,"date":"2020-02-20T18:10:47","date_gmt":"2020-02-20T17:10:47","guid":{"rendered":"https:\/\/evertonfc.cz\/?page_id=10329"},"modified":"2021-07-07T08:14:05","modified_gmt":"2021-07-07T06:14:05","slug":"marco-silva","status":"publish","type":"page","link":"https:\/\/evertonfc.cz\/index.php\/manazeri\/marco-silva\/","title":{"rendered":"Marco Silva"},"content":{"rendered":"<p><strong>Cel\u00e9 meno:<\/strong> Marco Alexandre Saraiva da Silva<br \/>\n<strong>Naroden\u00fd:<\/strong> 12. j\u00fala 1977 &#8211; Lisabon, Portugalsko<br \/>\n<strong>V EFC od:<\/strong> 31. 05. 2018<br \/>\n<strong>Zmluva do:<\/strong> 30. 06. 2021<br \/>\n<strong>Prepusten\u00fd:<\/strong> 5.12.2019<\/p>\n<hr \/>\n<h4><em>Pred Evertonom<\/em><\/h4>\n<p>B\u00fdval\u00e1 tv\u00e1r Goodison Parku bola mladistv\u00e9ho vzh\u013eadu i charakteru. Jeho priezvisko m\u00e1 latinsk\u00fd p\u00f4vod a vo\u013ene ho m\u00f4\u017eeme prelo\u017ei\u0165 ako les. Svoju akt\u00edvnu kari\u00e9ru na futbalov\u00fdch tr\u00e1vnikoch venoval poz\u00edcii prav\u00e9ho obrancu, ke\u010f za\u010d\u00ednal v rodnom Lisabone, v drese miestneho C.F. Os Belenenses. Ve\u013ek\u00fdch \u00faspechov sa nikde nedo\u017eil a zd\u00e1 sa, \u017ee o to lep\u0161ie mu to ide z druhej strany bielej \u010diary.<\/p>\n<p>Hne\u010f ako v Estorile ukon\u010dil hr\u00e1\u010dsku etapu, okam\u017eite mu tam bolo pon\u00faknut\u00e9 miesto DoF, ktor\u00e9 nev\u00e1hal prija\u0165. No nie na dlho. V tej istej sez\u00f3ne nahradil u\u017e v septembri vyhoden\u00e9ho Vin\u00edciusa Eutr\u00f3pia a pr\u00edbeh sa za\u010dal p\u00edsa\u0165 rozpr\u00e1vkov\u00fdm tempom. Prv\u00e1 pri\u0161la s\u00edce prehra, ale aj majstri musia nejako za\u010d\u00edna\u0165, ak chc\u00fa majstrovsky skon\u010di\u0165. Veru podarilo sa a Estoril s vavr\u00ednmi post\u00fapil do prvej portugalskej ligy, kde nenechal st\u00e1\u0165 kame\u0148 na kameni.<\/p>\n<p>V prvej sez\u00f3ne ako nov\u00e1\u010dik skon\u010dil piaty s kvalifik\u00e1ciou do Eur\u00f3pskej Ligy a v druhej dokonca o prie\u010dku lep\u0161ie. Len\u017ee, to u\u017e \u0148om vedela aj ve\u013ek\u00e1 trojka a prv\u00fd s konkr\u00e9tnou ponukou docv\u00e1lal Sporting. V\u00fdsledok? Tretie miesto, Ta\u00e7a de Portugal a vyhadzov za, povedzme m\u00f3dne, faux pas. Nasledoval anga\u017em\u00e1n v gr\u00e9ckom Olympiakose, rovnako \u00faspe\u0161n\u00fd.<\/p>\n<p>Po z\u00edskanom titule sa ale rozhodol od\u00eds\u0165 z osobn\u00fdch d\u00f4vodov. Mohlo by\u0165 za t\u00fdm h\u013eadanie v\u00fdzvy? \u0164a\u017eko poveda\u0165, iba\u017ee samovra\u017eedn\u00e1 misia o pol roka nesk\u00f4r v Hull City sa inak bra\u0165 ani ned\u00e1. \u0160trn\u00e1s\u0165 hr\u00e1\u010dov k dispoz\u00edcii, t\u00ed najlep\u0161\u00ed predan\u00ed a tabu\u013eka neve\u0161t\u00ed ni\u010d len zostup. A tak aj bolo. Ale so vzt\u00fd\u010denou hlavou a semifin\u00e1le ligov\u00e9ho poh\u00e1ra. U\u017e vtedy bolo jasn\u00e9, \u017ee Silva m\u00e1 vy\u0161\u0161ie amb\u00edcie ako Championship.<\/p>\n<p>Po n\u00e1stupe Silvu do Watfordu, v ktorom zaznamenal dobr\u00fd \u0161tart do sez\u00f3ny, treba poveda\u0165 ne\u010dakan\u00fd, sa vyskytli v dom\u00e1com t\u00e1bore n\u00e1deje na fini\u0161 v hornej polovici tabu\u013eky, \u010di nebodaj siedmu prie\u010dku, ktor\u00e1 opl\u00fdva titulom \u201enajlep\u0161\u00ed z najhor\u0161\u00edch\u201c. Len\u017ee v rovnakom \u010dase, len na inom mieste sa odohr\u00e1val pr\u00edbeh na ruby oto\u010den\u00fd. Blues za\u017e\u00edvali zl\u00fd \u0161tart, treba poveda\u0165 ne\u010dakan\u00fd, a obavy zo zostupu pomaly ale isto naberali re\u00e1lne kont\u00fary.<\/p>\n<p>Vedenie klubu si d\u00e1valo na\u010das s h\u013eadan\u00edm n\u00e1stupcu, a\u017e zaklopali na dvere s vyobrazen\u00fdm jele\u0148om, reprezentat\u00edvnym symbolom oblasti Hertfordshire, kde sa Watford F.C. nach\u00e1dza. Av\u0161ak tam nepochodili, ke\u010f\u017ee dom\u00e1ci o tom nechceli po\u010du\u0165 ani pri sume 15 mili\u00f3nov, ba dokonca hrozili \u017ealobami. Z viacer\u00fdch zdrojov sa objavovali inform\u00e1cie, \u017ee po\u017eiadal o povolenie sadn\u00fa\u0165 si k jedn\u00e9mu stolu s Moshirim a diskutova\u0165. Ale to sa nestalo a Watford si postavil hlavu.<\/p>\n<p>Akon\u00e1hle v\u0161ak pri\u0161iel v\u00fdsledkov\u00fd \u00fatlm zapr\u00ed\u010dinen\u00fd aj ve\u013ek\u00fdm po\u010dtom zranen\u00fdch hr\u00e1\u010dov, pochopili ak\u00e1 zmena je vy\u017eadovan\u00e1 a Silvu, ktor\u00fd pod\u013ea dohadov stratil \u0161at\u0148u, pustili k vode po pol roku. Vinn\u00edk bol pre nich nad slnko jasnej\u0161\u00ed a ofici\u00e1lne vyjadrenie bolo onedlho na svete v \u010dierno-na-bielom preveden\u00ed. Aj s nepriamym obvinen\u00edm Evertonu medzi riadkami.<\/p>\n<p>T\u00ed sa medzi\u010dasom ubrali in\u00fdm smerom, Silvu po vyhadzove u\u017e s mo\u017enos\u0165ou zadarmo neoslovili. Aspo\u0148 nie hne\u010f. Na polroka si vysk\u00fa\u0161al hor\u00face kreslo Goodison Parku aj Sam Allardyce. M\u00e9diami v\u0161ak dlho rezonovala bud\u00facnos\u0165 63 ro\u010dn\u00e9ho ex-mana\u017e\u00e9ra anglickej reprezent\u00e1cie a s\u00e1m z toho nebol nad\u0161en\u00fd, preto\u017ee sa o tom pojedn\u00e1valo ako o hotovej veci.<\/p>\n<h4><em>V Evertone<\/em><\/h4>\n<p>Pred\u010dasne bol tak jeho 18 mesa\u010dn\u00fd kontrakt vyplaten\u00fd a Everton sa kone\u010dne mohol obr\u00e1ti\u0165 na t\u00fa spr\u00e1vnu osobu. Alebo si to aspo\u0148 myslel. Dosadenie Silvu do funkcie toti\u017e nikdy nepresved\u010dilo v\u00e4\u010d\u0161inu. Jeho obdobie v klube vystihuje pojem nekonzistentnos\u0165. Ba niektor\u00ed by za\u0161li e\u0161te \u010falej, a povedali by, \u017ee Portugal\u010dan to mal v\u017edy len jeden zl\u00fd z\u00e1pas od vyhadzovu.<\/p>\n<p>S\u013eubn\u00fd za\u010diatok, ke\u010f sme na konci novembra boli dokonca na 6. mieste, a hrali atrakt\u00edvny \u00fato\u010dn\u00fd futbal, vystriedala \u201edoba temna\u201c. Od derby po derby. Everton hral mizern\u00fd futbal, osobitne bila do o\u010d\u00ed neschopnos\u0165 br\u00e1ni\u0165 \u0161tandardn\u00e9 situ\u00e1cie, \u010di zamedzi\u0165 hrub\u00fdm chyb\u00e1m v\u00a0br\u00e1nen\u00ed. O probl\u00e9moch so sk\u00f3rovan\u00edm nehovoriac.<\/p>\n<p>Toffees prehrali v\u00a0obdob\u00ed od 2. decembra do 3. marca a\u017e 9 ligov\u00fdch z\u00e1pasov. Hanebn\u00fd v\u00fdkon predstavovalo aj vypadnutie s druholigov\u00fdm Millwallom v FA Cupe. Najhor\u0161ia \u0161n\u00fara v tomto obdob\u00ed predstavovala 11 ligov\u00fdch z\u00e1pasov so 7 prehrami. Av\u0161ak, klub sa pohyboval len niekde okolo 11. miesta, najm\u00e4 kv\u00f4li prehustenej tabu\u013eke.<\/p>\n<p>N\u00e1sledne spravil Marco Silva dobr\u00e9 zmeny v r\u00e1mci poz\u00edci\u00ed, \u00faloh pre hr\u00e1\u010dov a v malej miere aj taktike\/form\u00e1cii. To sa prejavilo na v\u00fdraznom zlep\u0161en\u00ed hry mu\u017estva. Svoju rolu mohlo zohra\u0165 aj z\u017e\u00edvanie sa hr\u00e1\u010dov zo z\u00f3nov\u00fdm br\u00e1nen\u00edm ako nov\u00fdm prvkom, ako aj v\u00fdpadok formy niektor\u00fdch d\u00f4le\u017eit\u00fdch hr\u00e1\u010dov.<\/p>\n<p>Nasledovalo z\u00e1vere\u010dn\u00e9ho dva a pol mesiaca. Ve\u013emi dobr\u00fdch jeden\u00e1s\u0165 z\u00e1pasov, ktor\u00e9 za\u010dali v\u00fdhrou nad Cardiffom. O\u010dividn\u00e9 zlep\u0161enie pri\u0161lo ale hlavne po dobre zvl\u00e1dnutom Merseside derby. Stretnutie, v ktorom stratil Liverpool naposledy body za rem\u00edzu, a\u00a0pravdepodobne tak pri\u0161iel o\u00a0titul s\u00a0prispen\u00edm Evertonu.<\/p>\n<p>A k\u00fdm prv\u00fa sez\u00f3nu zakon\u010dil s fam\u00f3znou formou, t\u00fa druh\u00fa nie a nie rozbehn\u00fa\u0165. A\u00a0to aj cez \u00faspe\u0161n\u00e9 leto, v\u00a0ktorom Marcel Brands, \u0161portov\u00fd riadite\u013e, zariadil najviac prestupov spomedzi v\u0161etk\u00fdch klubov v\u00a0Premier League. K\u00e1der sa nielen posilnil, ale aj odbremenil od nepotrebn\u00fdch a\u00a0nekvalitn\u00fdch hr\u00e1\u010dov na v\u00fdplatnej p\u00e1ske.<\/p>\n<p>Upadal hern\u00fd prejav, objavili sa star\u00e9 probl\u00e9my s\u00a0br\u00e1nen\u00edm a\u00a0nezvl\u00e1dali sa rutinn\u00e9 dueli s\u00a0papierovo slab\u0161\u00edmi s\u00fapermi na dom\u00e1com tr\u00e1vniku. K\u00a0tomu sa pridali v\u00e1\u017ene zranenia k\u013e\u00fa\u010dov\u00fdch z\u00e1lo\u017en\u00edkov a\u00a0Everton sa razom ocitol v\u00a0decembri tret\u00ed od konca, s \u010derstvou\u00a0p\u00e4\u0165g\u00f3lovou n\u00e1dielkou od ve\u010dn\u00fdch rivalov spoza Stanley Parku.<\/p>\n<p>Muselo sa kona\u0165 a\u00a0trvalo to a\u017e cel\u00fd de\u0148, ke\u010f po inkriminovanom derby vy\u0161la neskoro ve\u010der spr\u00e1va o\u00a0ukon\u010den\u00ed spolupr\u00e1ce. Vedenie v\u00e1halo, nemalo okam\u017eit\u00e9ho n\u00e1stupcu a\u00a0v\u00f4\u013ea pokra\u010dova\u0165 v\u00a0dlhodobom stabilnom projekte bola siln\u00e1. Len\u017ee cesty sp\u00e4\u0165 nebolo a\u00a0tak t\u00edm napokon do\u010dasne prevzala\u00a0klubov\u00e1 legenda Duncan Ferguson.<\/p>\n<p style=\"text-align: right;\">Autor \u010dl\u00e1nku:\u00a0<a href=\"https:\/\/evertonfc.cz\/index.php\/blueblooded\/\" target=\"_blank\" rel=\"noopener noreferrer\"><strong>BlueBlooded<\/strong><\/a><\/p>\n<hr \/>\n<p><em>Pozrite tie\u017e:<\/em><\/p>\n<ul>\n<li><a href=\"https:\/\/evertonfc.cz\/index.php\/2018\/06\/01\/kto-iny-nez-marco-silva\/\" target=\"_blank\" rel=\"noopener noreferrer\">Pr\u00edchod<\/a><\/li>\n<li><a href=\"https:\/\/evertonfc.cz\/index.php\/2018\/06\/05\/prva-tlacovka-prvy-dojem\/\" target=\"_blank\" rel=\"noopener noreferrer\">Prv\u00e1 tla\u010dovka<\/a><\/li>\n<li><a href=\"https:\/\/evertonfc.cz\/index.php\/2018\/06\/01\/novy-realizacny-tim\/\" target=\"_blank\" rel=\"noopener noreferrer\">Nov\u00fd realiza\u010dn\u00fd t\u00edm<\/a><\/li>\n<li><a href=\"https:\/\/evertonfc.cz\/index.php\/2018\/10\/25\/uzivam-si-to\/\" target=\"_blank\" rel=\"noopener noreferrer\">Rozhovor so Silvom<\/a><\/li>\n<li>Nezhody s Watfordom &#8211; <a href=\"https:\/\/evertonfc.cz\/index.php\/2018\/01\/21\/watford-propustil-silvu-neprimo-pritom-obvinil-everton\/\" target=\"_blank\" rel=\"noopener noreferrer\">prepustenie<\/a> &amp; <a href=\"https:\/\/evertonfc.cz\/index.php\/2019\/02\/25\/everton-urovnal-spor-s-watfordem-ohledne-silvy\/\" target=\"_blank\" rel=\"noopener noreferrer\">urovnanie sporu<\/a> a <a href=\"https:\/\/evertonfc.cz\/index.php\/2018\/08\/15\/komentar-moralni-klamari-z-predmestia-londyna\/\" target=\"_blank\" rel=\"noopener noreferrer\">n\u00e1\u0161 n\u00e1zor<\/a>.<\/li>\n<li><a href=\"https:\/\/evertonfc.cz\/index.php\/2019\/06\/30\/silva-o-vlastnej-taktike\/\" target=\"_blank\" rel=\"noopener noreferrer\">Silva o vlastnej taktike<\/a><\/li>\n<li><a href=\"https:\/\/evertonfc.cz\/index.php\/2019\/12\/05\/manazer-marco-silva-byl-vyhozen\/\" target=\"_blank\" rel=\"noopener noreferrer\">Odchod<\/a><\/li>\n<\/ul>\n","protected":false},"excerpt":{"rendered":"<p>Cel\u00e9 meno: Marco Alexandre Saraiva da Silva Naroden\u00fd: 12. j\u00fala 1977 &#8211; Lisabon, Portugalsko V EFC od: 31. 05. 2018&hellip;<\/p>\n","protected":false},"author":1,"featured_media":2023,"parent":86,"menu_order":0,"comment_status":"closed","ping_status":"closed","template":"","meta":{"_eb_attr":"","_monsterinsights_skip_tracking":false,"_monsterinsights_sitenote_active":false,"_monsterinsights_sitenote_note":"","_monsterinsights_sitenote_category":0,"footnotes":""},"yoast_head":"<!-- This site is optimized with the Yoast SEO plugin v23.4 - https:\/\/yoast.com\/wordpress\/plugins\/seo\/ -->\n<title>Marco Silva - Official Czech &amp; Slovak Everton Supporters&#039; Club<\/title>\n<meta name=\"description\" content=\"Profil a p\u00f4sobenie b\u00fdval\u00e9ho portugalsk\u00e9ho mana\u017e\u00e9ra v anglickom Everton FC. \/ Profile of former portuguese Everton FC manager Marco Silva.\" \/>\n<meta name=\"robots\" content=\"index, follow, max-snippet:-1, max-image-preview:large, max-video-preview:-1\" \/>\n<link rel=\"canonical\" href=\"https:\/\/evertonfc.cz\/index.php\/manazeri\/marco-silva\/\" \/>\n<meta property=\"og:locale\" content=\"cs_CZ\" \/>\n<meta property=\"og:type\" content=\"article\" \/>\n<meta property=\"og:title\" content=\"Marco Silva - Official Czech &amp; Slovak Everton Supporters&#039; Club\" \/>\n<meta property=\"og:description\" content=\"Profil a p\u00f4sobenie b\u00fdval\u00e9ho portugalsk\u00e9ho mana\u017e\u00e9ra v anglickom Everton FC. \/ Profile of former portuguese Everton FC manager Marco Silva.\" \/>\n<meta property=\"og:url\" content=\"https:\/\/evertonfc.cz\/index.php\/manazeri\/marco-silva\/\" \/>\n<meta property=\"og:site_name\" content=\"Official Czech &amp; Slovak Everton Supporters&#039; Club\" \/>\n<meta property=\"article:publisher\" content=\"https:\/\/www.facebook.com\/everton.fans.cz.sk\" \/>\n<meta property=\"article:modified_time\" content=\"2021-07-07T06:14:05+00:00\" \/>\n<meta property=\"og:image\" content=\"https:\/\/evertonfc.cz\/wp-content\/uploads\/2019\/01\/silva_1_6_2018.jpg\" \/>\n\t<meta property=\"og:image:width\" content=\"720\" \/>\n\t<meta property=\"og:image:height\" content=\"405\" \/>\n\t<meta property=\"og:image:type\" content=\"image\/jpeg\" \/>\n<meta name=\"twitter:card\" content=\"summary_large_image\" \/>\n<meta name=\"twitter:label1\" content=\"Odhadovan\u00e1 doba \u010dten\u00ed\" \/>\n\t<meta name=\"twitter:data1\" content=\"5 minut\" \/>\n<script type=\"application\/ld+json\" class=\"yoast-schema-graph\">{\"@context\":\"https:\/\/schema.org\",\"@graph\":[{\"@type\":\"WebPage\",\"@id\":\"https:\/\/evertonfc.cz\/index.php\/manazeri\/marco-silva\/\",\"url\":\"https:\/\/evertonfc.cz\/index.php\/manazeri\/marco-silva\/\",\"name\":\"Marco Silva - Official Czech &amp; Slovak Everton Supporters&#039; Club\",\"isPartOf\":{\"@id\":\"https:\/\/evertonfc.cz\/#website\"},\"primaryImageOfPage\":{\"@id\":\"https:\/\/evertonfc.cz\/index.php\/manazeri\/marco-silva\/#primaryimage\"},\"image\":{\"@id\":\"https:\/\/evertonfc.cz\/index.php\/manazeri\/marco-silva\/#primaryimage\"},\"thumbnailUrl\":\"https:\/\/evertonfc.cz\/wp-content\/uploads\/2019\/01\/silva_1_6_2018.jpg\",\"datePublished\":\"2020-02-20T17:10:47+00:00\",\"dateModified\":\"2021-07-07T06:14:05+00:00\",\"description\":\"Profil a p\u00f4sobenie b\u00fdval\u00e9ho portugalsk\u00e9ho mana\u017e\u00e9ra v anglickom Everton FC. \/ Profile of former portuguese Everton FC manager Marco Silva.\",\"breadcrumb\":{\"@id\":\"https:\/\/evertonfc.cz\/index.php\/manazeri\/marco-silva\/#breadcrumb\"},\"inLanguage\":\"cs\",\"potentialAction\":[{\"@type\":\"ReadAction\",\"target\":[\"https:\/\/evertonfc.cz\/index.php\/manazeri\/marco-silva\/\"]}]},{\"@type\":\"ImageObject\",\"inLanguage\":\"cs\",\"@id\":\"https:\/\/evertonfc.cz\/index.php\/manazeri\/marco-silva\/#primaryimage\",\"url\":\"https:\/\/evertonfc.cz\/wp-content\/uploads\/2019\/01\/silva_1_6_2018.jpg\",\"contentUrl\":\"https:\/\/evertonfc.cz\/wp-content\/uploads\/2019\/01\/silva_1_6_2018.jpg\",\"width\":720,\"height\":405},{\"@type\":\"BreadcrumbList\",\"@id\":\"https:\/\/evertonfc.cz\/index.php\/manazeri\/marco-silva\/#breadcrumb\",\"itemListElement\":[{\"@type\":\"ListItem\",\"position\":1,\"name\":\"Home\",\"item\":\"https:\/\/evertonfc.cz\/\"},{\"@type\":\"ListItem\",\"position\":2,\"name\":\"Mana\u017ee\u0159i\",\"item\":\"https:\/\/evertonfc.cz\/index.php\/manazeri\/\"},{\"@type\":\"ListItem\",\"position\":3,\"name\":\"Marco Silva\"}]},{\"@type\":\"WebSite\",\"@id\":\"https:\/\/evertonfc.cz\/#website\",\"url\":\"https:\/\/evertonfc.cz\/\",\"name\":\"Official Czech &amp; Slovak Everton Supporters&#039; Club\",\"description\":\"\",\"publisher\":{\"@id\":\"https:\/\/evertonfc.cz\/#organization\"},\"potentialAction\":[{\"@type\":\"SearchAction\",\"target\":{\"@type\":\"EntryPoint\",\"urlTemplate\":\"https:\/\/evertonfc.cz\/?s={search_term_string}\"},\"query-input\":{\"@type\":\"PropertyValueSpecification\",\"valueRequired\":true,\"valueName\":\"search_term_string\"}}],\"inLanguage\":\"cs\"},{\"@type\":\"Organization\",\"@id\":\"https:\/\/evertonfc.cz\/#organization\",\"name\":\"Official Czech & Slovak Everton Supporters' Club\",\"url\":\"https:\/\/evertonfc.cz\/\",\"logo\":{\"@type\":\"ImageObject\",\"inLanguage\":\"cs\",\"@id\":\"https:\/\/evertonfc.cz\/#\/schema\/logo\/image\/\",\"url\":\"https:\/\/evertonfc.cz\/wp-content\/uploads\/2019\/05\/logo.png\",\"contentUrl\":\"https:\/\/evertonfc.cz\/wp-content\/uploads\/2019\/05\/logo.png\",\"width\":112,\"height\":112,\"caption\":\"Official Czech & Slovak Everton Supporters' Club\"},\"image\":{\"@id\":\"https:\/\/evertonfc.cz\/#\/schema\/logo\/image\/\"},\"sameAs\":[\"https:\/\/www.facebook.com\/everton.fans.cz.sk\"]}]}<\/script>\n<!-- \/ Yoast SEO plugin. -->","yoast_head_json":{"title":"Marco Silva - Official Czech &amp; Slovak Everton Supporters&#039; Club","description":"Profil a p\u00f4sobenie b\u00fdval\u00e9ho portugalsk\u00e9ho mana\u017e\u00e9ra v anglickom Everton FC. \/ Profile of former portuguese Everton FC manager Marco Silva.","robots":{"index":"index","follow":"follow","max-snippet":"max-snippet:-1","max-image-preview":"max-image-preview:large","max-video-preview":"max-video-preview:-1"},"canonical":"https:\/\/evertonfc.cz\/index.php\/manazeri\/marco-silva\/","og_locale":"cs_CZ","og_type":"article","og_title":"Marco Silva - Official Czech &amp; Slovak Everton Supporters&#039; Club","og_description":"Profil a p\u00f4sobenie b\u00fdval\u00e9ho portugalsk\u00e9ho mana\u017e\u00e9ra v anglickom Everton FC. \/ Profile of former portuguese Everton FC manager Marco Silva.","og_url":"https:\/\/evertonfc.cz\/index.php\/manazeri\/marco-silva\/","og_site_name":"Official Czech &amp; Slovak Everton Supporters&#039; Club","article_publisher":"https:\/\/www.facebook.com\/everton.fans.cz.sk","article_modified_time":"2021-07-07T06:14:05+00:00","og_image":[{"width":720,"height":405,"url":"https:\/\/evertonfc.cz\/wp-content\/uploads\/2019\/01\/silva_1_6_2018.jpg","type":"image\/jpeg"}],"twitter_card":"summary_large_image","twitter_misc":{"Odhadovan\u00e1 doba \u010dten\u00ed":"5 minut"},"schema":{"@context":"https:\/\/schema.org","@graph":[{"@type":"WebPage","@id":"https:\/\/evertonfc.cz\/index.php\/manazeri\/marco-silva\/","url":"https:\/\/evertonfc.cz\/index.php\/manazeri\/marco-silva\/","name":"Marco Silva - Official Czech &amp; Slovak Everton Supporters&#039; Club","isPartOf":{"@id":"https:\/\/evertonfc.cz\/#website"},"primaryImageOfPage":{"@id":"https:\/\/evertonfc.cz\/index.php\/manazeri\/marco-silva\/#primaryimage"},"image":{"@id":"https:\/\/evertonfc.cz\/index.php\/manazeri\/marco-silva\/#primaryimage"},"thumbnailUrl":"https:\/\/evertonfc.cz\/wp-content\/uploads\/2019\/01\/silva_1_6_2018.jpg","datePublished":"2020-02-20T17:10:47+00:00","dateModified":"2021-07-07T06:14:05+00:00","description":"Profil a p\u00f4sobenie b\u00fdval\u00e9ho portugalsk\u00e9ho mana\u017e\u00e9ra v anglickom Everton FC. \/ Profile of former portuguese Everton FC manager Marco Silva.","breadcrumb":{"@id":"https:\/\/evertonfc.cz\/index.php\/manazeri\/marco-silva\/#breadcrumb"},"inLanguage":"cs","potentialAction":[{"@type":"ReadAction","target":["https:\/\/evertonfc.cz\/index.php\/manazeri\/marco-silva\/"]}]},{"@type":"ImageObject","inLanguage":"cs","@id":"https:\/\/evertonfc.cz\/index.php\/manazeri\/marco-silva\/#primaryimage","url":"https:\/\/evertonfc.cz\/wp-content\/uploads\/2019\/01\/silva_1_6_2018.jpg","contentUrl":"https:\/\/evertonfc.cz\/wp-content\/uploads\/2019\/01\/silva_1_6_2018.jpg","width":720,"height":405},{"@type":"BreadcrumbList","@id":"https:\/\/evertonfc.cz\/index.php\/manazeri\/marco-silva\/#breadcrumb","itemListElement":[{"@type":"ListItem","position":1,"name":"Home","item":"https:\/\/evertonfc.cz\/"},{"@type":"ListItem","position":2,"name":"Mana\u017ee\u0159i","item":"https:\/\/evertonfc.cz\/index.php\/manazeri\/"},{"@type":"ListItem","position":3,"name":"Marco Silva"}]},{"@type":"WebSite","@id":"https:\/\/evertonfc.cz\/#website","url":"https:\/\/evertonfc.cz\/","name":"Official Czech &amp; Slovak Everton Supporters&#039; Club","description":"","publisher":{"@id":"https:\/\/evertonfc.cz\/#organization"},"potentialAction":[{"@type":"SearchAction","target":{"@type":"EntryPoint","urlTemplate":"https:\/\/evertonfc.cz\/?s={search_term_string}"},"query-input":{"@type":"PropertyValueSpecification","valueRequired":true,"valueName":"search_term_string"}}],"inLanguage":"cs"},{"@type":"Organization","@id":"https:\/\/evertonfc.cz\/#organization","name":"Official Czech & Slovak Everton Supporters' Club","url":"https:\/\/evertonfc.cz\/","logo":{"@type":"ImageObject","inLanguage":"cs","@id":"https:\/\/evertonfc.cz\/#\/schema\/logo\/image\/","url":"https:\/\/evertonfc.cz\/wp-content\/uploads\/2019\/05\/logo.png","contentUrl":"https:\/\/evertonfc.cz\/wp-content\/uploads\/2019\/05\/logo.png","width":112,"height":112,"caption":"Official Czech & Slovak Everton Supporters' Club"},"image":{"@id":"https:\/\/evertonfc.cz\/#\/schema\/logo\/image\/"},"sameAs":["https:\/\/www.facebook.com\/everton.fans.cz.sk"]}]}},"_links":{"self":[{"href":"https:\/\/evertonfc.cz\/index.php\/wp-json\/wp\/v2\/pages\/10329"}],"collection":[{"href":"https:\/\/evertonfc.cz\/index.php\/wp-json\/wp\/v2\/pages"}],"about":[{"href":"https:\/\/evertonfc.cz\/index.php\/wp-json\/wp\/v2\/types\/page"}],"author":[{"embeddable":true,"href":"https:\/\/evertonfc.cz\/index.php\/wp-json\/wp\/v2\/users\/1"}],"replies":[{"embeddable":true,"href":"https:\/\/evertonfc.cz\/index.php\/wp-json\/wp\/v2\/comments?post=10329"}],"version-history":[{"count":4,"href":"https:\/\/evertonfc.cz\/index.php\/wp-json\/wp\/v2\/pages\/10329\/revisions"}],"predecessor-version":[{"id":15719,"href":"https:\/\/evertonfc.cz\/index.php\/wp-json\/wp\/v2\/pages\/10329\/revisions\/15719"}],"up":[{"embeddable":true,"href":"https:\/\/evertonfc.cz\/index.php\/wp-json\/wp\/v2\/pages\/86"}],"wp:featuredmedia":[{"embeddable":true,"href":"https:\/\/evertonfc.cz\/index.php\/wp-json\/wp\/v2\/media\/2023"}],"wp:attachment":[{"href":"https:\/\/evertonfc.cz\/index.php\/wp-json\/wp\/v2\/media?parent=10329"}],"curies":[{"name":"wp","href":"https:\/\/api.w.org\/{rel}","templated":true}]}}