{"id":1070,"date":"2019-01-06T17:55:53","date_gmt":"2019-01-06T16:55:53","guid":{"rendered":"http:\/\/evertonfc.cz\/?page_id=1070"},"modified":"2019-01-24T19:24:52","modified_gmt":"2019-01-24T18:24:52","slug":"sylvain-distin","status":"publish","type":"page","link":"https:\/\/evertonfc.cz\/index.php\/soupiska\/sylvain-distin\/","title":{"rendered":"Sylvain Distin"},"content":{"rendered":"<p><strong><img loading=\"lazy\" decoding=\"async\" style=\"float: right; margin-left: 10px; margin-right: 10px;\" src=\"http:\/\/evertonfc.cz\/wp-content\/uploads\/2019\/01\/distin.jpg\" alt=\"\" width=\"80\" height=\"83\" \/>Narozen:<\/strong>\u00a016. 12. 1977, Bagnolet, Francie<br \/>\n<strong>V\u00fd\u0161ka:<\/strong>\u00a0193 cm<br \/>\n<strong>V\u00e1ha:<\/strong>\u00a088 kg<br \/>\n<strong>Post:<\/strong>\u00a0Obr\u00e1nce<br \/>\n<strong>V EFC od:<\/strong>\u00a028. 08. 2009<br \/>\n<strong>Do:<\/strong>\u00a010. 06. 2015<\/p>\n<hr \/>\n<p>Sylvain Distin se narodil 16. prosince 1977 ve francouzsk\u00e9m m\u011bst\u011b Bangolet, kter\u00e9 le\u017e\u00ed ve v\u00fdchodn\u00ed \u010d\u00e1sti metropolitn\u00ed oblasti Pa\u0159\u00ed\u017e. Svoji kari\u00e9ru fotbalisty za\u010dal v neligov\u00e9m Joue-les-Tours, postupn\u011b se ale p\u0159es Tours dostal v roce 1999 a\u017e do Gueugnonu, jen\u017e hr\u00e1l Ligue 2. Nad\u011bjn\u00fd st\u0159edn\u00ed \u010di p\u0159\u00edpadn\u011b lev\u00fd obr\u00e1nce, se tak do\u010dkal sv\u00e9ho prvn\u00edho profesion\u00e1ln\u00edho kontraktu. A nejen to, s Gueugnonem vyhr\u00e1l v roce 2000 Coupe de la Ligue, co\u017e je takov\u00e1 francouzsk\u00e1 obdoba Carling Cupu.<\/p>\n<p>Spolehliv\u00fdch v\u00fdkon\u016f Distina se v\u0161imnul prvoligov\u00fd Paris Saint-Germain, do kter\u00e9ho jen po roce p\u016fsoben\u00ed v Gueugnonu p\u0159estoupil. V PSG v\u0161ak pobyl op\u011bt jen jednu sez\u00f3nu, b\u011bhem ro\u010dn\u00edku 2001\/02 toti\u017e hostoval v anglick\u00e9m Newcastlu United. Za straky stihnul odehr\u00e1t 35 z\u00e1pas\u016f. A proto\u017ee na sebe sv\u00fdmi v\u00fdkony op\u011bt upoutal, vyhl\u00e9dl si ho dal\u0161\u00ed klub. V l\u00e9t\u011b 2002 Distin p\u0159estoupil do Manchesteru City za \u00a34 miliony, nikdy p\u0159edt\u00edm nedali Citizens za obr\u00e1nce v\u00edce p\u011bnez. A v ManCity se Francouzovi da\u0159ilo, ji\u017e ve sv\u00e9 prvn\u00ed sez\u00f3n\u011b byl vyhl\u00e1\u0161en klubov\u00fdm hr\u00e1\u010dem roku a kdy\u017e o rok pozd\u011bji ode\u0161el z t\u00fdmu kapit\u00e1n Ali Benarbia, padla volba na nov\u00e9ho \u0161\u00e9fa kabiny pr\u00e1v\u011b na Distina.<\/p>\n<p>City opustil na konci sv\u00e9ho kontraktu v kv\u011btnu 2007 s od\u016fvodn\u011bn\u00edm hled\u00e1n\u00ed nov\u00e9 v\u00fdzvy. Celkem nastoupil za Manchester City v 207 z\u00e1pasech, v nich\u017e se mu poda\u0159ilo sk\u00f3rovat \u0161estkr\u00e1t. Dal\u0161\u00ed p\u016fsobi\u0161t\u011bm Distina se stal Portsmouth, kde v l\u00e9t\u011b 2007 p\u0159i\u0161el jako voln\u00fd hr\u00e1\u010d a podepsal s Pompey t\u0159\u00edletou smlouvu. A hned ve sv\u00e9 premi\u00e9rov\u00e9 sez\u00f3n\u011b v klubu z jihu Anglie se radoval z velk\u00e9 trofeje, Portsmouthu se pod veden\u00edm Harryho Redknappa poda\u0159ilo p\u0159ekvapiv\u011b vyhr\u00e1t presti\u017en\u00ed FA Cupu. To l\u00e9to opustil Pompey kapit\u00e1n Sol Campbell, kapit\u00e1nskou p\u00e1sku po n\u011bm p\u0159ebral Sylvain Distin. Moc dlouho si ji ale neu\u017eil, jeliko\u017e na konci srpna ho za nezve\u0159ejn\u011bnou \u010d\u00e1stku koupil Everton. Mimo Evertonu se o Distina zauj\u00edmal tak\u00e9 Martin O\u00b4Neill z Aston Villy.<\/p>\n<p>S premi\u00e9rovou sez\u00f3nu na Goodison Parku mohl b\u00fdt nakonec Distin spokojen, po slab\u0161\u00edm za\u010d\u00e1tku za\u010dal p\u0159edv\u00e1d\u011bt solidn\u00ed v\u00fdkony. Na h\u0159i\u0161ti si u\u017eil dost \u010dasu, 38 z\u00e1pas\u016f vypov\u00edd\u00e1 za v\u0161e. A Kdo by to byl \u0159ekl, v dal\u0161\u00ed sez\u00f3n\u011b se Francouz stal jedn\u00edm z nejlep\u0161\u00edch hr\u00e1\u010d\u016f, co\u017e p\u0159ekvapuje zejm\u00e9na po n\u011bkolika nejist\u00fdch v\u00fdkonech z \u00favodn\u00edch kol. Na sv\u016fj v\u011bk se Distin chlub\u00ed neuv\u011b\u0159itelnou fyzi\u010dkou a hlavn\u011b rychlost\u00ed, kter\u00e1 mu pom\u00e1h\u00e1 v\u010das se vracet i \u0161ikovn\u011b rozehr\u00e1vat.<\/p>\n<p>Tento stoper, kter\u00fd ale v p\u0159\u00edpad\u011b nouze zasko\u010d\u00ed tak\u00e9 na lev\u00e9m obr\u00e1nci, skute\u010dn\u011b zraje s v\u011bkem. V semifin\u00e1le FA Cupu 2012 \u0161patnou malou dom\u016f daroval Su\u00e1rezovi z LFC g\u00f3l, z hrubice se ale oklepal a dal\u0161\u00ed m\u011bs\u00edce pat\u0159il k opor\u00e1m. Na sklonku fotbalov\u00e9 kari\u00e9ry se t\u011b\u0161il pravideln\u00e9mu hern\u00edmu vyt\u00ed\u017een\u00ed oko\u0159en\u011bn\u00e9 o velmi stabiln\u00ed v\u00fdkony.<\/p>\n<p>Zlom nastal v sez\u00f3n\u011b 2014\/15. Po nevyda\u0159en\u00e9m utk\u00e1n\u00ed Ligov\u00e9ho poh\u00e1ru se Swansea v z\u00e1\u0159\u00ed se \u00fadajn\u011b nepohodl s Robertem Mart\u00ednezem, kter\u00fd ho poslal na n\u011bkolikadenn\u00ed dovolenou do Francie. Do t\u00fdmu se pozd\u011bji vr\u00e1til, ov\u0161em v zim\u011b po zran\u011bn\u00ed a zru\u0161en\u00e9ho odchodu do West Hamu po z\u00e1sahu mana\u017eera, se p\u0159estal objevovat v z\u00e1pasov\u00fdch nominac\u00edch. Podle samotn\u00e9ho hr\u00e1\u010de v\u00e1zla komunikace, jist\u00fd byl jen jeho bl\u00ed\u017e\u00edc\u00ed se konec v klubu. Aspo\u0148 v posledn\u00edm kole proti Tottenhamu Distin vyb\u011bhl na z\u00e1v\u011bre\u010dn\u00e9 minuty, aby se s n\u00edm rozlou\u010dili fanou\u0161ci po \u0161esti letech. Pot\u00e9 si ji\u017e sbalil sv\u00e9 v\u011bci a Evertonu opustil jako voln\u00fd hr\u00e1\u010d. P\u0159esto\u017ee se b\u011bhem let nevyvaroval n\u011bkolika defenzivn\u00edm hrubk\u00e1m, stal se symbolem stability a profesionality.<\/p>\n","protected":false},"excerpt":{"rendered":"<p>Narozen:\u00a016. 12. 1977, Bagnolet, Francie V\u00fd\u0161ka:\u00a0193 cm V\u00e1ha:\u00a088 kg Post:\u00a0Obr\u00e1nce V EFC od:\u00a028. 08. 2009 Do:\u00a010. 06. 2015 Sylvain Distin&hellip;<\/p>\n","protected":false},"author":6,"featured_media":0,"parent":70,"menu_order":0,"comment_status":"closed","ping_status":"closed","template":"","meta":{"_eb_attr":"","_monsterinsights_skip_tracking":false,"_monsterinsights_sitenote_active":false,"_monsterinsights_sitenote_note":"","_monsterinsights_sitenote_category":0,"footnotes":""},"yoast_head":"<!-- This site is optimized with the Yoast SEO plugin v23.4 - https:\/\/yoast.com\/wordpress\/plugins\/seo\/ -->\n<title>Sylvain Distin - Official Czech &amp; Slovak Everton Supporters&#039; Club<\/title>\n<meta name=\"robots\" content=\"index, follow, max-snippet:-1, max-image-preview:large, max-video-preview:-1\" \/>\n<link rel=\"canonical\" href=\"https:\/\/evertonfc.cz\/index.php\/soupiska\/sylvain-distin\/\" \/>\n<meta property=\"og:locale\" content=\"cs_CZ\" \/>\n<meta property=\"og:type\" content=\"article\" \/>\n<meta property=\"og:title\" content=\"Sylvain Distin - Official Czech &amp; Slovak Everton Supporters&#039; Club\" \/>\n<meta property=\"og:description\" content=\"Narozen:\u00a016. 12. 1977, Bagnolet, Francie V\u00fd\u0161ka:\u00a0193 cm V\u00e1ha:\u00a088 kg Post:\u00a0Obr\u00e1nce V EFC od:\u00a028. 08. 2009 Do:\u00a010. 06. 2015 Sylvain Distin&hellip;\" \/>\n<meta property=\"og:url\" content=\"https:\/\/evertonfc.cz\/index.php\/soupiska\/sylvain-distin\/\" \/>\n<meta property=\"og:site_name\" content=\"Official Czech &amp; Slovak Everton Supporters&#039; Club\" \/>\n<meta property=\"article:publisher\" content=\"https:\/\/www.facebook.com\/everton.fans.cz.sk\" \/>\n<meta property=\"article:modified_time\" content=\"2019-01-24T18:24:52+00:00\" \/>\n<meta property=\"og:image\" content=\"http:\/\/evertonfc.cz\/wp-content\/uploads\/2019\/01\/distin.jpg\" \/>\n<meta name=\"twitter:card\" content=\"summary_large_image\" \/>\n<meta name=\"twitter:label1\" content=\"Odhadovan\u00e1 doba \u010dten\u00ed\" \/>\n\t<meta name=\"twitter:data1\" content=\"4 minuty\" \/>\n<script type=\"application\/ld+json\" class=\"yoast-schema-graph\">{\"@context\":\"https:\/\/schema.org\",\"@graph\":[{\"@type\":\"WebPage\",\"@id\":\"https:\/\/evertonfc.cz\/index.php\/soupiska\/sylvain-distin\/\",\"url\":\"https:\/\/evertonfc.cz\/index.php\/soupiska\/sylvain-distin\/\",\"name\":\"Sylvain Distin - Official Czech &amp; Slovak Everton Supporters&#039; Club\",\"isPartOf\":{\"@id\":\"https:\/\/evertonfc.cz\/#website\"},\"primaryImageOfPage\":{\"@id\":\"https:\/\/evertonfc.cz\/index.php\/soupiska\/sylvain-distin\/#primaryimage\"},\"image\":{\"@id\":\"https:\/\/evertonfc.cz\/index.php\/soupiska\/sylvain-distin\/#primaryimage\"},\"thumbnailUrl\":\"http:\/\/evertonfc.cz\/wp-content\/uploads\/2019\/01\/distin.jpg\",\"datePublished\":\"2019-01-06T16:55:53+00:00\",\"dateModified\":\"2019-01-24T18:24:52+00:00\",\"breadcrumb\":{\"@id\":\"https:\/\/evertonfc.cz\/index.php\/soupiska\/sylvain-distin\/#breadcrumb\"},\"inLanguage\":\"cs\",\"potentialAction\":[{\"@type\":\"ReadAction\",\"target\":[\"https:\/\/evertonfc.cz\/index.php\/soupiska\/sylvain-distin\/\"]}]},{\"@type\":\"ImageObject\",\"inLanguage\":\"cs\",\"@id\":\"https:\/\/evertonfc.cz\/index.php\/soupiska\/sylvain-distin\/#primaryimage\",\"url\":\"http:\/\/evertonfc.cz\/wp-content\/uploads\/2019\/01\/distin.jpg\",\"contentUrl\":\"http:\/\/evertonfc.cz\/wp-content\/uploads\/2019\/01\/distin.jpg\"},{\"@type\":\"BreadcrumbList\",\"@id\":\"https:\/\/evertonfc.cz\/index.php\/soupiska\/sylvain-distin\/#breadcrumb\",\"itemListElement\":[{\"@type\":\"ListItem\",\"position\":1,\"name\":\"Home\",\"item\":\"https:\/\/evertonfc.cz\/\"},{\"@type\":\"ListItem\",\"position\":2,\"name\":\"Soupiska\",\"item\":\"https:\/\/evertonfc.cz\/index.php\/soupiska\/\"},{\"@type\":\"ListItem\",\"position\":3,\"name\":\"Sylvain Distin\"}]},{\"@type\":\"WebSite\",\"@id\":\"https:\/\/evertonfc.cz\/#website\",\"url\":\"https:\/\/evertonfc.cz\/\",\"name\":\"Official Czech &amp; Slovak Everton Supporters&#039; Club\",\"description\":\"\",\"publisher\":{\"@id\":\"https:\/\/evertonfc.cz\/#organization\"},\"potentialAction\":[{\"@type\":\"SearchAction\",\"target\":{\"@type\":\"EntryPoint\",\"urlTemplate\":\"https:\/\/evertonfc.cz\/?s={search_term_string}\"},\"query-input\":{\"@type\":\"PropertyValueSpecification\",\"valueRequired\":true,\"valueName\":\"search_term_string\"}}],\"inLanguage\":\"cs\"},{\"@type\":\"Organization\",\"@id\":\"https:\/\/evertonfc.cz\/#organization\",\"name\":\"Official Czech & Slovak Everton Supporters' Club\",\"url\":\"https:\/\/evertonfc.cz\/\",\"logo\":{\"@type\":\"ImageObject\",\"inLanguage\":\"cs\",\"@id\":\"https:\/\/evertonfc.cz\/#\/schema\/logo\/image\/\",\"url\":\"https:\/\/evertonfc.cz\/wp-content\/uploads\/2019\/05\/logo.png\",\"contentUrl\":\"https:\/\/evertonfc.cz\/wp-content\/uploads\/2019\/05\/logo.png\",\"width\":112,\"height\":112,\"caption\":\"Official Czech & Slovak Everton Supporters' Club\"},\"image\":{\"@id\":\"https:\/\/evertonfc.cz\/#\/schema\/logo\/image\/\"},\"sameAs\":[\"https:\/\/www.facebook.com\/everton.fans.cz.sk\"]}]}<\/script>\n<!-- \/ Yoast SEO plugin. -->","yoast_head_json":{"title":"Sylvain Distin - Official Czech &amp; Slovak Everton Supporters&#039; Club","robots":{"index":"index","follow":"follow","max-snippet":"max-snippet:-1","max-image-preview":"max-image-preview:large","max-video-preview":"max-video-preview:-1"},"canonical":"https:\/\/evertonfc.cz\/index.php\/soupiska\/sylvain-distin\/","og_locale":"cs_CZ","og_type":"article","og_title":"Sylvain Distin - Official Czech &amp; Slovak Everton Supporters&#039; Club","og_description":"Narozen:\u00a016. 12. 1977, Bagnolet, Francie V\u00fd\u0161ka:\u00a0193 cm V\u00e1ha:\u00a088 kg Post:\u00a0Obr\u00e1nce V EFC od:\u00a028. 08. 2009 Do:\u00a010. 06. 2015 Sylvain Distin&hellip;","og_url":"https:\/\/evertonfc.cz\/index.php\/soupiska\/sylvain-distin\/","og_site_name":"Official Czech &amp; Slovak Everton Supporters&#039; Club","article_publisher":"https:\/\/www.facebook.com\/everton.fans.cz.sk","article_modified_time":"2019-01-24T18:24:52+00:00","og_image":[{"url":"http:\/\/evertonfc.cz\/wp-content\/uploads\/2019\/01\/distin.jpg"}],"twitter_card":"summary_large_image","twitter_misc":{"Odhadovan\u00e1 doba \u010dten\u00ed":"4 minuty"},"schema":{"@context":"https:\/\/schema.org","@graph":[{"@type":"WebPage","@id":"https:\/\/evertonfc.cz\/index.php\/soupiska\/sylvain-distin\/","url":"https:\/\/evertonfc.cz\/index.php\/soupiska\/sylvain-distin\/","name":"Sylvain Distin - Official Czech &amp; Slovak Everton Supporters&#039; Club","isPartOf":{"@id":"https:\/\/evertonfc.cz\/#website"},"primaryImageOfPage":{"@id":"https:\/\/evertonfc.cz\/index.php\/soupiska\/sylvain-distin\/#primaryimage"},"image":{"@id":"https:\/\/evertonfc.cz\/index.php\/soupiska\/sylvain-distin\/#primaryimage"},"thumbnailUrl":"http:\/\/evertonfc.cz\/wp-content\/uploads\/2019\/01\/distin.jpg","datePublished":"2019-01-06T16:55:53+00:00","dateModified":"2019-01-24T18:24:52+00:00","breadcrumb":{"@id":"https:\/\/evertonfc.cz\/index.php\/soupiska\/sylvain-distin\/#breadcrumb"},"inLanguage":"cs","potentialAction":[{"@type":"ReadAction","target":["https:\/\/evertonfc.cz\/index.php\/soupiska\/sylvain-distin\/"]}]},{"@type":"ImageObject","inLanguage":"cs","@id":"https:\/\/evertonfc.cz\/index.php\/soupiska\/sylvain-distin\/#primaryimage","url":"http:\/\/evertonfc.cz\/wp-content\/uploads\/2019\/01\/distin.jpg","contentUrl":"http:\/\/evertonfc.cz\/wp-content\/uploads\/2019\/01\/distin.jpg"},{"@type":"BreadcrumbList","@id":"https:\/\/evertonfc.cz\/index.php\/soupiska\/sylvain-distin\/#breadcrumb","itemListElement":[{"@type":"ListItem","position":1,"name":"Home","item":"https:\/\/evertonfc.cz\/"},{"@type":"ListItem","position":2,"name":"Soupiska","item":"https:\/\/evertonfc.cz\/index.php\/soupiska\/"},{"@type":"ListItem","position":3,"name":"Sylvain Distin"}]},{"@type":"WebSite","@id":"https:\/\/evertonfc.cz\/#website","url":"https:\/\/evertonfc.cz\/","name":"Official Czech &amp; Slovak Everton Supporters&#039; Club","description":"","publisher":{"@id":"https:\/\/evertonfc.cz\/#organization"},"potentialAction":[{"@type":"SearchAction","target":{"@type":"EntryPoint","urlTemplate":"https:\/\/evertonfc.cz\/?s={search_term_string}"},"query-input":{"@type":"PropertyValueSpecification","valueRequired":true,"valueName":"search_term_string"}}],"inLanguage":"cs"},{"@type":"Organization","@id":"https:\/\/evertonfc.cz\/#organization","name":"Official Czech & Slovak Everton Supporters' Club","url":"https:\/\/evertonfc.cz\/","logo":{"@type":"ImageObject","inLanguage":"cs","@id":"https:\/\/evertonfc.cz\/#\/schema\/logo\/image\/","url":"https:\/\/evertonfc.cz\/wp-content\/uploads\/2019\/05\/logo.png","contentUrl":"https:\/\/evertonfc.cz\/wp-content\/uploads\/2019\/05\/logo.png","width":112,"height":112,"caption":"Official Czech & Slovak Everton Supporters' Club"},"image":{"@id":"https:\/\/evertonfc.cz\/#\/schema\/logo\/image\/"},"sameAs":["https:\/\/www.facebook.com\/everton.fans.cz.sk"]}]}},"_links":{"self":[{"href":"https:\/\/evertonfc.cz\/index.php\/wp-json\/wp\/v2\/pages\/1070"}],"collection":[{"href":"https:\/\/evertonfc.cz\/index.php\/wp-json\/wp\/v2\/pages"}],"about":[{"href":"https:\/\/evertonfc.cz\/index.php\/wp-json\/wp\/v2\/types\/page"}],"author":[{"embeddable":true,"href":"https:\/\/evertonfc.cz\/index.php\/wp-json\/wp\/v2\/users\/6"}],"replies":[{"embeddable":true,"href":"https:\/\/evertonfc.cz\/index.php\/wp-json\/wp\/v2\/comments?post=1070"}],"version-history":[{"count":2,"href":"https:\/\/evertonfc.cz\/index.php\/wp-json\/wp\/v2\/pages\/1070\/revisions"}],"predecessor-version":[{"id":1780,"href":"https:\/\/evertonfc.cz\/index.php\/wp-json\/wp\/v2\/pages\/1070\/revisions\/1780"}],"up":[{"embeddable":true,"href":"https:\/\/evertonfc.cz\/index.php\/wp-json\/wp\/v2\/pages\/70"}],"wp:attachment":[{"href":"https:\/\/evertonfc.cz\/index.php\/wp-json\/wp\/v2\/media?parent=1070"}],"curies":[{"name":"wp","href":"https:\/\/api.w.org\/{rel}","templated":true}]}}