{"id":1082,"date":"2019-01-06T19:17:24","date_gmt":"2019-01-06T18:17:24","guid":{"rendered":"http:\/\/evertonfc.cz\/?page_id=1082"},"modified":"2019-01-24T18:47:34","modified_gmt":"2019-01-24T17:47:34","slug":"john-heitinga","status":"publish","type":"page","link":"https:\/\/evertonfc.cz\/index.php\/soupiska\/john-heitinga\/","title":{"rendered":"John Gijsbert Alan Heitinga"},"content":{"rendered":"<p><strong><img loading=\"lazy\" decoding=\"async\" style=\"float: right; margin-left: 10px; margin-right: 10px;\" src=\"http:\/\/evertonfc.cz\/wp-content\/uploads\/2019\/01\/heitinga.jpg\" alt=\"\" width=\"80\" height=\"83\" \/>Narozen:<\/strong>\u00a015. 11. 1983, Alphen aan den Rijn, Nizozemsko<br \/>\n<strong>V\u00fd\u0161ka:<\/strong>\u00a0180 cm<br \/>\n<strong>V\u00e1ha:<\/strong>\u00a072 kg<br \/>\n<strong>Post:<\/strong>\u00a0Obr\u00e1nce<br \/>\n<strong>V EFC od:<\/strong>\u00a001. 09. 2009<br \/>\n<strong>Do:<\/strong>\u00a031. 01. 2014<\/p>\n<hr \/>\n<p>Budouc\u00ed obr\u00e1nce Johnny se narodil 15. listopadu 1983 v jihonizozemsk\u00e9m m\u011bste\u010dku Alphen aan den Rijn nedaleko Utrechtu. Jeho prvn\u00ed fotbalov\u00e9 kr\u016f\u010dky vedly do provin\u010dn\u00edho ARC, to byly Johnovi \u010dty\u0159i roky. V roce 1990 vyc\u00edtili potenci\u00e1l mal\u00e9ho klu\u010diny skauti amsterdamsk\u00e9ho Ajaxu a Johnny se tak stal sou\u010d\u00e1st\u00ed vyhl\u00e1\u0161en\u00e9 ml\u00e1de\u017enick\u00e9 akademie nej\u00fasp\u011b\u0161n\u011bj\u0161\u00edho holandsk\u00e9ho celku. Po jeden\u00e1cti letech z Johna vyrostl nad\u011bjn\u00fd fotbalista a tak se v srpnu 2001 do\u010dkal premi\u00e9rov\u00e9ho z\u00e1pasu za A t\u00fdm. V t\u00e9 dob\u011b v Nizozemsku vyrostla v\u016fbec cel\u00e1 \u0159ada sv\u011btov\u00fdch fotbalist\u016f. Krom\u011b Johnnyho se Ajax tehdy mohl chlubit nap\u0159\u00edklad jm\u00e9ny jako Rafael van der Vaart, nebo Wesley Sneijder.<\/p>\n<p>Pod kou\u010dem Co Adriaansem Heitinga pravideln\u011b nastupoval, na \u010dem\u017e se nic nezm\u011bnilo ani pozd\u011bji, kdy st\u00e1l u kormidla Ajaxu Ronald Koeman. Jen\u017ee prvn\u00ed v\u00e1\u017en\u00e9 zran\u011bn\u00ed na sebe nenechalo dlouho \u010dekat. Pochrouman\u00e9 koleno jej vy\u0159adilo na \u0161est m\u011bs\u00edc\u016f ze hry. Po n\u00e1vratu si fotbalu ale moc neu\u017eil &#8211; hned po jednom z\u00e1pase se ozvaly dal\u0161\u00ed zdravotn\u00ed probl\u00e9my. Johnnyho druh\u00fd n\u00e1vrat se datuje ke startu sezony 2003\/04. Pot\u00e9 ji\u017e znovu nastupoval pravideln\u011b v\u011bt\u0161inou ve st\u0159edu obrany.<\/p>\n<p>V lo\u0148sk\u00e9m p\u0159estupov\u00e9m term\u00ednu si poprv\u00e9 vyzkou\u0161el zahrani\u010dn\u00ed anga\u017em\u00e1. Smlouvu podepsal s Atleticem Madrid. Na \u0161pan\u011blsk\u00fd fotbal se ale p\u0159\u00edli\u0161 nedok\u00e1zal adaptovat a n\u011bkolika kiksy si d\u016fv\u011bru tren\u00e9r\u016f rozhodn\u011b nez\u00edskal. I proto za \u0161pan\u011blsk\u00fd celek nastoupil jen v 32 z\u00e1pasech.<\/p>\n<p>Sta\u010dilo v\u0161ak m\u00e1lo a Heitinga m\u011bnit p\u016fsobi\u0161t\u011b nemusel. Everton se svoj\u00ed nab\u00eddkou p\u0159isp\u011bchal toti\u017e a\u017e 30. srpna, p\u0159i\u010dem\u017e se samotn\u00fdm hr\u00e1\u010dem se Moyes dohodl pouh\u00fdch n\u011bkolik des\u00edtek minut p\u0159ed koncem letn\u00edho p\u0159estupov\u00e9ho okna. Na \u00fa\u010det Atletica putovalo \u0161est milion\u016f liber, co\u017e se uk\u00e1zalo jako geni\u00e1ln\u00ed tah. Heitinga se toti\u017e okam\u017eit\u011b zabydlel v Evertonu, kdy\u017e bylo pot\u0159eba hr\u00e1l na stoperu nebo na defenzivn\u00edm z\u00e1lo\u017en\u00edkovi. V\u00fdborn\u00fdmi v\u00fdkony a komplimenty na Everton si hned z\u00edskal fanou\u0161ky a sv\u00fdm tvrd\u00fdm stylem hry trochu nechal vzpomenout (i d\u00edky sv\u00e9 vyz\u00e1\u017ei) na Carsleyho. Povedenou sez\u00f3nu Heitinga zakon\u010dil na MS 2010, kde v barv\u00e1ch Holandska skon\u010dil na druh\u00e9m m\u00edst\u011b.<\/p>\n<p>Zat\u00edmco ve sv\u00e9 prvn\u00ed sez\u00f3n\u011b na Goodison Parku Heitinga pat\u0159il k nejlep\u0161\u00edm hr\u00e1\u010d\u016f, ve druh\u00e9m ro\u010dn\u00edku kolikr\u00e1t p\u016fsobil jako bludn\u00fd Holan\u010fan. Na podzim hr\u00e1l v katastrof\u00e1ln\u00ed form\u011b, a\u010dkoliv je t\u0159eba \u0159\u00edci, \u017ee p\u016fvodn\u00edm povol\u00e1n\u00edm stoper hr\u00e1val \u010dast\u011bji v z\u00e1loze. Nem\u011bn\u00ed to v\u0161ak nic na tom, \u017ee v \u0159ad\u011b z\u00e1pas\u016f nep\u0159edvedl zhola nic a bez chuti se proch\u00e1zel po h\u0159i\u0161ti, a to je vzhledem k jeho postu \u010din odv\u00e1\u017en\u00fd. Alespo\u0148 prolomil svoji st\u0159eleckou sm\u016flu a poprv\u00e9 za Toffees sk\u00f3roval. V dom\u00e1c\u00edm utk\u00e1n\u00ed s Birminghamem se plac\u00edrkou kr\u00e1sn\u011b trefil do rohu branky.<\/p>\n<p>A po \u0161patn\u00e9m roce p\u0159i\u0161el obrat, n\u00e1sleduj\u00edc\u00ed sez\u00f3nu byl zvolen nejlep\u0161\u00edm klubov\u00fdm hr\u00e1\u010dem. Bohu\u017eel jeho v\u00fdkony jsou jak na houpa\u010dce, v sez\u00f3n\u011b 2012\/13 op\u011bt zklamal, do hry se p\u0159es Distina a Jagielku \u010dasto nedost\u00e1val, kdy\u017e ano, \u010dasto mimo svou obl\u00edbenou pozici stopera. I jako st\u0159edn\u00ed obr\u00e1nce ale p\u016fsobil nemotorn\u011b.<\/p>\n<p>S p\u0159\u00edchodem Roberta Mart\u00edneze se Heitingova situace nezlep\u0161ila, vysed\u00e1v\u00e1n\u00ed na lavi\u010dce n\u00e1hradn\u00edk\u016f se pro n\u011bj stalo rutinou, a tak u\u017e b\u011bhem podzimu se objevovaly zpr\u00e1vu o jeho odchodu. K tomu nakonec do\u0161lo a\u017e na Deadline Day v lednov\u00e9m p\u0159estupov\u00e9m okn\u011b, jako voln\u00fd hr\u00e1\u010d zam\u00ed\u0159il zdarma p\u016fl roku p\u0159ed vypr\u0161en\u00edm smlouvy do Fulhamu s c\u00edlem pravideln\u011b nastupovat a b\u00fdt nominov\u00e1n na Mistrovstv\u00ed sv\u011bta v Braz\u00edlii. Za \u010dty\u0159i a p\u016fl roku odehr\u00e1l v Evertonu t\u00e9m\u011b\u0159 150 z\u00e1pas\u016f s bilanc\u00ed p\u011bti vst\u0159elen\u00fdch branek.<\/p>\n","protected":false},"excerpt":{"rendered":"<p>Narozen:\u00a015. 11. 1983, Alphen aan den Rijn, Nizozemsko V\u00fd\u0161ka:\u00a0180 cm V\u00e1ha:\u00a072 kg Post:\u00a0Obr\u00e1nce V EFC od:\u00a001. 09. 2009 Do:\u00a031. 01.&hellip;<\/p>\n","protected":false},"author":6,"featured_media":0,"parent":70,"menu_order":0,"comment_status":"closed","ping_status":"closed","template":"","meta":{"_eb_attr":"","_monsterinsights_skip_tracking":false,"_monsterinsights_sitenote_active":false,"_monsterinsights_sitenote_note":"","_monsterinsights_sitenote_category":0,"footnotes":""},"yoast_head":"<!-- This site is optimized with the Yoast SEO plugin v23.4 - https:\/\/yoast.com\/wordpress\/plugins\/seo\/ -->\n<title>John Gijsbert Alan Heitinga - Official Czech &amp; Slovak Everton Supporters&#039; Club<\/title>\n<meta name=\"robots\" content=\"index, follow, max-snippet:-1, max-image-preview:large, max-video-preview:-1\" \/>\n<link rel=\"canonical\" href=\"https:\/\/evertonfc.cz\/index.php\/soupiska\/john-heitinga\/\" \/>\n<meta property=\"og:locale\" content=\"cs_CZ\" \/>\n<meta property=\"og:type\" content=\"article\" \/>\n<meta property=\"og:title\" content=\"John Gijsbert Alan Heitinga - Official Czech &amp; Slovak Everton Supporters&#039; Club\" \/>\n<meta property=\"og:description\" content=\"Narozen:\u00a015. 11. 1983, Alphen aan den Rijn, Nizozemsko V\u00fd\u0161ka:\u00a0180 cm V\u00e1ha:\u00a072 kg Post:\u00a0Obr\u00e1nce V EFC od:\u00a001. 09. 2009 Do:\u00a031. 01.&hellip;\" \/>\n<meta property=\"og:url\" content=\"https:\/\/evertonfc.cz\/index.php\/soupiska\/john-heitinga\/\" \/>\n<meta property=\"og:site_name\" content=\"Official Czech &amp; Slovak Everton Supporters&#039; Club\" \/>\n<meta property=\"article:publisher\" content=\"https:\/\/www.facebook.com\/everton.fans.cz.sk\" \/>\n<meta property=\"article:modified_time\" content=\"2019-01-24T17:47:34+00:00\" \/>\n<meta property=\"og:image\" content=\"http:\/\/evertonfc.cz\/wp-content\/uploads\/2019\/01\/heitinga.jpg\" \/>\n<meta name=\"twitter:card\" content=\"summary_large_image\" \/>\n<meta name=\"twitter:label1\" content=\"Odhadovan\u00e1 doba \u010dten\u00ed\" \/>\n\t<meta name=\"twitter:data1\" content=\"4 minuty\" \/>\n<script type=\"application\/ld+json\" class=\"yoast-schema-graph\">{\"@context\":\"https:\/\/schema.org\",\"@graph\":[{\"@type\":\"WebPage\",\"@id\":\"https:\/\/evertonfc.cz\/index.php\/soupiska\/john-heitinga\/\",\"url\":\"https:\/\/evertonfc.cz\/index.php\/soupiska\/john-heitinga\/\",\"name\":\"John Gijsbert Alan Heitinga - Official Czech &amp; Slovak Everton Supporters&#039; Club\",\"isPartOf\":{\"@id\":\"https:\/\/evertonfc.cz\/#website\"},\"primaryImageOfPage\":{\"@id\":\"https:\/\/evertonfc.cz\/index.php\/soupiska\/john-heitinga\/#primaryimage\"},\"image\":{\"@id\":\"https:\/\/evertonfc.cz\/index.php\/soupiska\/john-heitinga\/#primaryimage\"},\"thumbnailUrl\":\"http:\/\/evertonfc.cz\/wp-content\/uploads\/2019\/01\/heitinga.jpg\",\"datePublished\":\"2019-01-06T18:17:24+00:00\",\"dateModified\":\"2019-01-24T17:47:34+00:00\",\"breadcrumb\":{\"@id\":\"https:\/\/evertonfc.cz\/index.php\/soupiska\/john-heitinga\/#breadcrumb\"},\"inLanguage\":\"cs\",\"potentialAction\":[{\"@type\":\"ReadAction\",\"target\":[\"https:\/\/evertonfc.cz\/index.php\/soupiska\/john-heitinga\/\"]}]},{\"@type\":\"ImageObject\",\"inLanguage\":\"cs\",\"@id\":\"https:\/\/evertonfc.cz\/index.php\/soupiska\/john-heitinga\/#primaryimage\",\"url\":\"http:\/\/evertonfc.cz\/wp-content\/uploads\/2019\/01\/heitinga.jpg\",\"contentUrl\":\"http:\/\/evertonfc.cz\/wp-content\/uploads\/2019\/01\/heitinga.jpg\"},{\"@type\":\"BreadcrumbList\",\"@id\":\"https:\/\/evertonfc.cz\/index.php\/soupiska\/john-heitinga\/#breadcrumb\",\"itemListElement\":[{\"@type\":\"ListItem\",\"position\":1,\"name\":\"Home\",\"item\":\"https:\/\/evertonfc.cz\/\"},{\"@type\":\"ListItem\",\"position\":2,\"name\":\"Soupiska\",\"item\":\"https:\/\/evertonfc.cz\/index.php\/soupiska\/\"},{\"@type\":\"ListItem\",\"position\":3,\"name\":\"John Gijsbert Alan Heitinga\"}]},{\"@type\":\"WebSite\",\"@id\":\"https:\/\/evertonfc.cz\/#website\",\"url\":\"https:\/\/evertonfc.cz\/\",\"name\":\"Official Czech &amp; Slovak Everton Supporters&#039; Club\",\"description\":\"\",\"publisher\":{\"@id\":\"https:\/\/evertonfc.cz\/#organization\"},\"potentialAction\":[{\"@type\":\"SearchAction\",\"target\":{\"@type\":\"EntryPoint\",\"urlTemplate\":\"https:\/\/evertonfc.cz\/?s={search_term_string}\"},\"query-input\":{\"@type\":\"PropertyValueSpecification\",\"valueRequired\":true,\"valueName\":\"search_term_string\"}}],\"inLanguage\":\"cs\"},{\"@type\":\"Organization\",\"@id\":\"https:\/\/evertonfc.cz\/#organization\",\"name\":\"Official Czech & Slovak Everton Supporters' Club\",\"url\":\"https:\/\/evertonfc.cz\/\",\"logo\":{\"@type\":\"ImageObject\",\"inLanguage\":\"cs\",\"@id\":\"https:\/\/evertonfc.cz\/#\/schema\/logo\/image\/\",\"url\":\"https:\/\/evertonfc.cz\/wp-content\/uploads\/2019\/05\/logo.png\",\"contentUrl\":\"https:\/\/evertonfc.cz\/wp-content\/uploads\/2019\/05\/logo.png\",\"width\":112,\"height\":112,\"caption\":\"Official Czech & Slovak Everton Supporters' Club\"},\"image\":{\"@id\":\"https:\/\/evertonfc.cz\/#\/schema\/logo\/image\/\"},\"sameAs\":[\"https:\/\/www.facebook.com\/everton.fans.cz.sk\"]}]}<\/script>\n<!-- \/ Yoast SEO plugin. -->","yoast_head_json":{"title":"John Gijsbert Alan Heitinga - Official Czech &amp; Slovak Everton Supporters&#039; Club","robots":{"index":"index","follow":"follow","max-snippet":"max-snippet:-1","max-image-preview":"max-image-preview:large","max-video-preview":"max-video-preview:-1"},"canonical":"https:\/\/evertonfc.cz\/index.php\/soupiska\/john-heitinga\/","og_locale":"cs_CZ","og_type":"article","og_title":"John Gijsbert Alan Heitinga - Official Czech &amp; Slovak Everton Supporters&#039; Club","og_description":"Narozen:\u00a015. 11. 1983, Alphen aan den Rijn, Nizozemsko V\u00fd\u0161ka:\u00a0180 cm V\u00e1ha:\u00a072 kg Post:\u00a0Obr\u00e1nce V EFC od:\u00a001. 09. 2009 Do:\u00a031. 01.&hellip;","og_url":"https:\/\/evertonfc.cz\/index.php\/soupiska\/john-heitinga\/","og_site_name":"Official Czech &amp; Slovak Everton Supporters&#039; Club","article_publisher":"https:\/\/www.facebook.com\/everton.fans.cz.sk","article_modified_time":"2019-01-24T17:47:34+00:00","og_image":[{"url":"http:\/\/evertonfc.cz\/wp-content\/uploads\/2019\/01\/heitinga.jpg"}],"twitter_card":"summary_large_image","twitter_misc":{"Odhadovan\u00e1 doba \u010dten\u00ed":"4 minuty"},"schema":{"@context":"https:\/\/schema.org","@graph":[{"@type":"WebPage","@id":"https:\/\/evertonfc.cz\/index.php\/soupiska\/john-heitinga\/","url":"https:\/\/evertonfc.cz\/index.php\/soupiska\/john-heitinga\/","name":"John Gijsbert Alan Heitinga - Official Czech &amp; Slovak Everton Supporters&#039; Club","isPartOf":{"@id":"https:\/\/evertonfc.cz\/#website"},"primaryImageOfPage":{"@id":"https:\/\/evertonfc.cz\/index.php\/soupiska\/john-heitinga\/#primaryimage"},"image":{"@id":"https:\/\/evertonfc.cz\/index.php\/soupiska\/john-heitinga\/#primaryimage"},"thumbnailUrl":"http:\/\/evertonfc.cz\/wp-content\/uploads\/2019\/01\/heitinga.jpg","datePublished":"2019-01-06T18:17:24+00:00","dateModified":"2019-01-24T17:47:34+00:00","breadcrumb":{"@id":"https:\/\/evertonfc.cz\/index.php\/soupiska\/john-heitinga\/#breadcrumb"},"inLanguage":"cs","potentialAction":[{"@type":"ReadAction","target":["https:\/\/evertonfc.cz\/index.php\/soupiska\/john-heitinga\/"]}]},{"@type":"ImageObject","inLanguage":"cs","@id":"https:\/\/evertonfc.cz\/index.php\/soupiska\/john-heitinga\/#primaryimage","url":"http:\/\/evertonfc.cz\/wp-content\/uploads\/2019\/01\/heitinga.jpg","contentUrl":"http:\/\/evertonfc.cz\/wp-content\/uploads\/2019\/01\/heitinga.jpg"},{"@type":"BreadcrumbList","@id":"https:\/\/evertonfc.cz\/index.php\/soupiska\/john-heitinga\/#breadcrumb","itemListElement":[{"@type":"ListItem","position":1,"name":"Home","item":"https:\/\/evertonfc.cz\/"},{"@type":"ListItem","position":2,"name":"Soupiska","item":"https:\/\/evertonfc.cz\/index.php\/soupiska\/"},{"@type":"ListItem","position":3,"name":"John Gijsbert Alan Heitinga"}]},{"@type":"WebSite","@id":"https:\/\/evertonfc.cz\/#website","url":"https:\/\/evertonfc.cz\/","name":"Official Czech &amp; Slovak Everton Supporters&#039; Club","description":"","publisher":{"@id":"https:\/\/evertonfc.cz\/#organization"},"potentialAction":[{"@type":"SearchAction","target":{"@type":"EntryPoint","urlTemplate":"https:\/\/evertonfc.cz\/?s={search_term_string}"},"query-input":{"@type":"PropertyValueSpecification","valueRequired":true,"valueName":"search_term_string"}}],"inLanguage":"cs"},{"@type":"Organization","@id":"https:\/\/evertonfc.cz\/#organization","name":"Official Czech & Slovak Everton Supporters' Club","url":"https:\/\/evertonfc.cz\/","logo":{"@type":"ImageObject","inLanguage":"cs","@id":"https:\/\/evertonfc.cz\/#\/schema\/logo\/image\/","url":"https:\/\/evertonfc.cz\/wp-content\/uploads\/2019\/05\/logo.png","contentUrl":"https:\/\/evertonfc.cz\/wp-content\/uploads\/2019\/05\/logo.png","width":112,"height":112,"caption":"Official Czech & Slovak Everton Supporters' Club"},"image":{"@id":"https:\/\/evertonfc.cz\/#\/schema\/logo\/image\/"},"sameAs":["https:\/\/www.facebook.com\/everton.fans.cz.sk"]}]}},"_links":{"self":[{"href":"https:\/\/evertonfc.cz\/index.php\/wp-json\/wp\/v2\/pages\/1082"}],"collection":[{"href":"https:\/\/evertonfc.cz\/index.php\/wp-json\/wp\/v2\/pages"}],"about":[{"href":"https:\/\/evertonfc.cz\/index.php\/wp-json\/wp\/v2\/types\/page"}],"author":[{"embeddable":true,"href":"https:\/\/evertonfc.cz\/index.php\/wp-json\/wp\/v2\/users\/6"}],"replies":[{"embeddable":true,"href":"https:\/\/evertonfc.cz\/index.php\/wp-json\/wp\/v2\/comments?post=1082"}],"version-history":[{"count":3,"href":"https:\/\/evertonfc.cz\/index.php\/wp-json\/wp\/v2\/pages\/1082\/revisions"}],"predecessor-version":[{"id":1702,"href":"https:\/\/evertonfc.cz\/index.php\/wp-json\/wp\/v2\/pages\/1082\/revisions\/1702"}],"up":[{"embeddable":true,"href":"https:\/\/evertonfc.cz\/index.php\/wp-json\/wp\/v2\/pages\/70"}],"wp:attachment":[{"href":"https:\/\/evertonfc.cz\/index.php\/wp-json\/wp\/v2\/media?parent=1082"}],"curies":[{"name":"wp","href":"https:\/\/api.w.org\/{rel}","templated":true}]}}