{"id":1100,"date":"2019-01-06T21:03:29","date_gmt":"2019-01-06T20:03:29","guid":{"rendered":"http:\/\/evertonfc.cz\/?page_id=1100"},"modified":"2019-01-24T18:57:07","modified_gmt":"2019-01-24T17:57:07","slug":"joseph-yobo","status":"publish","type":"page","link":"https:\/\/evertonfc.cz\/index.php\/soupiska\/joseph-yobo\/","title":{"rendered":"Joseph Phillip Yobo"},"content":{"rendered":"<p><strong><img loading=\"lazy\" decoding=\"async\" style=\"float: right; margin-left: 10px; margin-right: 10px;\" src=\"http:\/\/evertonfc.cz\/wp-content\/uploads\/2019\/01\/yobo.jpg\" alt=\"\" width=\"80\" height=\"83\" \/>Narozen:<\/strong>\u00a006. 09. 1980, Port Harcourt, Nig\u00e9rie<br \/>\n<strong>V\u00fd\u0161ka:<\/strong>\u00a0188 cm<br \/>\n<strong>V\u00e1ha:<\/strong>\u00a076 kg<br \/>\n<strong>Post:<\/strong>\u00a0Obr\u00e1nce<br \/>\n<strong>V EFC od:<\/strong>\u00a007. 07. 2002<br \/>\n<strong>Do:<\/strong>\u00a006. 08. 2012<\/p>\n<hr \/>\n<p>Joseph Yobo p\u016fsobil na Goodison Parku od roku 2002. Joe opustil rodnou Nig\u00e9rii v roce 1998. Jeho prvn\u00edm evropsk\u00fdm klubem se stal belgick\u00fd Standard Liege, ov\u0161em utk\u00e1n\u00ed za prvn\u00ed t\u00fdm odehr\u00e1l a\u017e o dva roky pozd\u011bji. V roce 2001 Yobo zam\u00ed\u0159il na jih, kdy\u017e ho koupil Olympique Marseille. Nedlouho po debutu za Marseille ale putoval na Kan\u00e1rsk\u00e9 ostrovy, p\u0159esn\u011bji \u0159e\u010deno do Tenerife, kde p\u016fsobil 9 m\u011bs\u00edc\u016f na hostov\u00e1n\u00ed. Pak p\u0159i\u0161lo Mistrovstv\u00ed sv\u011bta 2002, poveden\u00e9 v\u00fdkony Nigerijc\u016f a z\u00e1jemc\u016f za\u010dalo b\u00fdt v\u00edce.<\/p>\n<p>Jedn\u00edm z nich byl David Moyes, tehdy \u010derstv\u011b nov\u00fd mana\u017eer Toffees, kter\u00fd si tou dobou dvaadvacetilet\u00e9ho obr\u00e1nce p\u0159ivedl ale jen jako p\u016fj\u010den\u00e9ho hr\u00e1\u010de. I p\u0159esto se stal prvn\u00edm podepsan\u00fdm hr\u00e1\u010dem Davida Moyes v Evertonu. Yobo za jednu sezonu nastupoval pravideln\u011b a p\u0159edv\u00e1d\u011bl solidn\u00ed v\u00fdkony, proto v roce 2003 p\u0159estoupil do severoz\u00e1padn\u00ed Anglie natrvalo za celkovou \u010d\u00e1stku \u010dty\u0159 milion\u016f liber. Mezit\u00edm se Yobo stal jedn\u00edm z nejd\u016fle\u017eit\u011bj\u0161\u00edch obrann\u00fdch pil\u00ed\u0159\u016f mu\u017estva i mil\u00e1\u010dkem fanou\u0161k\u016f. V roce 2006 podepsal nov\u00fd kontrakt a vyvr\u00e1til tak spekulace okolo \u00fadajn\u00e9ho odchodu do Lond\u00fdna. 15. duben 2007 se stal pro Everton historick\u00fdm. A zaslou\u017eil se o to pr\u00e1v\u011b Joseph Yobo, kdy\u017e se stal rekordmanem v po\u010dtu odehran\u00fdch z\u00e1pas\u016f za Everton zahrani\u010dn\u00edm fotbalistou.<\/p>\n<p>V sezon\u011b 2008\/09 se Yobo na h\u0159i\u0161t\u011b nepod\u00edval tak \u010dasto, jak by si p\u0159edstavoval &#8211; p\u0159es dvojici Lescott-Jagielka to m\u011bl hodn\u011b t\u011b\u017ek\u00e9. Ani dal\u0161\u00ed ro\u010dn\u00edk nebyl podle Yobov\u00fdch p\u0159edstav, odehr\u00e1l n\u011bco p\u0159es 20 z\u00e1pas\u016f, ov\u0161em i d\u00edky zran\u011bn\u00edm na h\u0159i\u0161ti p\u016fsobil velmi nemotorn\u011b. Ne p\u0159\u00edli\u0161 povedenou sez\u00f3nu zakon\u010dil \u0161patn\u00fdm vystoupen\u00edm na MS 2010, kde stejn\u011b jako cel\u00e1 Nig\u00e9rie poho\u0159el. V l\u00e9t\u011b se rozhodl zm\u011bnit t\u00fdm, ode\u0161el na celosez\u00f3nn\u00ed hostov\u00e1n\u00ed do tureck\u00e9ho Fenerbahce Istanbul, kter\u00e9mu pomohl k ligov\u00e9mu titulu. V l\u00e9t\u011b se 2011 se do Evertonu kr\u00e1tce vr\u00e1til, hr\u00e1t za Blues u\u017e ale necht\u011bl, a tak se op\u011bt dohodlo jeho hostov\u00e1n\u00ed ve Fenerbahce, kde pravideln\u011b nastupoval. Tureck\u00fd klub o n\u011bj projevil z\u00e1jem i na pot\u0159et\u00ed po konci sez\u00f3ny 2011\/12, jen\u017ee tentokr\u00e1t Yoba p\u0159ivedl za necel\u00e9 dv\u011b miliony liber u\u017e na trval\u00fd p\u0159estup.<\/p>\n<p>Za Toffees nigerijsk\u00fd kapit\u00e1n odehr\u00e1l p\u0159es 250 z\u00e1pas\u016f, t\u00edm jeho posledn\u00edm byl v kv\u011btnu 2010 v dom\u00e1c\u00edm st\u0159etnut\u00ed proti Stoke s v\u00fdsledkem 0:0.<\/p>\n","protected":false},"excerpt":{"rendered":"<p>Narozen:\u00a006. 09. 1980, Port Harcourt, Nig\u00e9rie V\u00fd\u0161ka:\u00a0188 cm V\u00e1ha:\u00a076 kg Post:\u00a0Obr\u00e1nce V EFC od:\u00a007. 07. 2002 Do:\u00a006. 08. 2012 Joseph&hellip;<\/p>\n","protected":false},"author":6,"featured_media":0,"parent":70,"menu_order":0,"comment_status":"closed","ping_status":"closed","template":"","meta":{"_eb_attr":"","_monsterinsights_skip_tracking":false,"_monsterinsights_sitenote_active":false,"_monsterinsights_sitenote_note":"","_monsterinsights_sitenote_category":0,"footnotes":""},"yoast_head":"<!-- This site is optimized with the Yoast SEO plugin v23.4 - https:\/\/yoast.com\/wordpress\/plugins\/seo\/ -->\n<title>Joseph Phillip Yobo - Official Czech &amp; Slovak Everton Supporters&#039; Club<\/title>\n<meta name=\"robots\" content=\"index, follow, max-snippet:-1, max-image-preview:large, max-video-preview:-1\" \/>\n<link rel=\"canonical\" href=\"https:\/\/evertonfc.cz\/index.php\/soupiska\/joseph-yobo\/\" \/>\n<meta property=\"og:locale\" content=\"cs_CZ\" \/>\n<meta property=\"og:type\" content=\"article\" \/>\n<meta property=\"og:title\" content=\"Joseph Phillip Yobo - Official Czech &amp; Slovak Everton Supporters&#039; Club\" \/>\n<meta property=\"og:description\" content=\"Narozen:\u00a006. 09. 1980, Port Harcourt, Nig\u00e9rie V\u00fd\u0161ka:\u00a0188 cm V\u00e1ha:\u00a076 kg Post:\u00a0Obr\u00e1nce V EFC od:\u00a007. 07. 2002 Do:\u00a006. 08. 2012 Joseph&hellip;\" \/>\n<meta property=\"og:url\" content=\"https:\/\/evertonfc.cz\/index.php\/soupiska\/joseph-yobo\/\" \/>\n<meta property=\"og:site_name\" content=\"Official Czech &amp; Slovak Everton Supporters&#039; Club\" \/>\n<meta property=\"article:publisher\" content=\"https:\/\/www.facebook.com\/everton.fans.cz.sk\" \/>\n<meta property=\"article:modified_time\" content=\"2019-01-24T17:57:07+00:00\" \/>\n<meta property=\"og:image\" content=\"http:\/\/evertonfc.cz\/wp-content\/uploads\/2019\/01\/yobo.jpg\" \/>\n<meta name=\"twitter:card\" content=\"summary_large_image\" \/>\n<meta name=\"twitter:label1\" content=\"Odhadovan\u00e1 doba \u010dten\u00ed\" \/>\n\t<meta name=\"twitter:data1\" content=\"2 minuty\" \/>\n<script type=\"application\/ld+json\" class=\"yoast-schema-graph\">{\"@context\":\"https:\/\/schema.org\",\"@graph\":[{\"@type\":\"WebPage\",\"@id\":\"https:\/\/evertonfc.cz\/index.php\/soupiska\/joseph-yobo\/\",\"url\":\"https:\/\/evertonfc.cz\/index.php\/soupiska\/joseph-yobo\/\",\"name\":\"Joseph Phillip Yobo - Official Czech &amp; Slovak Everton Supporters&#039; Club\",\"isPartOf\":{\"@id\":\"https:\/\/evertonfc.cz\/#website\"},\"primaryImageOfPage\":{\"@id\":\"https:\/\/evertonfc.cz\/index.php\/soupiska\/joseph-yobo\/#primaryimage\"},\"image\":{\"@id\":\"https:\/\/evertonfc.cz\/index.php\/soupiska\/joseph-yobo\/#primaryimage\"},\"thumbnailUrl\":\"http:\/\/evertonfc.cz\/wp-content\/uploads\/2019\/01\/yobo.jpg\",\"datePublished\":\"2019-01-06T20:03:29+00:00\",\"dateModified\":\"2019-01-24T17:57:07+00:00\",\"breadcrumb\":{\"@id\":\"https:\/\/evertonfc.cz\/index.php\/soupiska\/joseph-yobo\/#breadcrumb\"},\"inLanguage\":\"cs\",\"potentialAction\":[{\"@type\":\"ReadAction\",\"target\":[\"https:\/\/evertonfc.cz\/index.php\/soupiska\/joseph-yobo\/\"]}]},{\"@type\":\"ImageObject\",\"inLanguage\":\"cs\",\"@id\":\"https:\/\/evertonfc.cz\/index.php\/soupiska\/joseph-yobo\/#primaryimage\",\"url\":\"http:\/\/evertonfc.cz\/wp-content\/uploads\/2019\/01\/yobo.jpg\",\"contentUrl\":\"http:\/\/evertonfc.cz\/wp-content\/uploads\/2019\/01\/yobo.jpg\"},{\"@type\":\"BreadcrumbList\",\"@id\":\"https:\/\/evertonfc.cz\/index.php\/soupiska\/joseph-yobo\/#breadcrumb\",\"itemListElement\":[{\"@type\":\"ListItem\",\"position\":1,\"name\":\"Home\",\"item\":\"https:\/\/evertonfc.cz\/\"},{\"@type\":\"ListItem\",\"position\":2,\"name\":\"Soupiska\",\"item\":\"https:\/\/evertonfc.cz\/index.php\/soupiska\/\"},{\"@type\":\"ListItem\",\"position\":3,\"name\":\"Joseph Phillip Yobo\"}]},{\"@type\":\"WebSite\",\"@id\":\"https:\/\/evertonfc.cz\/#website\",\"url\":\"https:\/\/evertonfc.cz\/\",\"name\":\"Official Czech &amp; Slovak Everton Supporters&#039; Club\",\"description\":\"\",\"publisher\":{\"@id\":\"https:\/\/evertonfc.cz\/#organization\"},\"potentialAction\":[{\"@type\":\"SearchAction\",\"target\":{\"@type\":\"EntryPoint\",\"urlTemplate\":\"https:\/\/evertonfc.cz\/?s={search_term_string}\"},\"query-input\":{\"@type\":\"PropertyValueSpecification\",\"valueRequired\":true,\"valueName\":\"search_term_string\"}}],\"inLanguage\":\"cs\"},{\"@type\":\"Organization\",\"@id\":\"https:\/\/evertonfc.cz\/#organization\",\"name\":\"Official Czech & Slovak Everton Supporters' Club\",\"url\":\"https:\/\/evertonfc.cz\/\",\"logo\":{\"@type\":\"ImageObject\",\"inLanguage\":\"cs\",\"@id\":\"https:\/\/evertonfc.cz\/#\/schema\/logo\/image\/\",\"url\":\"https:\/\/evertonfc.cz\/wp-content\/uploads\/2019\/05\/logo.png\",\"contentUrl\":\"https:\/\/evertonfc.cz\/wp-content\/uploads\/2019\/05\/logo.png\",\"width\":112,\"height\":112,\"caption\":\"Official Czech & Slovak Everton Supporters' Club\"},\"image\":{\"@id\":\"https:\/\/evertonfc.cz\/#\/schema\/logo\/image\/\"},\"sameAs\":[\"https:\/\/www.facebook.com\/everton.fans.cz.sk\"]}]}<\/script>\n<!-- \/ Yoast SEO plugin. -->","yoast_head_json":{"title":"Joseph Phillip Yobo - Official Czech &amp; Slovak Everton Supporters&#039; Club","robots":{"index":"index","follow":"follow","max-snippet":"max-snippet:-1","max-image-preview":"max-image-preview:large","max-video-preview":"max-video-preview:-1"},"canonical":"https:\/\/evertonfc.cz\/index.php\/soupiska\/joseph-yobo\/","og_locale":"cs_CZ","og_type":"article","og_title":"Joseph Phillip Yobo - Official Czech &amp; Slovak Everton Supporters&#039; Club","og_description":"Narozen:\u00a006. 09. 1980, Port Harcourt, Nig\u00e9rie V\u00fd\u0161ka:\u00a0188 cm V\u00e1ha:\u00a076 kg Post:\u00a0Obr\u00e1nce V EFC od:\u00a007. 07. 2002 Do:\u00a006. 08. 2012 Joseph&hellip;","og_url":"https:\/\/evertonfc.cz\/index.php\/soupiska\/joseph-yobo\/","og_site_name":"Official Czech &amp; Slovak Everton Supporters&#039; Club","article_publisher":"https:\/\/www.facebook.com\/everton.fans.cz.sk","article_modified_time":"2019-01-24T17:57:07+00:00","og_image":[{"url":"http:\/\/evertonfc.cz\/wp-content\/uploads\/2019\/01\/yobo.jpg"}],"twitter_card":"summary_large_image","twitter_misc":{"Odhadovan\u00e1 doba \u010dten\u00ed":"2 minuty"},"schema":{"@context":"https:\/\/schema.org","@graph":[{"@type":"WebPage","@id":"https:\/\/evertonfc.cz\/index.php\/soupiska\/joseph-yobo\/","url":"https:\/\/evertonfc.cz\/index.php\/soupiska\/joseph-yobo\/","name":"Joseph Phillip Yobo - Official Czech &amp; Slovak Everton Supporters&#039; Club","isPartOf":{"@id":"https:\/\/evertonfc.cz\/#website"},"primaryImageOfPage":{"@id":"https:\/\/evertonfc.cz\/index.php\/soupiska\/joseph-yobo\/#primaryimage"},"image":{"@id":"https:\/\/evertonfc.cz\/index.php\/soupiska\/joseph-yobo\/#primaryimage"},"thumbnailUrl":"http:\/\/evertonfc.cz\/wp-content\/uploads\/2019\/01\/yobo.jpg","datePublished":"2019-01-06T20:03:29+00:00","dateModified":"2019-01-24T17:57:07+00:00","breadcrumb":{"@id":"https:\/\/evertonfc.cz\/index.php\/soupiska\/joseph-yobo\/#breadcrumb"},"inLanguage":"cs","potentialAction":[{"@type":"ReadAction","target":["https:\/\/evertonfc.cz\/index.php\/soupiska\/joseph-yobo\/"]}]},{"@type":"ImageObject","inLanguage":"cs","@id":"https:\/\/evertonfc.cz\/index.php\/soupiska\/joseph-yobo\/#primaryimage","url":"http:\/\/evertonfc.cz\/wp-content\/uploads\/2019\/01\/yobo.jpg","contentUrl":"http:\/\/evertonfc.cz\/wp-content\/uploads\/2019\/01\/yobo.jpg"},{"@type":"BreadcrumbList","@id":"https:\/\/evertonfc.cz\/index.php\/soupiska\/joseph-yobo\/#breadcrumb","itemListElement":[{"@type":"ListItem","position":1,"name":"Home","item":"https:\/\/evertonfc.cz\/"},{"@type":"ListItem","position":2,"name":"Soupiska","item":"https:\/\/evertonfc.cz\/index.php\/soupiska\/"},{"@type":"ListItem","position":3,"name":"Joseph Phillip Yobo"}]},{"@type":"WebSite","@id":"https:\/\/evertonfc.cz\/#website","url":"https:\/\/evertonfc.cz\/","name":"Official Czech &amp; Slovak Everton Supporters&#039; Club","description":"","publisher":{"@id":"https:\/\/evertonfc.cz\/#organization"},"potentialAction":[{"@type":"SearchAction","target":{"@type":"EntryPoint","urlTemplate":"https:\/\/evertonfc.cz\/?s={search_term_string}"},"query-input":{"@type":"PropertyValueSpecification","valueRequired":true,"valueName":"search_term_string"}}],"inLanguage":"cs"},{"@type":"Organization","@id":"https:\/\/evertonfc.cz\/#organization","name":"Official Czech & Slovak Everton Supporters' Club","url":"https:\/\/evertonfc.cz\/","logo":{"@type":"ImageObject","inLanguage":"cs","@id":"https:\/\/evertonfc.cz\/#\/schema\/logo\/image\/","url":"https:\/\/evertonfc.cz\/wp-content\/uploads\/2019\/05\/logo.png","contentUrl":"https:\/\/evertonfc.cz\/wp-content\/uploads\/2019\/05\/logo.png","width":112,"height":112,"caption":"Official Czech & Slovak Everton Supporters' Club"},"image":{"@id":"https:\/\/evertonfc.cz\/#\/schema\/logo\/image\/"},"sameAs":["https:\/\/www.facebook.com\/everton.fans.cz.sk"]}]}},"_links":{"self":[{"href":"https:\/\/evertonfc.cz\/index.php\/wp-json\/wp\/v2\/pages\/1100"}],"collection":[{"href":"https:\/\/evertonfc.cz\/index.php\/wp-json\/wp\/v2\/pages"}],"about":[{"href":"https:\/\/evertonfc.cz\/index.php\/wp-json\/wp\/v2\/types\/page"}],"author":[{"embeddable":true,"href":"https:\/\/evertonfc.cz\/index.php\/wp-json\/wp\/v2\/users\/6"}],"replies":[{"embeddable":true,"href":"https:\/\/evertonfc.cz\/index.php\/wp-json\/wp\/v2\/comments?post=1100"}],"version-history":[{"count":2,"href":"https:\/\/evertonfc.cz\/index.php\/wp-json\/wp\/v2\/pages\/1100\/revisions"}],"predecessor-version":[{"id":1719,"href":"https:\/\/evertonfc.cz\/index.php\/wp-json\/wp\/v2\/pages\/1100\/revisions\/1719"}],"up":[{"embeddable":true,"href":"https:\/\/evertonfc.cz\/index.php\/wp-json\/wp\/v2\/pages\/70"}],"wp:attachment":[{"href":"https:\/\/evertonfc.cz\/index.php\/wp-json\/wp\/v2\/media?parent=1100"}],"curies":[{"name":"wp","href":"https:\/\/api.w.org\/{rel}","templated":true}]}}