{"id":1108,"date":"2019-01-06T21:13:44","date_gmt":"2019-01-06T20:13:44","guid":{"rendered":"http:\/\/evertonfc.cz\/?page_id=1108"},"modified":"2019-01-24T18:35:32","modified_gmt":"2019-01-24T17:35:32","slug":"denis-stracqualursi","status":"publish","type":"page","link":"https:\/\/evertonfc.cz\/index.php\/soupiska\/denis-stracqualursi\/","title":{"rendered":"Denis Andr\u00e9s Stracqualursi"},"content":{"rendered":"<p><strong><img loading=\"lazy\" decoding=\"async\" style=\"float: right; margin-left: 10px; margin-right: 10px;\" src=\"http:\/\/evertonfc.cz\/wp-content\/uploads\/2019\/01\/stracqualursi.jpg\" alt=\"\" width=\"80\" height=\"80\" \/>Narozen:<\/strong>\u00a020. 10. 1987, Rafaela, Argentina<br \/>\n<strong>V\u00fd\u0161ka:<\/strong>\u00a0191 cm<br \/>\n<strong>V\u00e1ha:<\/strong>\u00a085 kg<br \/>\n<strong>Post:\u00a0<\/strong>\u00dato\u010dn\u00edk<br \/>\n<strong>V EFC od:<\/strong>\u00a001. 09. 2011<br \/>\n<strong>Do:<\/strong>\u00a020. 05. 2012<\/p>\n<hr \/>\n<p>Stracqualursi za\u010dal svou kari\u00e9ru v roce 2007, kdy\u017e hr\u00e1l t\u0159et\u00ed argentinskou ligu za Uni\u00f3n de Sunchales. Po \u00fasp\u011b\u0161n\u00fdch z\u00e1pasech n\u00e1sledoval p\u0159esun do Gimnasia y Esgrima de La Plata, kde ale tak\u00e9 dlouho nepobyl.<\/p>\n<p>Na sez\u00f3nu 2010\/11 ode\u0161el hostovat do Tigre, \u00fa\u010dastn\u00edka prvn\u00ed argentinsk\u00e9 ligy. V ro\u010dn\u00edku zvan\u00e9m Apertura sk\u00f3roval v 19 z\u00e1pasech 11x, co\u017e mu vyneslo korunu pro nejlep\u0161\u00edho st\u0159elce.<\/p>\n<p>V brankov\u00fdch hodech pokra\u010doval i na ja\u0159e, hattrick se mu poda\u0159ilo vs\u00edtit proti slavn\u00e9 Boce Juniors, to u\u017e ho ale Tigre vykoupilo a stal se jeho kmenov\u00fdch hr\u00e1\u010dem.<\/p>\n<p>Do Anglie se st\u011bhuje s vizitkou 27 g\u00f3l\u016f ve 84 duelech v Ji\u017en\u00ed Americe, a tak\u00e9 s p\u0159ezd\u00edvkou El Traca, kter\u00e1 bude pro fanou\u0161ky Evertonu daleko l\u00e9pe vysloviteln\u00e1, ne\u017e jeho jm\u00e9no. El Traca mimochodem znamen\u00e1 raketa.<\/p>\n<p>A\u010dkoliv si ho fanou\u0161ci Evertonu zamiloval, Stracqualursi se po skon\u010den\u00ed hostov\u00e1n\u00ed vr\u00e1til do Tigre. David Moyes z\u0159ejm\u011b usoudil, \u017ee na Premier League nem\u00e1, i kdy\u017e p\u0159es sv\u016fj bojovn\u00fd styl si ho lid\u00e9 zamilovali. Celkem nastoupil za Toffees 28x, z toho desetkr\u00e1t v z\u00e1kladn\u00ed sestav\u011b a vst\u0159elil t\u0159i branky, v\u010detn\u011b jedn\u00e9 v Premier League.<\/p>\n","protected":false},"excerpt":{"rendered":"<p>Narozen:\u00a020. 10. 1987, Rafaela, Argentina V\u00fd\u0161ka:\u00a0191 cm V\u00e1ha:\u00a085 kg Post:\u00a0\u00dato\u010dn\u00edk V EFC od:\u00a001. 09. 2011 Do:\u00a020. 05. 2012 Stracqualursi za\u010dal&hellip;<\/p>\n","protected":false},"author":6,"featured_media":0,"parent":70,"menu_order":0,"comment_status":"closed","ping_status":"closed","template":"","meta":{"_eb_attr":"","_monsterinsights_skip_tracking":false,"_monsterinsights_sitenote_active":false,"_monsterinsights_sitenote_note":"","_monsterinsights_sitenote_category":0,"footnotes":""},"yoast_head":"<!-- This site is optimized with the Yoast SEO plugin v23.4 - https:\/\/yoast.com\/wordpress\/plugins\/seo\/ -->\n<title>Denis Andr\u00e9s Stracqualursi - Official Czech &amp; Slovak Everton Supporters&#039; Club<\/title>\n<meta name=\"robots\" content=\"index, follow, max-snippet:-1, max-image-preview:large, max-video-preview:-1\" \/>\n<link rel=\"canonical\" href=\"https:\/\/evertonfc.cz\/index.php\/soupiska\/denis-stracqualursi\/\" \/>\n<meta property=\"og:locale\" content=\"cs_CZ\" \/>\n<meta property=\"og:type\" content=\"article\" \/>\n<meta property=\"og:title\" content=\"Denis Andr\u00e9s Stracqualursi - Official Czech &amp; Slovak Everton Supporters&#039; Club\" \/>\n<meta property=\"og:description\" content=\"Narozen:\u00a020. 10. 1987, Rafaela, Argentina V\u00fd\u0161ka:\u00a0191 cm V\u00e1ha:\u00a085 kg Post:\u00a0\u00dato\u010dn\u00edk V EFC od:\u00a001. 09. 2011 Do:\u00a020. 05. 2012 Stracqualursi za\u010dal&hellip;\" \/>\n<meta property=\"og:url\" content=\"https:\/\/evertonfc.cz\/index.php\/soupiska\/denis-stracqualursi\/\" \/>\n<meta property=\"og:site_name\" content=\"Official Czech &amp; Slovak Everton Supporters&#039; Club\" \/>\n<meta property=\"article:publisher\" content=\"https:\/\/www.facebook.com\/everton.fans.cz.sk\" \/>\n<meta property=\"article:modified_time\" content=\"2019-01-24T17:35:32+00:00\" \/>\n<meta property=\"og:image\" content=\"http:\/\/evertonfc.cz\/wp-content\/uploads\/2019\/01\/stracqualursi.jpg\" \/>\n<meta name=\"twitter:card\" content=\"summary_large_image\" \/>\n<meta name=\"twitter:label1\" content=\"Odhadovan\u00e1 doba \u010dten\u00ed\" \/>\n\t<meta name=\"twitter:data1\" content=\"1 minuta\" \/>\n<script type=\"application\/ld+json\" class=\"yoast-schema-graph\">{\"@context\":\"https:\/\/schema.org\",\"@graph\":[{\"@type\":\"WebPage\",\"@id\":\"https:\/\/evertonfc.cz\/index.php\/soupiska\/denis-stracqualursi\/\",\"url\":\"https:\/\/evertonfc.cz\/index.php\/soupiska\/denis-stracqualursi\/\",\"name\":\"Denis Andr\u00e9s Stracqualursi - Official Czech &amp; Slovak Everton Supporters&#039; Club\",\"isPartOf\":{\"@id\":\"https:\/\/evertonfc.cz\/#website\"},\"primaryImageOfPage\":{\"@id\":\"https:\/\/evertonfc.cz\/index.php\/soupiska\/denis-stracqualursi\/#primaryimage\"},\"image\":{\"@id\":\"https:\/\/evertonfc.cz\/index.php\/soupiska\/denis-stracqualursi\/#primaryimage\"},\"thumbnailUrl\":\"http:\/\/evertonfc.cz\/wp-content\/uploads\/2019\/01\/stracqualursi.jpg\",\"datePublished\":\"2019-01-06T20:13:44+00:00\",\"dateModified\":\"2019-01-24T17:35:32+00:00\",\"breadcrumb\":{\"@id\":\"https:\/\/evertonfc.cz\/index.php\/soupiska\/denis-stracqualursi\/#breadcrumb\"},\"inLanguage\":\"cs\",\"potentialAction\":[{\"@type\":\"ReadAction\",\"target\":[\"https:\/\/evertonfc.cz\/index.php\/soupiska\/denis-stracqualursi\/\"]}]},{\"@type\":\"ImageObject\",\"inLanguage\":\"cs\",\"@id\":\"https:\/\/evertonfc.cz\/index.php\/soupiska\/denis-stracqualursi\/#primaryimage\",\"url\":\"http:\/\/evertonfc.cz\/wp-content\/uploads\/2019\/01\/stracqualursi.jpg\",\"contentUrl\":\"http:\/\/evertonfc.cz\/wp-content\/uploads\/2019\/01\/stracqualursi.jpg\"},{\"@type\":\"BreadcrumbList\",\"@id\":\"https:\/\/evertonfc.cz\/index.php\/soupiska\/denis-stracqualursi\/#breadcrumb\",\"itemListElement\":[{\"@type\":\"ListItem\",\"position\":1,\"name\":\"Home\",\"item\":\"https:\/\/evertonfc.cz\/\"},{\"@type\":\"ListItem\",\"position\":2,\"name\":\"Soupiska\",\"item\":\"https:\/\/evertonfc.cz\/index.php\/soupiska\/\"},{\"@type\":\"ListItem\",\"position\":3,\"name\":\"Denis Andr\u00e9s Stracqualursi\"}]},{\"@type\":\"WebSite\",\"@id\":\"https:\/\/evertonfc.cz\/#website\",\"url\":\"https:\/\/evertonfc.cz\/\",\"name\":\"Official Czech &amp; Slovak Everton Supporters&#039; Club\",\"description\":\"\",\"publisher\":{\"@id\":\"https:\/\/evertonfc.cz\/#organization\"},\"potentialAction\":[{\"@type\":\"SearchAction\",\"target\":{\"@type\":\"EntryPoint\",\"urlTemplate\":\"https:\/\/evertonfc.cz\/?s={search_term_string}\"},\"query-input\":{\"@type\":\"PropertyValueSpecification\",\"valueRequired\":true,\"valueName\":\"search_term_string\"}}],\"inLanguage\":\"cs\"},{\"@type\":\"Organization\",\"@id\":\"https:\/\/evertonfc.cz\/#organization\",\"name\":\"Official Czech & Slovak Everton Supporters' Club\",\"url\":\"https:\/\/evertonfc.cz\/\",\"logo\":{\"@type\":\"ImageObject\",\"inLanguage\":\"cs\",\"@id\":\"https:\/\/evertonfc.cz\/#\/schema\/logo\/image\/\",\"url\":\"https:\/\/evertonfc.cz\/wp-content\/uploads\/2019\/05\/logo.png\",\"contentUrl\":\"https:\/\/evertonfc.cz\/wp-content\/uploads\/2019\/05\/logo.png\",\"width\":112,\"height\":112,\"caption\":\"Official Czech & Slovak Everton Supporters' Club\"},\"image\":{\"@id\":\"https:\/\/evertonfc.cz\/#\/schema\/logo\/image\/\"},\"sameAs\":[\"https:\/\/www.facebook.com\/everton.fans.cz.sk\"]}]}<\/script>\n<!-- \/ Yoast SEO plugin. -->","yoast_head_json":{"title":"Denis Andr\u00e9s Stracqualursi - Official Czech &amp; Slovak Everton Supporters&#039; Club","robots":{"index":"index","follow":"follow","max-snippet":"max-snippet:-1","max-image-preview":"max-image-preview:large","max-video-preview":"max-video-preview:-1"},"canonical":"https:\/\/evertonfc.cz\/index.php\/soupiska\/denis-stracqualursi\/","og_locale":"cs_CZ","og_type":"article","og_title":"Denis Andr\u00e9s Stracqualursi - Official Czech &amp; Slovak Everton Supporters&#039; Club","og_description":"Narozen:\u00a020. 10. 1987, Rafaela, Argentina V\u00fd\u0161ka:\u00a0191 cm V\u00e1ha:\u00a085 kg Post:\u00a0\u00dato\u010dn\u00edk V EFC od:\u00a001. 09. 2011 Do:\u00a020. 05. 2012 Stracqualursi za\u010dal&hellip;","og_url":"https:\/\/evertonfc.cz\/index.php\/soupiska\/denis-stracqualursi\/","og_site_name":"Official Czech &amp; Slovak Everton Supporters&#039; Club","article_publisher":"https:\/\/www.facebook.com\/everton.fans.cz.sk","article_modified_time":"2019-01-24T17:35:32+00:00","og_image":[{"url":"http:\/\/evertonfc.cz\/wp-content\/uploads\/2019\/01\/stracqualursi.jpg"}],"twitter_card":"summary_large_image","twitter_misc":{"Odhadovan\u00e1 doba \u010dten\u00ed":"1 minuta"},"schema":{"@context":"https:\/\/schema.org","@graph":[{"@type":"WebPage","@id":"https:\/\/evertonfc.cz\/index.php\/soupiska\/denis-stracqualursi\/","url":"https:\/\/evertonfc.cz\/index.php\/soupiska\/denis-stracqualursi\/","name":"Denis Andr\u00e9s Stracqualursi - Official Czech &amp; Slovak Everton Supporters&#039; Club","isPartOf":{"@id":"https:\/\/evertonfc.cz\/#website"},"primaryImageOfPage":{"@id":"https:\/\/evertonfc.cz\/index.php\/soupiska\/denis-stracqualursi\/#primaryimage"},"image":{"@id":"https:\/\/evertonfc.cz\/index.php\/soupiska\/denis-stracqualursi\/#primaryimage"},"thumbnailUrl":"http:\/\/evertonfc.cz\/wp-content\/uploads\/2019\/01\/stracqualursi.jpg","datePublished":"2019-01-06T20:13:44+00:00","dateModified":"2019-01-24T17:35:32+00:00","breadcrumb":{"@id":"https:\/\/evertonfc.cz\/index.php\/soupiska\/denis-stracqualursi\/#breadcrumb"},"inLanguage":"cs","potentialAction":[{"@type":"ReadAction","target":["https:\/\/evertonfc.cz\/index.php\/soupiska\/denis-stracqualursi\/"]}]},{"@type":"ImageObject","inLanguage":"cs","@id":"https:\/\/evertonfc.cz\/index.php\/soupiska\/denis-stracqualursi\/#primaryimage","url":"http:\/\/evertonfc.cz\/wp-content\/uploads\/2019\/01\/stracqualursi.jpg","contentUrl":"http:\/\/evertonfc.cz\/wp-content\/uploads\/2019\/01\/stracqualursi.jpg"},{"@type":"BreadcrumbList","@id":"https:\/\/evertonfc.cz\/index.php\/soupiska\/denis-stracqualursi\/#breadcrumb","itemListElement":[{"@type":"ListItem","position":1,"name":"Home","item":"https:\/\/evertonfc.cz\/"},{"@type":"ListItem","position":2,"name":"Soupiska","item":"https:\/\/evertonfc.cz\/index.php\/soupiska\/"},{"@type":"ListItem","position":3,"name":"Denis Andr\u00e9s Stracqualursi"}]},{"@type":"WebSite","@id":"https:\/\/evertonfc.cz\/#website","url":"https:\/\/evertonfc.cz\/","name":"Official Czech &amp; Slovak Everton Supporters&#039; Club","description":"","publisher":{"@id":"https:\/\/evertonfc.cz\/#organization"},"potentialAction":[{"@type":"SearchAction","target":{"@type":"EntryPoint","urlTemplate":"https:\/\/evertonfc.cz\/?s={search_term_string}"},"query-input":{"@type":"PropertyValueSpecification","valueRequired":true,"valueName":"search_term_string"}}],"inLanguage":"cs"},{"@type":"Organization","@id":"https:\/\/evertonfc.cz\/#organization","name":"Official Czech & Slovak Everton Supporters' Club","url":"https:\/\/evertonfc.cz\/","logo":{"@type":"ImageObject","inLanguage":"cs","@id":"https:\/\/evertonfc.cz\/#\/schema\/logo\/image\/","url":"https:\/\/evertonfc.cz\/wp-content\/uploads\/2019\/05\/logo.png","contentUrl":"https:\/\/evertonfc.cz\/wp-content\/uploads\/2019\/05\/logo.png","width":112,"height":112,"caption":"Official Czech & Slovak Everton Supporters' Club"},"image":{"@id":"https:\/\/evertonfc.cz\/#\/schema\/logo\/image\/"},"sameAs":["https:\/\/www.facebook.com\/everton.fans.cz.sk"]}]}},"_links":{"self":[{"href":"https:\/\/evertonfc.cz\/index.php\/wp-json\/wp\/v2\/pages\/1108"}],"collection":[{"href":"https:\/\/evertonfc.cz\/index.php\/wp-json\/wp\/v2\/pages"}],"about":[{"href":"https:\/\/evertonfc.cz\/index.php\/wp-json\/wp\/v2\/types\/page"}],"author":[{"embeddable":true,"href":"https:\/\/evertonfc.cz\/index.php\/wp-json\/wp\/v2\/users\/6"}],"replies":[{"embeddable":true,"href":"https:\/\/evertonfc.cz\/index.php\/wp-json\/wp\/v2\/comments?post=1108"}],"version-history":[{"count":3,"href":"https:\/\/evertonfc.cz\/index.php\/wp-json\/wp\/v2\/pages\/1108\/revisions"}],"predecessor-version":[{"id":1685,"href":"https:\/\/evertonfc.cz\/index.php\/wp-json\/wp\/v2\/pages\/1108\/revisions\/1685"}],"up":[{"embeddable":true,"href":"https:\/\/evertonfc.cz\/index.php\/wp-json\/wp\/v2\/pages\/70"}],"wp:attachment":[{"href":"https:\/\/evertonfc.cz\/index.php\/wp-json\/wp\/v2\/media?parent=1108"}],"curies":[{"name":"wp","href":"https:\/\/api.w.org\/{rel}","templated":true}]}}

Denis Andrés Stracqualursi

<p><strong><img loading="lazy" decoding="async" style="float: right; margin-left: 10px; margin-right: 10px;" src="http://evertonfc.cz/wp-content/uploads/2019/01/stracqualursi.jpg" alt="" width="80" height="80" />Narozen:</strong> 20. 10. 1987, Rafaela, Argentina<br />
<strong>Výška:</strong> 191 cm<br />
<strong>Váha:</strong> 85 kg<br />
<strong>Post: </strong>Útočník<br />
<strong>V EFC od:</strong> 01. 09. 2011<br />
<strong>Do:</strong> 20. 05. 2012</p>
<hr />
<p>Stracqualursi začal svou kariéru v roce 2007, když hrál třetí argentinskou ligu za Unión de Sunchales. Po úspěšných zápasech následoval přesun do Gimnasia y Esgrima de La Plata, kde ale také dlouho nepobyl.</p>
<p>Na sezónu 2010/11 odešel hostovat do Tigre, účastníka první argentinské ligy. V ročníku zvaném Apertura skóroval v 19 zápasech 11x, což mu vyneslo korunu pro nejlepšího střelce.</p>
<p>V brankových hodech pokračoval i na jaře, hattrick se mu podařilo vsítit proti slavné Boce Juniors, to už ho ale Tigre vykoupilo a stal se jeho kmenových hráčem.</p>
<p>Do Anglie se stěhuje s vizitkou 27 gólů ve 84 duelech v Jižní Americe, a také s přezdívkou El Traca, která bude pro fanoušky Evertonu daleko lépe vyslovitelná, než jeho jméno. El Traca mimochodem znamená raketa.</p>
<p>Ačkoliv si ho fanoušci Evertonu zamiloval, Stracqualursi se po skončení hostování vrátil do Tigre. David Moyes zřejmě usoudil, že na Premier League nemá, i když přes svůj bojovný styl si ho lidé zamilovali. Celkem nastoupil za Toffees 28x, z toho desetkrát v základní sestavě a vstřelil tři branky, včetně jedné v Premier League.</p>

<p>Narozen: 20. 10. 1987, Rafaela, Argentina Výška: 191 cm Váha: 85 kg Post: Útočník V EFC od: 01. 09. 2011 Do: 20. 05. 2012 Stracqualursi začal&hellip;</p>

<!-- This site is optimized with the Yoast SEO plugin v23.4 - https://yoast.com/wordpress/plugins/seo/ -->
<title>Denis Andrés Stracqualursi - Official Czech &amp; Slovak Everton Supporters&#039; Club</title>
<meta name="robots" content="index, follow, max-snippet:-1, max-image-preview:large, max-video-preview:-1" />
<link rel="canonical" href="https://evertonfc.cz/index.php/soupiska/denis-stracqualursi/" />
<meta property="og:locale" content="cs_CZ" />
<meta property="og:type" content="article" />
<meta property="og:title" content="Denis Andrés Stracqualursi - Official Czech &amp; Slovak Everton Supporters&#039; Club" />
<meta property="og:description" content="Narozen: 20. 10. 1987, Rafaela, Argentina Výška: 191 cm Váha: 85 kg Post: Útočník V EFC od: 01. 09. 2011 Do: 20. 05. 2012 Stracqualursi začal&hellip;" />
<meta property="og:url" content="https://evertonfc.cz/index.php/soupiska/denis-stracqualursi/" />
<meta property="og:site_name" content="Official Czech &amp; Slovak Everton Supporters&#039; Club" />
<meta property="article:publisher" content="https://www.facebook.com/everton.fans.cz.sk" />
<meta property="article:modified_time" content="2019-01-24T17:35:32+00:00" />
<meta property="og:image" content="http://evertonfc.cz/wp-content/uploads/2019/01/stracqualursi.jpg" />
<meta name="twitter:card" content="summary_large_image" />
<meta name="twitter:label1" content="Odhadovaná doba čtení" />
	<meta name="twitter:data1" content="1 minuta" />
<script type="application/ld+json" class="yoast-schema-graph">{"@context":"https://schema.org","@graph":[{"@type":"WebPage","@id":"https://evertonfc.cz/index.php/soupiska/denis-stracqualursi/","url":"https://evertonfc.cz/index.php/soupiska/denis-stracqualursi/","name":"Denis Andrés Stracqualursi - Official Czech &amp; Slovak Everton Supporters&#039; Club","isPartOf":{"@id":"https://evertonfc.cz/#website"},"primaryImageOfPage":{"@id":"https://evertonfc.cz/index.php/soupiska/denis-stracqualursi/#primaryimage"},"image":{"@id":"https://evertonfc.cz/index.php/soupiska/denis-stracqualursi/#primaryimage"},"thumbnailUrl":"http://evertonfc.cz/wp-content/uploads/2019/01/stracqualursi.jpg","datePublished":"2019-01-06T20:13:44+00:00","dateModified":"2019-01-24T17:35:32+00:00","breadcrumb":{"@id":"https://evertonfc.cz/index.php/soupiska/denis-stracqualursi/#breadcrumb"},"inLanguage":"cs","potentialAction":[{"@type":"ReadAction","target":["https://evertonfc.cz/index.php/soupiska/denis-stracqualursi/"]}]},{"@type":"ImageObject","inLanguage":"cs","@id":"https://evertonfc.cz/index.php/soupiska/denis-stracqualursi/#primaryimage","url":"http://evertonfc.cz/wp-content/uploads/2019/01/stracqualursi.jpg","contentUrl":"http://evertonfc.cz/wp-content/uploads/2019/01/stracqualursi.jpg"},{"@type":"BreadcrumbList","@id":"https://evertonfc.cz/index.php/soupiska/denis-stracqualursi/#breadcrumb","itemListElement":[{"@type":"ListItem","position":1,"name":"Home","item":"https://evertonfc.cz/"},{"@type":"ListItem","position":2,"name":"Soupiska","item":"https://evertonfc.cz/index.php/soupiska/"},{"@type":"ListItem","position":3,"name":"Denis Andrés Stracqualursi"}]},{"@type":"WebSite","@id":"https://evertonfc.cz/#website","url":"https://evertonfc.cz/","name":"Official Czech &amp; Slovak Everton Supporters&#039; Club","description":"","publisher":{"@id":"https://evertonfc.cz/#organization"},"potentialAction":[{"@type":"SearchAction","target":{"@type":"EntryPoint","urlTemplate":"https://evertonfc.cz/?s={search_term_string}"},"query-input":{"@type":"PropertyValueSpecification","valueRequired":true,"valueName":"search_term_string"}}],"inLanguage":"cs"},{"@type":"Organization","@id":"https://evertonfc.cz/#organization","name":"Official Czech & Slovak Everton Supporters' Club","url":"https://evertonfc.cz/","logo":{"@type":"ImageObject","inLanguage":"cs","@id":"https://evertonfc.cz/#/schema/logo/image/","url":"https://evertonfc.cz/wp-content/uploads/2019/05/logo.png","contentUrl":"https://evertonfc.cz/wp-content/uploads/2019/05/logo.png","width":112,"height":112,"caption":"Official Czech & Slovak Everton Supporters' Club"},"image":{"@id":"https://evertonfc.cz/#/schema/logo/image/"},"sameAs":["https://www.facebook.com/everton.fans.cz.sk"]}]}</script>
<!-- / Yoast SEO plugin. -->

Denis Andrés Stracqualursi - Official Czech &amp; Slovak Everton Supporters&#039; Club

Narozen: 20. 10. 1987, Rafaela, Argentina Výška: 191 cm Váha: 85 kg Post: Útočník V EFC od: 01. 09. 2011 Do: 20. 05. 2012 Stracqualursi začal&hellip;
