{"id":1114,"date":"2019-01-06T21:31:11","date_gmt":"2019-01-06T20:31:11","guid":{"rendered":"http:\/\/evertonfc.cz\/?page_id=1114"},"modified":"2019-01-24T18:59:41","modified_gmt":"2019-01-24T17:59:41","slug":"landon-donovan","status":"publish","type":"page","link":"https:\/\/evertonfc.cz\/index.php\/soupiska\/landon-donovan\/","title":{"rendered":"Landon Timothy Donovan"},"content":{"rendered":"<p><strong><img loading=\"lazy\" decoding=\"async\" style=\"float: right; margin-left: 10px; margin-right: 10px;\"  src=\"http:\/\/evertonfc.cz\/wp-content\/uploads\/2019\/01\/donovan.jpg\" alt=\"\" width=\"80\" height=\"83\" \/>Narozen:<\/strong>\u00a004. 03. 1982, Ontario, California, USA<br \/>\n<strong>V\u00fd\u0161ka:<\/strong>\u00a0173 cm<br \/>\n<strong>V\u00e1ha:<\/strong>\u00a072 kg<br \/>\n<strong>Post:<\/strong>\u00a0\u00dato\u010dn\u00edk<br \/>\n<strong>V EFC od:<\/strong>\u00a0I) 02. 01. 2010, II) 04. 01. 2012<br \/>\n<strong>Do:<\/strong>\u00a0I) 15. 03. 2010, II) 25. 02. 2012<\/p>\n<hr \/>\n<p>Landon Donovan se narodil 4. b\u0159ezna 1982 v Ontariu v Kalifornii u\u010ditelce Donn\u011b Kenney-Cash a poloprofesion\u00e1ln\u00edmu hokejistovi Timovi. Svoje d\u011btstv\u00ed si u\u017e\u00edval v kalifornsk\u00e9m m\u011bste\u010dku Redlands, kdy\u017e mu ale byli dva roky, jeho rodi\u010de se rozvedli a otec Tim se odst\u011bhoval.<\/p>\n<p>Kdy\u017e bylo Donovanovi \u0161est, zeptal se sv\u00e9 matky, zda by se nemohl st\u00e1t dopravdov\u00fdm \u010dlenem fotbalov\u00e9ho t\u00fdmu, jeho m\u00e1ma souhlasila a mal\u00fd Landon se tak p\u0159ipojil ke klubu Cal Heat, kter\u00fd m\u011bl sv\u00e9 s\u00eddlo v Rancho Cucamonga. Donovanovi se fotbalov\u011b da\u0159ilo, ve sv\u00e9m debutu dokonce vst\u0159elil sedm branek. V roce 1997 byl ve sv\u00fdch patn\u00e1cti letech p\u0159ijat do U.S. Youth Soccer&#8217;s Olympic Development Program, programu, kter\u00fd podporuje rozvoj mlad\u00fdch talent\u016f. Tento program nav\u0161t\u011bvoval v kalifornsk\u00e9 Redlands East Valley High School. V roce 1998 se Landon \u00fa\u010dastnil IMG Soccer Acedemy, je\u017e je sou\u010d\u00e1st\u00ed fotbalov\u00e9ho vzd\u011bl\u00e1vac\u00edho programu v USA. U\u017e te\u010f bylo jasn\u00e9, \u017ee se bude fotbalem \u017eivit.<\/p>\n<p>A skute\u010dn\u011b se tak stalo, n\u00e1sleduj\u00edc\u00ed rok toti\u017e p\u0159estoupil do n\u011bmeck\u00e9ho Bayeru Leverkusen. Zde mu v\u0161ak velmi p\u0161enka nekvetla, a tak byl pro sez\u00f3nu 2001 byl do klubu kanadsko-americk\u00e9 Major League Soccer San Jose Earthquakes. A v San Jose se stal Donovan skute\u010dn\u00fdm americk\u00fdm idolem, za \u010dty\u0159i roky dok\u00e1zal s t\u00fdmem vyhr\u00e1t dvakr\u00e1t titul (2001, 2003), v lize nast\u0159\u00edlel 32 branek a zaznamenal 29 asistenc\u00ed a v play-off, kter\u00e9 rozhoduje v MLS o celkov\u00e9m v\u00edt\u011bzi ligy, vs\u00edtil 10 branek a p\u0159ipravil pro spoluhr\u00e1\u010de \u0161est branek. Nav\u00edc v roce 2003 z\u00edskal ocen\u011bn\u00ed pro nejlep\u0161\u00edho americk\u00e9ho fotbalistu.<\/p>\n<p>Tuto cenu Donovan obh\u00e1jil i za rok, a stal se tak prvn\u00ed, komu se v historii povedlo. V roce 2005 se vr\u00e1til do Bayeru Leverkusen, zda si v\u0161ak p\u0159ipsal pouze sedm start\u016f, z toho v z\u00e1kladn\u00ed sestav\u011b byl jen dvakr\u00e1t. Rozho\u0159\u010den\u00fd fotbalista se cht\u011bl vr\u00e1tit dom\u016f, proto ho Leverkusen s lehk\u00fdm srdcem prodal do Los Angeles Galaxy. Ve sv\u00e9 prvn\u00ed sez\u00f3n\u011b za Galaxy hned z\u00edskal u\u017e sv\u016fj t\u0159et\u00ed titul v MLS. Ve sv\u00e9 druh\u00e9 sez\u00f3n\u011b u\u017e s Galaxy titul nez\u00edskal, v play-off ale nast\u0159\u00edlel 14 branek, co\u017e ho \u0159ad\u00ed v historii na druh\u00e9 m\u00edsto.<\/p>\n<p>V roce 2007 do Los Angleles Galaxy p\u0159i\u0161el David Beckham, Donovan mu dokonce ihned po p\u0159\u00edchodu p\u0159enechal kapit\u00e1nskou p\u00e1sku. I p\u0159es p\u0159\u00edchod anglick\u00e9 superstar se Galaxy n\u00e1sleduj\u00edc\u00ed dva roky nepoda\u0159ilo vyhr\u00e1t titul, hlavn\u011b ro\u010dn\u00edk 2008 byl pro klub velk\u00fdm zkl\u00e1m\u00e1n\u00edn, i kdy\u017e Donovan spolu s Beckhamem z\u00e1\u0159il. Toho si v\u0161imli i v Evrop\u011b, kde od l\u00e9ta 2008 byl o n\u011bj velk\u00fd z\u00e1jem. Po skon\u010den\u00ed MLS za\u010dal Donovan v listopadu tr\u00e9novat pod veden\u00edm star\u00e9ho zn\u00e1m\u00e9ho z Galaxy J\u00fcrgena Klinsmanna za slavn\u00fd Bayern Mnichov. V tr\u00e9ninku se Bavor\u016fm zal\u00edbil, a tak od ledna 2009 a\u017e do za\u010d\u00e1tku MLS (tj. cca p\u016flka b\u0159ezna) p\u0159i\u0161el do Mnichova na hostov\u00e1n\u00ed. \u00davod sv\u00e9ho anga\u017em\u00e1 v Bayernu m\u011bl dobr\u00fd, v p\u0159\u00edprav\u011b na jarn\u00ed odvety v Bundeslize sk\u00f3roval v p\u011bti p\u0159\u00e1telsk\u00fdch z\u00e1pasech \u010dty\u0159ikr\u00e1t. Dobrou formu v lize ale vz\u00e1p\u011bt\u00ed nepotvrdil, nastoupil jen v \u0161esti z\u00e1pasech, ani\u017e by d\u00e1l aspo\u0148 jeden g\u00f3l. Popravd\u011b p\u0159esadit se tehdy p\u0159es \u00fato\u010dnou super dvojici Miroslav Klose \u2013Luca Toni bylo t\u011b\u017ek\u00e9. Po skon\u010den\u00ed hostov\u00e1n\u00ed Bayern odm\u00edtl Donovanovi anga\u017em\u00e1 prodlou\u017eit, americk\u00e9ho hr\u00e1\u010de tak \u010dekal n\u00e1vrat do\u00a0Los Angeles Galaxy.<\/p>\n<p>Zde ho v\u00edtal nov\u00fd tren\u00e9r Bruce Arena, kapit\u00e1nsk\u00e1 p\u00e1ska natrvalo a tak\u00e9 probl\u00e9my. Ve sv\u00e9 knize &#8222;Experiment Beckham&#8220; toti\u017e Donovan sv\u00e9ho spoluhr\u00e1\u010de Davida Beckhama ozna\u010dil za \u0161patn\u00e9ho kapit\u00e1na a lakomce, kter\u00e9mu je v\u0161echno jedno. Beckham ozna\u010dil chov\u00e1n\u00ed Donovana za neprofesion\u00e1ln\u00ed, nakonec se ale oba hr\u00e1\u010di usm\u00ed\u0159ili a dovedli Galaxy do fin\u00e1le play-off, kde ale podlehli na penalty Real Salt Lake. Do play-off Galaxy proklouzlo poprv\u00e9 od roku 2005. Donovan byl po sez\u00f3n\u011b vyhl\u00e1\u0161en nejlep\u0161\u00edm hr\u00e1\u010dem MLS a u\u017e po\u0161est\u00e9 nejlep\u0161\u00edm americk\u00fdm fotbalistou roku. A odm\u011bny se do\u010dkal i od sv\u00e9ho t\u00fdmu, jen\u017e mu nab\u00eddl nov\u00fd \u010dty\u0159let\u00fd kontrakt s klauzul\u00ed, v n\u00ed\u017e byla podm\u00ednka, \u017ee po konci sez\u00f3ny m\u016f\u017ee odej\u00edt na hostov\u00e1n\u00ed. Donovan smlouvu p\u0159ijal a hned uplatnil i klauzuli, na za\u010d\u00e1tku ledna p\u0159i\u0161el na 2,5 m\u011bs\u00ed\u010dn\u00ed hostov\u00e1n\u00ed do Evertonu. Do p\u0159\u00edchodu k Toffees (2. ledna 2010) nastoupil za Galaxy k 121 z\u00e1pas\u016fm, v nich\u017e st\u0159elil 64 branek.<\/p>\n<p>Co \u0159\u00edct o Donovanov\u011b desetit\u00fddenn\u00edm hostov\u00e1n\u00ed na Goodison Parku? Snad jen sam\u00e1 slova chv\u00e1ly. Ameri\u010dan okam\u017eit\u011b po p\u0159estup nasko\u010dil do z\u00e1kladn\u00ed sestavy Toffees. Na pozici prav\u00e9ho ofenzivn\u00edho z\u00e1lo\u017en\u00edka odehr\u00e1l v\u0161ech t\u0159in\u00e1ct mo\u017en\u00fdch sout\u011b\u017en\u00edch z\u00e1pas\u016f, p\u0159i\u010dem\u017e jeden\u00e1ckr\u00e1t hr\u00e1l od prvn\u00ed minuty. Vst\u0159elil dv\u011b branky, stal se nejlep\u0161\u00ed hr\u00e1\u010dem Evertonu v lednu, byl u senza\u010dn\u00edch v\u00fdhr\u00e1ch nad Chelsea a Manchesterem United a tak bych mohl pokra\u010dovat d\u00e1l a d\u00e1l&#8230; Donovan prost\u011b zanechal v Evertonu velkou stopu a s jeho odchodem se klub, fanou\u0161ci i samotn\u00fd hr\u00e1\u010d jen t\u011b\u017ece smi\u0159ovali. Na Goodison Park se ale Landon vr\u00e1til o dva roky pozd\u011bji, kdy\u017e si op\u011bt na za\u010d\u00e1tku roku st\u0159ihnul v modr\u00e9m dresu kr\u00e1tkodob\u00e9 hostov\u00e1n\u00ed. Je\u0161t\u011b p\u0159ed druh\u00fdm anga\u017em\u00e1 v Premier League stihl s LA Galaxy v\u00fdhr\u00e1t MLS.<\/p>\n<p>Svoji reprezenta\u010dn\u00ed kari\u00e9ru Donovan nastartoval v roce 1999, kdy\u017e byl vyhl\u00e1\u0161en nejlep\u0161\u00edm hr\u00e1\u010dem MS U-17. V roce 2000 se ji\u017e stal \u010dlenem americk\u00e9ho v\u00fdb\u011bru U-23 a posl\u00e9ze i seniorsk\u00e9ho. V l\u00e9t\u011b 2000 byl s v\u00fdb\u011brem USA bl\u00edzko medaile na OH. Sv\u016fj debut za seniorsk\u00fd t\u00fdm si odbyl 25. \u0159\u00edjna 2000 proti Mexiku a hned i sk\u00f3roval. Na MS 2002 do\u0161el s USA do \u010dtvrtfin\u00e1le a z\u00edskal cenu pro nejlep\u0161\u00edho mlad\u00e9ho hr\u00e1\u010de turnaje. Na MS si zahr\u00e1l i za \u010dty\u0159i roky, zde ale Ameri\u010dani vypadli u\u017e ve skupin\u011b. Donovan se postupn\u011b ale st\u00e1val oporou reprezentace a tak\u00e9 p\u0159episoval jej\u00ed historie, nejprve p\u0159ekonal rekord v po\u010dtu asistenc\u00ed a n\u00e1sledn\u011b i v po\u010dtu branek. Do dne\u0161n\u00edho dne jich m\u00e1 na kont\u011b 42. V roce 2009 dokr\u00e1\u010deli Spojen\u00e9 st\u00e1ty americk\u00e9 a\u017e do fin\u00e1le Konfedera\u010dn\u00edho poh\u00e1ru, USA v posledn\u00edm utk\u00e1n\u00ed turnaje porazili Brazilci. Donovanovi ale turnaj perfektn\u011b vy\u0161el stejn\u011b jako n\u00e1sleduj\u00edc\u00ed MS 2010. Tahoun Ameri\u010dan\u016f dovedl svoje n\u00e1rodn\u00ed mu\u017estvo a\u017e do osmifin\u00e1le, kde USA vystavila a\u017e v prodlou\u017een\u00ed stopku Ghana. Landon na \u0161ampion\u00e1tu nast\u0159\u00edlel t\u0159i branky.<\/p>\n","protected":false},"excerpt":{"rendered":"<p>Narozen:\u00a004. 03. 1982, Ontario, California, USA V\u00fd\u0161ka:\u00a0173 cm V\u00e1ha:\u00a072 kg Post:\u00a0\u00dato\u010dn\u00edk V EFC od:\u00a0I) 02. 01. 2010, II) 04. 01.&hellip;<\/p>\n","protected":false},"author":6,"featured_media":0,"parent":70,"menu_order":0,"comment_status":"closed","ping_status":"closed","template":"","meta":{"_eb_attr":"","_monsterinsights_skip_tracking":false,"_monsterinsights_sitenote_active":false,"_monsterinsights_sitenote_note":"","_monsterinsights_sitenote_category":0,"footnotes":""},"yoast_head":"<!-- This site is optimized with the Yoast SEO plugin v23.4 - https:\/\/yoast.com\/wordpress\/plugins\/seo\/ -->\n<title>Landon Timothy Donovan - Official Czech &amp; Slovak Everton Supporters&#039; Club<\/title>\n<meta name=\"robots\" content=\"index, follow, max-snippet:-1, max-image-preview:large, max-video-preview:-1\" \/>\n<link rel=\"canonical\" href=\"https:\/\/evertonfc.cz\/index.php\/soupiska\/landon-donovan\/\" \/>\n<meta property=\"og:locale\" content=\"cs_CZ\" \/>\n<meta property=\"og:type\" content=\"article\" \/>\n<meta property=\"og:title\" content=\"Landon Timothy Donovan - Official Czech &amp; Slovak Everton Supporters&#039; Club\" \/>\n<meta property=\"og:description\" content=\"Narozen:\u00a004. 03. 1982, Ontario, California, USA V\u00fd\u0161ka:\u00a0173 cm V\u00e1ha:\u00a072 kg Post:\u00a0\u00dato\u010dn\u00edk V EFC od:\u00a0I) 02. 01. 2010, II) 04. 01.&hellip;\" \/>\n<meta property=\"og:url\" content=\"https:\/\/evertonfc.cz\/index.php\/soupiska\/landon-donovan\/\" \/>\n<meta property=\"og:site_name\" content=\"Official Czech &amp; Slovak Everton Supporters&#039; Club\" \/>\n<meta property=\"article:publisher\" content=\"https:\/\/www.facebook.com\/everton.fans.cz.sk\" \/>\n<meta property=\"article:modified_time\" content=\"2019-01-24T17:59:41+00:00\" \/>\n<meta property=\"og:image\" content=\"http:\/\/evertonfc.cz\/wp-content\/uploads\/2019\/01\/donovan.jpg\" \/>\n<meta name=\"twitter:card\" content=\"summary_large_image\" \/>\n<meta name=\"twitter:label1\" content=\"Odhadovan\u00e1 doba \u010dten\u00ed\" \/>\n\t<meta name=\"twitter:data1\" content=\"6 minut\" \/>\n<script type=\"application\/ld+json\" class=\"yoast-schema-graph\">{\"@context\":\"https:\/\/schema.org\",\"@graph\":[{\"@type\":\"WebPage\",\"@id\":\"https:\/\/evertonfc.cz\/index.php\/soupiska\/landon-donovan\/\",\"url\":\"https:\/\/evertonfc.cz\/index.php\/soupiska\/landon-donovan\/\",\"name\":\"Landon Timothy Donovan - Official Czech &amp; Slovak Everton Supporters&#039; Club\",\"isPartOf\":{\"@id\":\"https:\/\/evertonfc.cz\/#website\"},\"primaryImageOfPage\":{\"@id\":\"https:\/\/evertonfc.cz\/index.php\/soupiska\/landon-donovan\/#primaryimage\"},\"image\":{\"@id\":\"https:\/\/evertonfc.cz\/index.php\/soupiska\/landon-donovan\/#primaryimage\"},\"thumbnailUrl\":\"http:\/\/evertonfc.cz\/wp-content\/uploads\/2019\/01\/donovan.jpg\",\"datePublished\":\"2019-01-06T20:31:11+00:00\",\"dateModified\":\"2019-01-24T17:59:41+00:00\",\"breadcrumb\":{\"@id\":\"https:\/\/evertonfc.cz\/index.php\/soupiska\/landon-donovan\/#breadcrumb\"},\"inLanguage\":\"cs\",\"potentialAction\":[{\"@type\":\"ReadAction\",\"target\":[\"https:\/\/evertonfc.cz\/index.php\/soupiska\/landon-donovan\/\"]}]},{\"@type\":\"ImageObject\",\"inLanguage\":\"cs\",\"@id\":\"https:\/\/evertonfc.cz\/index.php\/soupiska\/landon-donovan\/#primaryimage\",\"url\":\"http:\/\/evertonfc.cz\/wp-content\/uploads\/2019\/01\/donovan.jpg\",\"contentUrl\":\"http:\/\/evertonfc.cz\/wp-content\/uploads\/2019\/01\/donovan.jpg\"},{\"@type\":\"BreadcrumbList\",\"@id\":\"https:\/\/evertonfc.cz\/index.php\/soupiska\/landon-donovan\/#breadcrumb\",\"itemListElement\":[{\"@type\":\"ListItem\",\"position\":1,\"name\":\"Home\",\"item\":\"https:\/\/evertonfc.cz\/\"},{\"@type\":\"ListItem\",\"position\":2,\"name\":\"Soupiska\",\"item\":\"https:\/\/evertonfc.cz\/index.php\/soupiska\/\"},{\"@type\":\"ListItem\",\"position\":3,\"name\":\"Landon Timothy Donovan\"}]},{\"@type\":\"WebSite\",\"@id\":\"https:\/\/evertonfc.cz\/#website\",\"url\":\"https:\/\/evertonfc.cz\/\",\"name\":\"Official Czech &amp; Slovak Everton Supporters&#039; Club\",\"description\":\"\",\"publisher\":{\"@id\":\"https:\/\/evertonfc.cz\/#organization\"},\"potentialAction\":[{\"@type\":\"SearchAction\",\"target\":{\"@type\":\"EntryPoint\",\"urlTemplate\":\"https:\/\/evertonfc.cz\/?s={search_term_string}\"},\"query-input\":{\"@type\":\"PropertyValueSpecification\",\"valueRequired\":true,\"valueName\":\"search_term_string\"}}],\"inLanguage\":\"cs\"},{\"@type\":\"Organization\",\"@id\":\"https:\/\/evertonfc.cz\/#organization\",\"name\":\"Official Czech & Slovak Everton Supporters' Club\",\"url\":\"https:\/\/evertonfc.cz\/\",\"logo\":{\"@type\":\"ImageObject\",\"inLanguage\":\"cs\",\"@id\":\"https:\/\/evertonfc.cz\/#\/schema\/logo\/image\/\",\"url\":\"https:\/\/evertonfc.cz\/wp-content\/uploads\/2019\/05\/logo.png\",\"contentUrl\":\"https:\/\/evertonfc.cz\/wp-content\/uploads\/2019\/05\/logo.png\",\"width\":112,\"height\":112,\"caption\":\"Official Czech & Slovak Everton Supporters' Club\"},\"image\":{\"@id\":\"https:\/\/evertonfc.cz\/#\/schema\/logo\/image\/\"},\"sameAs\":[\"https:\/\/www.facebook.com\/everton.fans.cz.sk\"]}]}<\/script>\n<!-- \/ Yoast SEO plugin. -->","yoast_head_json":{"title":"Landon Timothy Donovan - Official Czech &amp; Slovak Everton Supporters&#039; Club","robots":{"index":"index","follow":"follow","max-snippet":"max-snippet:-1","max-image-preview":"max-image-preview:large","max-video-preview":"max-video-preview:-1"},"canonical":"https:\/\/evertonfc.cz\/index.php\/soupiska\/landon-donovan\/","og_locale":"cs_CZ","og_type":"article","og_title":"Landon Timothy Donovan - Official Czech &amp; Slovak Everton Supporters&#039; Club","og_description":"Narozen:\u00a004. 03. 1982, Ontario, California, USA V\u00fd\u0161ka:\u00a0173 cm V\u00e1ha:\u00a072 kg Post:\u00a0\u00dato\u010dn\u00edk V EFC od:\u00a0I) 02. 01. 2010, II) 04. 01.&hellip;","og_url":"https:\/\/evertonfc.cz\/index.php\/soupiska\/landon-donovan\/","og_site_name":"Official Czech &amp; Slovak Everton Supporters&#039; Club","article_publisher":"https:\/\/www.facebook.com\/everton.fans.cz.sk","article_modified_time":"2019-01-24T17:59:41+00:00","og_image":[{"url":"http:\/\/evertonfc.cz\/wp-content\/uploads\/2019\/01\/donovan.jpg"}],"twitter_card":"summary_large_image","twitter_misc":{"Odhadovan\u00e1 doba \u010dten\u00ed":"6 minut"},"schema":{"@context":"https:\/\/schema.org","@graph":[{"@type":"WebPage","@id":"https:\/\/evertonfc.cz\/index.php\/soupiska\/landon-donovan\/","url":"https:\/\/evertonfc.cz\/index.php\/soupiska\/landon-donovan\/","name":"Landon Timothy Donovan - Official Czech &amp; Slovak Everton Supporters&#039; Club","isPartOf":{"@id":"https:\/\/evertonfc.cz\/#website"},"primaryImageOfPage":{"@id":"https:\/\/evertonfc.cz\/index.php\/soupiska\/landon-donovan\/#primaryimage"},"image":{"@id":"https:\/\/evertonfc.cz\/index.php\/soupiska\/landon-donovan\/#primaryimage"},"thumbnailUrl":"http:\/\/evertonfc.cz\/wp-content\/uploads\/2019\/01\/donovan.jpg","datePublished":"2019-01-06T20:31:11+00:00","dateModified":"2019-01-24T17:59:41+00:00","breadcrumb":{"@id":"https:\/\/evertonfc.cz\/index.php\/soupiska\/landon-donovan\/#breadcrumb"},"inLanguage":"cs","potentialAction":[{"@type":"ReadAction","target":["https:\/\/evertonfc.cz\/index.php\/soupiska\/landon-donovan\/"]}]},{"@type":"ImageObject","inLanguage":"cs","@id":"https:\/\/evertonfc.cz\/index.php\/soupiska\/landon-donovan\/#primaryimage","url":"http:\/\/evertonfc.cz\/wp-content\/uploads\/2019\/01\/donovan.jpg","contentUrl":"http:\/\/evertonfc.cz\/wp-content\/uploads\/2019\/01\/donovan.jpg"},{"@type":"BreadcrumbList","@id":"https:\/\/evertonfc.cz\/index.php\/soupiska\/landon-donovan\/#breadcrumb","itemListElement":[{"@type":"ListItem","position":1,"name":"Home","item":"https:\/\/evertonfc.cz\/"},{"@type":"ListItem","position":2,"name":"Soupiska","item":"https:\/\/evertonfc.cz\/index.php\/soupiska\/"},{"@type":"ListItem","position":3,"name":"Landon Timothy Donovan"}]},{"@type":"WebSite","@id":"https:\/\/evertonfc.cz\/#website","url":"https:\/\/evertonfc.cz\/","name":"Official Czech &amp; Slovak Everton Supporters&#039; Club","description":"","publisher":{"@id":"https:\/\/evertonfc.cz\/#organization"},"potentialAction":[{"@type":"SearchAction","target":{"@type":"EntryPoint","urlTemplate":"https:\/\/evertonfc.cz\/?s={search_term_string}"},"query-input":{"@type":"PropertyValueSpecification","valueRequired":true,"valueName":"search_term_string"}}],"inLanguage":"cs"},{"@type":"Organization","@id":"https:\/\/evertonfc.cz\/#organization","name":"Official Czech & Slovak Everton Supporters' Club","url":"https:\/\/evertonfc.cz\/","logo":{"@type":"ImageObject","inLanguage":"cs","@id":"https:\/\/evertonfc.cz\/#\/schema\/logo\/image\/","url":"https:\/\/evertonfc.cz\/wp-content\/uploads\/2019\/05\/logo.png","contentUrl":"https:\/\/evertonfc.cz\/wp-content\/uploads\/2019\/05\/logo.png","width":112,"height":112,"caption":"Official Czech & Slovak Everton Supporters' Club"},"image":{"@id":"https:\/\/evertonfc.cz\/#\/schema\/logo\/image\/"},"sameAs":["https:\/\/www.facebook.com\/everton.fans.cz.sk"]}]}},"_links":{"self":[{"href":"https:\/\/evertonfc.cz\/index.php\/wp-json\/wp\/v2\/pages\/1114"}],"collection":[{"href":"https:\/\/evertonfc.cz\/index.php\/wp-json\/wp\/v2\/pages"}],"about":[{"href":"https:\/\/evertonfc.cz\/index.php\/wp-json\/wp\/v2\/types\/page"}],"author":[{"embeddable":true,"href":"https:\/\/evertonfc.cz\/index.php\/wp-json\/wp\/v2\/users\/6"}],"replies":[{"embeddable":true,"href":"https:\/\/evertonfc.cz\/index.php\/wp-json\/wp\/v2\/comments?post=1114"}],"version-history":[{"count":2,"href":"https:\/\/evertonfc.cz\/index.php\/wp-json\/wp\/v2\/pages\/1114\/revisions"}],"predecessor-version":[{"id":1724,"href":"https:\/\/evertonfc.cz\/index.php\/wp-json\/wp\/v2\/pages\/1114\/revisions\/1724"}],"up":[{"embeddable":true,"href":"https:\/\/evertonfc.cz\/index.php\/wp-json\/wp\/v2\/pages\/70"}],"wp:attachment":[{"href":"https:\/\/evertonfc.cz\/index.php\/wp-json\/wp\/v2\/media?parent=1114"}],"curies":[{"name":"wp","href":"https:\/\/api.w.org\/{rel}","templated":true}]}}