{"id":15848,"date":"2021-07-21T10:06:02","date_gmt":"2021-07-21T08:06:02","guid":{"rendered":"https:\/\/evertonfc.cz\/?page_id=15848"},"modified":"2023-06-14T13:31:38","modified_gmt":"2023-06-14T11:31:38","slug":"andros-townsend","status":"publish","type":"page","link":"https:\/\/evertonfc.cz\/index.php\/soupiska\/andros-townsend\/","title":{"rendered":"Andros Darryl Townsend"},"content":{"rendered":"<p><img decoding=\"async\" style=\"float: right; margin-left: 10px; margin-right: 10px;\" src=\"https:\/\/evertonfc.cz\/wp-content\/uploads\/2023\/06\/andros_townsend.png\" \/><strong>Narozen: <\/strong>16. 07. 1991, Leytonstone, Anglie<strong><br \/>\nV\u00fd\u0161ka: <\/strong>181 cm<strong><br \/>\nV\u00e1ha: <\/strong>77 kg<strong><br \/>\nPost: <\/strong>K\u0159\u00eddeln\u00edk<strong><br \/>\nV EFC od: <\/strong>20. 07. 2021<strong><br \/>\nDo: <\/strong>01. 07. 2023<\/p>\n<hr \/>\n<p>Na\u0161e nov\u00e9 kr\u00eddlo Andros Townsend, stredn\u00fdm menom Darryl, sa narodil na za\u010diatku poslednej dek\u00e1dy minul\u00e9ho storo\u010dia. Rodiskom mu bola lond\u00fdnska \u0161tvr\u0165 Leytonstone, kde s\u00eddli aj sympatick\u00fd futbalov\u00fd klub Leyton Orient. No syn jamajsk\u00e9ho otca a gr\u00e9ckej matky vyrastal trochu severnej\u0161ie v meste\u010dku Chingford, a u\u017e od detstva fandil nie pr\u00edli\u0161 vzdialen\u00e9mu, av\u0161ak sl\u00e1vnej\u0161iemu a \u00faspe\u0161nej\u0161iemu Tottenhamu Hotspur. Doviedlo ho to a\u017e do ich akad\u00e9mie, kam nast\u00fapil vo veku 8 rokov. Ke\u010f mal 10, za\u017eil nepr\u00edjemn\u00fa rodinn\u00fa trag\u00e9diu. Jeho o desa\u0165 rokov star\u0161\u00ed brat pri\u0161iel o \u017eivot pri dopravnej nehode.<\/p>\n<p>Spletit\u00e1 cesta hos\u0165ovan\u00ed, ktor\u00e9 si Andros za\u017eil po\u010das svojho vzostupu profesion\u00e1lneho futbalistu, je \u010dasto predmetom deb\u00e1t. Ako najlep\u0161ie rozvi\u0165 dom\u00e1ci talent? Sta\u010dia ml\u00e1de\u017en\u00edcke ligy, alebo sa treba dosta\u0165 na vrchol cez kluby z\u00a0ni\u017e\u0161\u00edch s\u00fa\u0165a\u017e\u00ed? Townsend si za\u017eil pr\u00e1ve druh\u00fa variantu, a\u00a0to formou hos\u0165ovan\u00ed. Od sez\u00f3ny 2008\/09 si celkovo pre\u0161iel deviatimi klubmi. Najprv v\u00a0League One s\u00a0Yeovil Town, Leyton Orient a\u00a0Milton Keynes Dons. Nesk\u00f4r u\u017e v\u00a0Championship s\u00a0Ipswich Town, Watfordom, Millwallom, Leedsom a\u00a0tie\u017e v\u00a0Birminghame. To u\u017e sa ale p\u00edsal rok 2012 a\u00a0debut v\u00a0Premier League mu doprial Andr\u00e9 Villas-Boas. Ale druh\u00fa polovicu sez\u00f3ny od janu\u00e1ra 2013 dost\u00e1val prvoligov\u00e9 \u0161ance od Queens Park Rangers, \u010do bola jeho posledn\u00e1 zast\u00e1vka na v\u00fdpo\u017ei\u010dk\u00e1ch.<\/p>\n<p>Debut za Spurs v\u00a0lige s\u00edce pri\u0161iel a\u017e v\u00a0roku 2012, ale v\u00a0A\u00a0t\u00edme sa Andros predstavil u\u017e o\u00a0rok sk\u00f4r. Tottenham ho prv\u00fdkr\u00e1t predstavil v\u00a0FA Cupe, kde hne\u010f proti Charltonu Athletic vstrelil aj prv\u00fd g\u00f3l. V\u00a0nasleduj\u00facej sez\u00f3ne ho klub pravidelne vyu\u017e\u00edval v\u00a0Eur\u00f3pskej lige, ale a\u017e o\u00a0dva roky v\u00a0ro\u010dn\u00edku 2013\/14 sa naplno usadil v\u00a0z\u00e1kladnej zostave. Po v\u00fdmene mana\u017e\u00e9rov sa ale jeho vy\u0165a\u017eenie za\u010dalo vytr\u00e1ca\u0165. To u\u017e Koh\u00fatov tr\u00e9noval Pochettino. V\u00a0sez\u00f3ne 2015\/16 len trikr\u00e1t zasiahol do ligov\u00e9ho diania, aj to nie v\u00a0z\u00e1kladnej zostave, a\u00a0po nezhod\u00e1ch s\u00a0tr\u00e9nersk\u00fdm \u0161t\u00e1bom sa ho rozhodol Tottenham preda\u0165.<\/p>\n<p>Na konci janu\u00e1rov\u00e9ho okna sa ho rozhodli z\u00edska\u0165 Straky z\u00a0Newcastle. Za \u00fadajn\u00fdch 12 mili\u00f3nov sa hr\u00e1\u010d s\u0165ahoval na St James&#8216; Park za nov\u00fdm \u0161\u00e9fom lavi\u010dky Steveom McClarenom. Ale ten nevydr\u017eal dlho, nako\u013eko klub bojoval o\u00a0zotrvanie v\u00a0s\u00fa\u0165a\u017ei. Zanedlho ho nahradil Rafael Ben\u00edtez, ale ani on napriek v\u0161etkej snahe nedok\u00e1zal zabr\u00e1ni\u0165 zostupu do druhej ligy. Ako to u\u017e b\u00fdva, \u0161ikovn\u00fd a\u00a0priamo\u010diary kr\u00eddeln\u00edk sa s\u00a0t\u00fdm nechcel zmieri\u0165. V\u00a0zmluve s\u00a0United mal aj celkom n\u00edzku v\u00fdkupn\u00fa klauzulu.<\/p>\n<p>T\u00fa v lete aktivovali Orli z Lond\u00fdna. Za 13 mili\u00f3nov libier i\u0161iel teda Townsend nasp\u00e4\u0165 do rodnej aglomer\u00e1cie, h\u00e1ji\u0165 farby Crystal Palace. Mal sl\u00fa\u017ei\u0165 ako n\u00e1hrada za Yannicka Bolasieho. Toho nek\u00fapil nikto in\u00fd ako Everton, za zhruba dvojn\u00e1sobok. Andros po \u0148om prebral aj \u010d\u00edslo 10 na drese. V klube bol dlhodobo stabiln\u00fd \u010dlen z\u00e1kladnej jeden\u00e1stky, doslova patril do kostry t\u00edmu a\u017e pod \u0161tyrmi r\u00f4znymi mana\u017e\u00e9rmi. No \u010das sa ned\u00e1 zastavi\u0165, a to ist\u00e9 sa dalo poveda\u0165 aj o spom\u00ednanej kostre, ktor\u00e1 potrebovala omladi\u0165. Preto sa Townsend na konci sez\u00f3ny 2020\/21 stal vo\u013en\u00fdm hr\u00e1\u010dom.<\/p>\n<p>\u0160ikovn\u00fd kr\u00eddeln\u00edk sa okam\u017eite po pr\u00edchode usadil v z\u00e1kladnej zostave Toffees, a hoci pod\u00e1val dobr\u00e9 v\u00fdkony, trpel na zl\u00fa hru t\u00edmu, \u010do \u010doskoro st\u00e1lo miesto Ben\u00edteza, ktor\u00e9ho nahradil Frank Lampard. B\u00fdval\u00fd skvel\u00fd stredopoliar tie\u017e staval na Townsendovi, ktor\u00fd si ale marci 2023 privodil v\u00e1\u017ene zranenie.<\/p>\n<p>Po\u010das \u0161tvr\u0165fin\u00e1le FA Cupu proti Crystal Palace zle dost\u00fapil a zasekli sa mu \u0161tuple kopa\u010diek do tr\u00e1vnika. N\u00e1sledn\u00e9 skenovanie magnetickou rezonanciou odhalilo zraneniu predn\u00e9ho skr\u00ed\u017een\u00e9ho v\u00e4zu, ktor\u00e9 aj kv\u00f4li komplik\u00e1ci\u00e1m po\u010das rekonvalesencie vyradilo Townsenda na viac ako rok a pol a\u017e do konca nasleduj\u00facej sez\u00f3ny 2022\/23.<\/p>\n<p>V drese Evertonu si ale Townsend u\u017e nezahral, preto\u017ee klub s n\u00edm v lete 2023 odmietol pred\u013a\u017ei\u0165 kon\u010diacu zmluvu. Blues opustil po 27 odohran\u00fdch z\u00e1pasov a siedmich g\u00f3loch a \u0161tyroch asistenci\u00e1ch vo v\u0161etk\u00fdch s\u00fa\u0165a\u017eiach.<\/p>\n","protected":false},"excerpt":{"rendered":"<p>Narozen: 16. 07. 1991, Leytonstone, Anglie V\u00fd\u0161ka: 181 cm V\u00e1ha: 77 kg Post: K\u0159\u00eddeln\u00edk V EFC od: 20. 07. 2021&hellip;<\/p>\n","protected":false},"author":6,"featured_media":0,"parent":70,"menu_order":0,"comment_status":"closed","ping_status":"closed","template":"","meta":{"_eb_attr":"","_monsterinsights_skip_tracking":false,"_monsterinsights_sitenote_active":false,"_monsterinsights_sitenote_note":"","_monsterinsights_sitenote_category":0,"footnotes":""},"yoast_head":"<!-- This site is optimized with the Yoast SEO plugin v23.4 - https:\/\/yoast.com\/wordpress\/plugins\/seo\/ -->\n<title>Andros Darryl Townsend - Official Czech &amp; Slovak Everton Supporters&#039; Club<\/title>\n<meta name=\"robots\" content=\"index, follow, max-snippet:-1, max-image-preview:large, max-video-preview:-1\" \/>\n<link rel=\"canonical\" href=\"https:\/\/evertonfc.cz\/index.php\/soupiska\/andros-townsend\/\" \/>\n<meta property=\"og:locale\" content=\"cs_CZ\" \/>\n<meta property=\"og:type\" content=\"article\" \/>\n<meta property=\"og:title\" content=\"Andros Darryl Townsend - Official Czech &amp; Slovak Everton Supporters&#039; Club\" \/>\n<meta property=\"og:description\" content=\"Narozen: 16. 07. 1991, Leytonstone, Anglie V\u00fd\u0161ka: 181 cm V\u00e1ha: 77 kg Post: K\u0159\u00eddeln\u00edk V EFC od: 20. 07. 2021&hellip;\" \/>\n<meta property=\"og:url\" content=\"https:\/\/evertonfc.cz\/index.php\/soupiska\/andros-townsend\/\" \/>\n<meta property=\"og:site_name\" content=\"Official Czech &amp; Slovak Everton Supporters&#039; Club\" \/>\n<meta property=\"article:publisher\" content=\"https:\/\/www.facebook.com\/everton.fans.cz.sk\" \/>\n<meta property=\"article:modified_time\" content=\"2023-06-14T11:31:38+00:00\" \/>\n<meta property=\"og:image\" content=\"https:\/\/evertonfc.cz\/wp-content\/uploads\/2023\/06\/andros_townsend.png\" \/>\n<meta name=\"twitter:card\" content=\"summary_large_image\" \/>\n<meta name=\"twitter:label1\" content=\"Odhadovan\u00e1 doba \u010dten\u00ed\" \/>\n\t<meta name=\"twitter:data1\" content=\"4 minuty\" \/>\n<script type=\"application\/ld+json\" class=\"yoast-schema-graph\">{\"@context\":\"https:\/\/schema.org\",\"@graph\":[{\"@type\":\"WebPage\",\"@id\":\"https:\/\/evertonfc.cz\/index.php\/soupiska\/andros-townsend\/\",\"url\":\"https:\/\/evertonfc.cz\/index.php\/soupiska\/andros-townsend\/\",\"name\":\"Andros Darryl Townsend - Official Czech &amp; Slovak Everton Supporters&#039; Club\",\"isPartOf\":{\"@id\":\"https:\/\/evertonfc.cz\/#website\"},\"primaryImageOfPage\":{\"@id\":\"https:\/\/evertonfc.cz\/index.php\/soupiska\/andros-townsend\/#primaryimage\"},\"image\":{\"@id\":\"https:\/\/evertonfc.cz\/index.php\/soupiska\/andros-townsend\/#primaryimage\"},\"thumbnailUrl\":\"https:\/\/evertonfc.cz\/wp-content\/uploads\/2023\/06\/andros_townsend.png\",\"datePublished\":\"2021-07-21T08:06:02+00:00\",\"dateModified\":\"2023-06-14T11:31:38+00:00\",\"breadcrumb\":{\"@id\":\"https:\/\/evertonfc.cz\/index.php\/soupiska\/andros-townsend\/#breadcrumb\"},\"inLanguage\":\"cs\",\"potentialAction\":[{\"@type\":\"ReadAction\",\"target\":[\"https:\/\/evertonfc.cz\/index.php\/soupiska\/andros-townsend\/\"]}]},{\"@type\":\"ImageObject\",\"inLanguage\":\"cs\",\"@id\":\"https:\/\/evertonfc.cz\/index.php\/soupiska\/andros-townsend\/#primaryimage\",\"url\":\"https:\/\/evertonfc.cz\/wp-content\/uploads\/2023\/06\/andros_townsend.png\",\"contentUrl\":\"https:\/\/evertonfc.cz\/wp-content\/uploads\/2023\/06\/andros_townsend.png\",\"width\":80,\"height\":83},{\"@type\":\"BreadcrumbList\",\"@id\":\"https:\/\/evertonfc.cz\/index.php\/soupiska\/andros-townsend\/#breadcrumb\",\"itemListElement\":[{\"@type\":\"ListItem\",\"position\":1,\"name\":\"Home\",\"item\":\"https:\/\/evertonfc.cz\/\"},{\"@type\":\"ListItem\",\"position\":2,\"name\":\"Soupiska\",\"item\":\"https:\/\/evertonfc.cz\/index.php\/soupiska\/\"},{\"@type\":\"ListItem\",\"position\":3,\"name\":\"Andros Darryl Townsend\"}]},{\"@type\":\"WebSite\",\"@id\":\"https:\/\/evertonfc.cz\/#website\",\"url\":\"https:\/\/evertonfc.cz\/\",\"name\":\"Official Czech &amp; Slovak Everton Supporters&#039; Club\",\"description\":\"\",\"publisher\":{\"@id\":\"https:\/\/evertonfc.cz\/#organization\"},\"potentialAction\":[{\"@type\":\"SearchAction\",\"target\":{\"@type\":\"EntryPoint\",\"urlTemplate\":\"https:\/\/evertonfc.cz\/?s={search_term_string}\"},\"query-input\":{\"@type\":\"PropertyValueSpecification\",\"valueRequired\":true,\"valueName\":\"search_term_string\"}}],\"inLanguage\":\"cs\"},{\"@type\":\"Organization\",\"@id\":\"https:\/\/evertonfc.cz\/#organization\",\"name\":\"Official Czech & Slovak Everton Supporters' Club\",\"url\":\"https:\/\/evertonfc.cz\/\",\"logo\":{\"@type\":\"ImageObject\",\"inLanguage\":\"cs\",\"@id\":\"https:\/\/evertonfc.cz\/#\/schema\/logo\/image\/\",\"url\":\"https:\/\/evertonfc.cz\/wp-content\/uploads\/2019\/05\/logo.png\",\"contentUrl\":\"https:\/\/evertonfc.cz\/wp-content\/uploads\/2019\/05\/logo.png\",\"width\":112,\"height\":112,\"caption\":\"Official Czech & Slovak Everton Supporters' Club\"},\"image\":{\"@id\":\"https:\/\/evertonfc.cz\/#\/schema\/logo\/image\/\"},\"sameAs\":[\"https:\/\/www.facebook.com\/everton.fans.cz.sk\"]}]}<\/script>\n<!-- \/ Yoast SEO plugin. -->","yoast_head_json":{"title":"Andros Darryl Townsend - Official Czech &amp; Slovak Everton Supporters&#039; Club","robots":{"index":"index","follow":"follow","max-snippet":"max-snippet:-1","max-image-preview":"max-image-preview:large","max-video-preview":"max-video-preview:-1"},"canonical":"https:\/\/evertonfc.cz\/index.php\/soupiska\/andros-townsend\/","og_locale":"cs_CZ","og_type":"article","og_title":"Andros Darryl Townsend - Official Czech &amp; Slovak Everton Supporters&#039; Club","og_description":"Narozen: 16. 07. 1991, Leytonstone, Anglie V\u00fd\u0161ka: 181 cm V\u00e1ha: 77 kg Post: K\u0159\u00eddeln\u00edk V EFC od: 20. 07. 2021&hellip;","og_url":"https:\/\/evertonfc.cz\/index.php\/soupiska\/andros-townsend\/","og_site_name":"Official Czech &amp; Slovak Everton Supporters&#039; Club","article_publisher":"https:\/\/www.facebook.com\/everton.fans.cz.sk","article_modified_time":"2023-06-14T11:31:38+00:00","og_image":[{"url":"https:\/\/evertonfc.cz\/wp-content\/uploads\/2023\/06\/andros_townsend.png"}],"twitter_card":"summary_large_image","twitter_misc":{"Odhadovan\u00e1 doba \u010dten\u00ed":"4 minuty"},"schema":{"@context":"https:\/\/schema.org","@graph":[{"@type":"WebPage","@id":"https:\/\/evertonfc.cz\/index.php\/soupiska\/andros-townsend\/","url":"https:\/\/evertonfc.cz\/index.php\/soupiska\/andros-townsend\/","name":"Andros Darryl Townsend - Official Czech &amp; Slovak Everton Supporters&#039; Club","isPartOf":{"@id":"https:\/\/evertonfc.cz\/#website"},"primaryImageOfPage":{"@id":"https:\/\/evertonfc.cz\/index.php\/soupiska\/andros-townsend\/#primaryimage"},"image":{"@id":"https:\/\/evertonfc.cz\/index.php\/soupiska\/andros-townsend\/#primaryimage"},"thumbnailUrl":"https:\/\/evertonfc.cz\/wp-content\/uploads\/2023\/06\/andros_townsend.png","datePublished":"2021-07-21T08:06:02+00:00","dateModified":"2023-06-14T11:31:38+00:00","breadcrumb":{"@id":"https:\/\/evertonfc.cz\/index.php\/soupiska\/andros-townsend\/#breadcrumb"},"inLanguage":"cs","potentialAction":[{"@type":"ReadAction","target":["https:\/\/evertonfc.cz\/index.php\/soupiska\/andros-townsend\/"]}]},{"@type":"ImageObject","inLanguage":"cs","@id":"https:\/\/evertonfc.cz\/index.php\/soupiska\/andros-townsend\/#primaryimage","url":"https:\/\/evertonfc.cz\/wp-content\/uploads\/2023\/06\/andros_townsend.png","contentUrl":"https:\/\/evertonfc.cz\/wp-content\/uploads\/2023\/06\/andros_townsend.png","width":80,"height":83},{"@type":"BreadcrumbList","@id":"https:\/\/evertonfc.cz\/index.php\/soupiska\/andros-townsend\/#breadcrumb","itemListElement":[{"@type":"ListItem","position":1,"name":"Home","item":"https:\/\/evertonfc.cz\/"},{"@type":"ListItem","position":2,"name":"Soupiska","item":"https:\/\/evertonfc.cz\/index.php\/soupiska\/"},{"@type":"ListItem","position":3,"name":"Andros Darryl Townsend"}]},{"@type":"WebSite","@id":"https:\/\/evertonfc.cz\/#website","url":"https:\/\/evertonfc.cz\/","name":"Official Czech &amp; Slovak Everton Supporters&#039; Club","description":"","publisher":{"@id":"https:\/\/evertonfc.cz\/#organization"},"potentialAction":[{"@type":"SearchAction","target":{"@type":"EntryPoint","urlTemplate":"https:\/\/evertonfc.cz\/?s={search_term_string}"},"query-input":{"@type":"PropertyValueSpecification","valueRequired":true,"valueName":"search_term_string"}}],"inLanguage":"cs"},{"@type":"Organization","@id":"https:\/\/evertonfc.cz\/#organization","name":"Official Czech & Slovak Everton Supporters' Club","url":"https:\/\/evertonfc.cz\/","logo":{"@type":"ImageObject","inLanguage":"cs","@id":"https:\/\/evertonfc.cz\/#\/schema\/logo\/image\/","url":"https:\/\/evertonfc.cz\/wp-content\/uploads\/2019\/05\/logo.png","contentUrl":"https:\/\/evertonfc.cz\/wp-content\/uploads\/2019\/05\/logo.png","width":112,"height":112,"caption":"Official Czech & Slovak Everton Supporters' Club"},"image":{"@id":"https:\/\/evertonfc.cz\/#\/schema\/logo\/image\/"},"sameAs":["https:\/\/www.facebook.com\/everton.fans.cz.sk"]}]}},"_links":{"self":[{"href":"https:\/\/evertonfc.cz\/index.php\/wp-json\/wp\/v2\/pages\/15848"}],"collection":[{"href":"https:\/\/evertonfc.cz\/index.php\/wp-json\/wp\/v2\/pages"}],"about":[{"href":"https:\/\/evertonfc.cz\/index.php\/wp-json\/wp\/v2\/types\/page"}],"author":[{"embeddable":true,"href":"https:\/\/evertonfc.cz\/index.php\/wp-json\/wp\/v2\/users\/6"}],"replies":[{"embeddable":true,"href":"https:\/\/evertonfc.cz\/index.php\/wp-json\/wp\/v2\/comments?post=15848"}],"version-history":[{"count":8,"href":"https:\/\/evertonfc.cz\/index.php\/wp-json\/wp\/v2\/pages\/15848\/revisions"}],"predecessor-version":[{"id":21834,"href":"https:\/\/evertonfc.cz\/index.php\/wp-json\/wp\/v2\/pages\/15848\/revisions\/21834"}],"up":[{"embeddable":true,"href":"https:\/\/evertonfc.cz\/index.php\/wp-json\/wp\/v2\/pages\/70"}],"wp:attachment":[{"href":"https:\/\/evertonfc.cz\/index.php\/wp-json\/wp\/v2\/media?parent=15848"}],"curies":[{"name":"wp","href":"https:\/\/api.w.org\/{rel}","templated":true}]}}