{"id":18361,"date":"2022-04-09T18:59:10","date_gmt":"2022-04-09T16:59:10","guid":{"rendered":"https:\/\/evertonfc.cz\/?page_id=18361"},"modified":"2022-04-09T19:02:22","modified_gmt":"2022-04-09T17:02:22","slug":"petr","status":"publish","type":"page","link":"https:\/\/evertonfc.cz\/index.php\/petr\/","title":{"rendered":"Petr"},"content":{"rendered":"<p><strong>Lokalita:<\/strong> \u010cR<br \/>\n<strong>Funkce: <\/strong>redaktor<br \/>\n<strong>Ve slu\u017eb\u00e1ch EFC od: <\/strong>5. 12. 2020<br \/>\n<strong>Kontakt: <\/strong><a href=\"mailto:czskevertonians@gmail.com\">czskevertonians@gmail.com<\/a><strong><br \/>\n<\/strong><strong><a href=\"https:\/\/evertonfc.cz\/index.php\/author\/petr\/\">Soupis \u010dl\u00e1nk\u016f<\/a><\/strong><\/p>\n<hr \/>\n<p>A\u017e do roku 2017 jsem Everton nesledoval o nic v\u00edce ne\u017e zbytek Premier League. Pak p\u0159i\u0161el zlom v podob\u011b skoro t\u0159\u00edlet\u00e9 n\u00e1v\u0161t\u011bvy Liverpoolu a prvn\u00edch z\u00e1pas\u016f &#8222;na\u017eivo&#8220;. Atmosf\u00e9ru na stadionu jsem si rychle zamiloval a za\u010dal fandit \u0159ekn\u011bme naplno. Po n\u00e1vratu zp\u00e1tky do \u010cech jsem narazil na web \u010deskoslovensk\u00e9ho fanklubu, kter\u00fd zrovna hledal redaktora. Od t\u00e9 doby p\u00ed\u0161u preview a reporty k z\u00e1pas\u016fm.<\/p>\n<p>Krom\u011b vzd\u00e1len\u00e9 podpory Toffees a v\u00fdpomoci na webu m\u011b bav\u00ed hc\/punkov\u00e1 muzika a koncerty, vegetari\u00e1nsk\u00e1 kuchyn\u011b, cestov\u00e1n\u00ed a nicned\u011bl\u00e1n\u00ed.<\/p>\n","protected":false},"excerpt":{"rendered":"<p>Lokalita: \u010cR Funkce: redaktor Ve slu\u017eb\u00e1ch EFC od: 5. 12. 2020 Kontakt: czskevertonians@gmail.com Soupis \u010dl\u00e1nk\u016f A\u017e do roku 2017 jsem&hellip;<\/p>\n","protected":false},"author":1,"featured_media":0,"parent":0,"menu_order":0,"comment_status":"closed","ping_status":"closed","template":"","meta":{"_eb_attr":"","_monsterinsights_skip_tracking":false,"_monsterinsights_sitenote_active":false,"_monsterinsights_sitenote_note":"","_monsterinsights_sitenote_category":0,"footnotes":""},"yoast_head":"<!-- This site is optimized with the Yoast SEO plugin v23.4 - https:\/\/yoast.com\/wordpress\/plugins\/seo\/ -->\n<title>Petr - Official Czech &amp; Slovak Everton Supporters&#039; Club<\/title>\n<meta name=\"robots\" content=\"index, follow, max-snippet:-1, max-image-preview:large, max-video-preview:-1\" \/>\n<link rel=\"canonical\" href=\"https:\/\/evertonfc.cz\/index.php\/petr\/\" \/>\n<meta property=\"og:locale\" content=\"cs_CZ\" \/>\n<meta property=\"og:type\" content=\"article\" \/>\n<meta property=\"og:title\" content=\"Petr - Official Czech &amp; Slovak Everton Supporters&#039; Club\" \/>\n<meta property=\"og:description\" content=\"Lokalita: \u010cR Funkce: redaktor Ve slu\u017eb\u00e1ch EFC od: 5. 12. 2020 Kontakt: czskevertonians@gmail.com Soupis \u010dl\u00e1nk\u016f A\u017e do roku 2017 jsem&hellip;\" \/>\n<meta property=\"og:url\" content=\"https:\/\/evertonfc.cz\/index.php\/petr\/\" \/>\n<meta property=\"og:site_name\" content=\"Official Czech &amp; Slovak Everton Supporters&#039; Club\" \/>\n<meta property=\"article:publisher\" content=\"https:\/\/www.facebook.com\/everton.fans.cz.sk\" \/>\n<meta property=\"article:modified_time\" content=\"2022-04-09T17:02:22+00:00\" \/>\n<meta name=\"twitter:card\" content=\"summary_large_image\" \/>\n<meta name=\"twitter:label1\" content=\"Odhadovan\u00e1 doba \u010dten\u00ed\" \/>\n\t<meta name=\"twitter:data1\" content=\"1 minuta\" \/>\n<script type=\"application\/ld+json\" class=\"yoast-schema-graph\">{\"@context\":\"https:\/\/schema.org\",\"@graph\":[{\"@type\":\"WebPage\",\"@id\":\"https:\/\/evertonfc.cz\/index.php\/petr\/\",\"url\":\"https:\/\/evertonfc.cz\/index.php\/petr\/\",\"name\":\"Petr - Official Czech &amp; Slovak Everton Supporters&#039; Club\",\"isPartOf\":{\"@id\":\"https:\/\/evertonfc.cz\/#website\"},\"datePublished\":\"2022-04-09T16:59:10+00:00\",\"dateModified\":\"2022-04-09T17:02:22+00:00\",\"breadcrumb\":{\"@id\":\"https:\/\/evertonfc.cz\/index.php\/petr\/#breadcrumb\"},\"inLanguage\":\"cs\",\"potentialAction\":[{\"@type\":\"ReadAction\",\"target\":[\"https:\/\/evertonfc.cz\/index.php\/petr\/\"]}]},{\"@type\":\"BreadcrumbList\",\"@id\":\"https:\/\/evertonfc.cz\/index.php\/petr\/#breadcrumb\",\"itemListElement\":[{\"@type\":\"ListItem\",\"position\":1,\"name\":\"Home\",\"item\":\"https:\/\/evertonfc.cz\/\"},{\"@type\":\"ListItem\",\"position\":2,\"name\":\"Petr\"}]},{\"@type\":\"WebSite\",\"@id\":\"https:\/\/evertonfc.cz\/#website\",\"url\":\"https:\/\/evertonfc.cz\/\",\"name\":\"Official Czech &amp; Slovak Everton Supporters&#039; Club\",\"description\":\"\",\"publisher\":{\"@id\":\"https:\/\/evertonfc.cz\/#organization\"},\"potentialAction\":[{\"@type\":\"SearchAction\",\"target\":{\"@type\":\"EntryPoint\",\"urlTemplate\":\"https:\/\/evertonfc.cz\/?s={search_term_string}\"},\"query-input\":{\"@type\":\"PropertyValueSpecification\",\"valueRequired\":true,\"valueName\":\"search_term_string\"}}],\"inLanguage\":\"cs\"},{\"@type\":\"Organization\",\"@id\":\"https:\/\/evertonfc.cz\/#organization\",\"name\":\"Official Czech & Slovak Everton Supporters' Club\",\"url\":\"https:\/\/evertonfc.cz\/\",\"logo\":{\"@type\":\"ImageObject\",\"inLanguage\":\"cs\",\"@id\":\"https:\/\/evertonfc.cz\/#\/schema\/logo\/image\/\",\"url\":\"https:\/\/evertonfc.cz\/wp-content\/uploads\/2019\/05\/logo.png\",\"contentUrl\":\"https:\/\/evertonfc.cz\/wp-content\/uploads\/2019\/05\/logo.png\",\"width\":112,\"height\":112,\"caption\":\"Official Czech & Slovak Everton Supporters' Club\"},\"image\":{\"@id\":\"https:\/\/evertonfc.cz\/#\/schema\/logo\/image\/\"},\"sameAs\":[\"https:\/\/www.facebook.com\/everton.fans.cz.sk\"]}]}<\/script>\n<!-- \/ Yoast SEO plugin. -->","yoast_head_json":{"title":"Petr - Official Czech &amp; Slovak Everton Supporters&#039; Club","robots":{"index":"index","follow":"follow","max-snippet":"max-snippet:-1","max-image-preview":"max-image-preview:large","max-video-preview":"max-video-preview:-1"},"canonical":"https:\/\/evertonfc.cz\/index.php\/petr\/","og_locale":"cs_CZ","og_type":"article","og_title":"Petr - Official Czech &amp; Slovak Everton Supporters&#039; Club","og_description":"Lokalita: \u010cR Funkce: redaktor Ve slu\u017eb\u00e1ch EFC od: 5. 12. 2020 Kontakt: czskevertonians@gmail.com Soupis \u010dl\u00e1nk\u016f A\u017e do roku 2017 jsem&hellip;","og_url":"https:\/\/evertonfc.cz\/index.php\/petr\/","og_site_name":"Official Czech &amp; Slovak Everton Supporters&#039; Club","article_publisher":"https:\/\/www.facebook.com\/everton.fans.cz.sk","article_modified_time":"2022-04-09T17:02:22+00:00","twitter_card":"summary_large_image","twitter_misc":{"Odhadovan\u00e1 doba \u010dten\u00ed":"1 minuta"},"schema":{"@context":"https:\/\/schema.org","@graph":[{"@type":"WebPage","@id":"https:\/\/evertonfc.cz\/index.php\/petr\/","url":"https:\/\/evertonfc.cz\/index.php\/petr\/","name":"Petr - Official Czech &amp; Slovak Everton Supporters&#039; Club","isPartOf":{"@id":"https:\/\/evertonfc.cz\/#website"},"datePublished":"2022-04-09T16:59:10+00:00","dateModified":"2022-04-09T17:02:22+00:00","breadcrumb":{"@id":"https:\/\/evertonfc.cz\/index.php\/petr\/#breadcrumb"},"inLanguage":"cs","potentialAction":[{"@type":"ReadAction","target":["https:\/\/evertonfc.cz\/index.php\/petr\/"]}]},{"@type":"BreadcrumbList","@id":"https:\/\/evertonfc.cz\/index.php\/petr\/#breadcrumb","itemListElement":[{"@type":"ListItem","position":1,"name":"Home","item":"https:\/\/evertonfc.cz\/"},{"@type":"ListItem","position":2,"name":"Petr"}]},{"@type":"WebSite","@id":"https:\/\/evertonfc.cz\/#website","url":"https:\/\/evertonfc.cz\/","name":"Official Czech &amp; Slovak Everton Supporters&#039; Club","description":"","publisher":{"@id":"https:\/\/evertonfc.cz\/#organization"},"potentialAction":[{"@type":"SearchAction","target":{"@type":"EntryPoint","urlTemplate":"https:\/\/evertonfc.cz\/?s={search_term_string}"},"query-input":{"@type":"PropertyValueSpecification","valueRequired":true,"valueName":"search_term_string"}}],"inLanguage":"cs"},{"@type":"Organization","@id":"https:\/\/evertonfc.cz\/#organization","name":"Official Czech & Slovak Everton Supporters' Club","url":"https:\/\/evertonfc.cz\/","logo":{"@type":"ImageObject","inLanguage":"cs","@id":"https:\/\/evertonfc.cz\/#\/schema\/logo\/image\/","url":"https:\/\/evertonfc.cz\/wp-content\/uploads\/2019\/05\/logo.png","contentUrl":"https:\/\/evertonfc.cz\/wp-content\/uploads\/2019\/05\/logo.png","width":112,"height":112,"caption":"Official Czech & Slovak Everton Supporters' Club"},"image":{"@id":"https:\/\/evertonfc.cz\/#\/schema\/logo\/image\/"},"sameAs":["https:\/\/www.facebook.com\/everton.fans.cz.sk"]}]}},"_links":{"self":[{"href":"https:\/\/evertonfc.cz\/index.php\/wp-json\/wp\/v2\/pages\/18361"}],"collection":[{"href":"https:\/\/evertonfc.cz\/index.php\/wp-json\/wp\/v2\/pages"}],"about":[{"href":"https:\/\/evertonfc.cz\/index.php\/wp-json\/wp\/v2\/types\/page"}],"author":[{"embeddable":true,"href":"https:\/\/evertonfc.cz\/index.php\/wp-json\/wp\/v2\/users\/1"}],"replies":[{"embeddable":true,"href":"https:\/\/evertonfc.cz\/index.php\/wp-json\/wp\/v2\/comments?post=18361"}],"version-history":[{"count":4,"href":"https:\/\/evertonfc.cz\/index.php\/wp-json\/wp\/v2\/pages\/18361\/revisions"}],"predecessor-version":[{"id":18366,"href":"https:\/\/evertonfc.cz\/index.php\/wp-json\/wp\/v2\/pages\/18361\/revisions\/18366"}],"wp:attachment":[{"href":"https:\/\/evertonfc.cz\/index.php\/wp-json\/wp\/v2\/media?parent=18361"}],"curies":[{"name":"wp","href":"https:\/\/api.w.org\/{rel}","templated":true}]}}

<p><strong>Lokalita:</strong> ČR<br />
<strong>Funkce: </strong>redaktor<br />
<strong>Ve službách EFC od: </strong>5. 12. 2020<br />
<strong>Kontakt: </strong><a href="mailto:czskevertonians@gmail.com">czskevertonians@gmail.com</a><strong><br />
</strong><strong><a href="https://evertonfc.cz/index.php/author/petr/">Soupis článků</a></strong></p>
<hr />
<p>Až do roku 2017 jsem Everton nesledoval o nic více než zbytek Premier League. Pak přišel zlom v podobě skoro tříleté návštěvy Liverpoolu a prvních zápasů &#8222;naživo&#8220;. Atmosféru na stadionu jsem si rychle zamiloval a začal fandit řekněme naplno. Po návratu zpátky do Čech jsem narazil na web československého fanklubu, který zrovna hledal redaktora. Od té doby píšu preview a reporty k zápasům.</p>
<p>Kromě vzdálené podpory Toffees a výpomoci na webu mě baví hc/punková muzika a koncerty, vegetariánská kuchyně, cestování a nicnedělání.</p>

<p>Lokalita: ČR Funkce: redaktor Ve službách EFC od: 5. 12. 2020 Kontakt: czskevertonians@gmail.com Soupis článků Až do roku 2017 jsem&hellip;</p>

<!-- This site is optimized with the Yoast SEO plugin v23.4 - https://yoast.com/wordpress/plugins/seo/ -->
<title>Petr - Official Czech &amp; Slovak Everton Supporters&#039; Club</title>
<meta name="robots" content="index, follow, max-snippet:-1, max-image-preview:large, max-video-preview:-1" />
<link rel="canonical" href="https://evertonfc.cz/index.php/petr/" />
<meta property="og:locale" content="cs_CZ" />
<meta property="og:type" content="article" />
<meta property="og:title" content="Petr - Official Czech &amp; Slovak Everton Supporters&#039; Club" />
<meta property="og:description" content="Lokalita: ČR Funkce: redaktor Ve službách EFC od: 5. 12. 2020 Kontakt: czskevertonians@gmail.com Soupis článků Až do roku 2017 jsem&hellip;" />
<meta property="og:url" content="https://evertonfc.cz/index.php/petr/" />
<meta property="og:site_name" content="Official Czech &amp; Slovak Everton Supporters&#039; Club" />
<meta property="article:publisher" content="https://www.facebook.com/everton.fans.cz.sk" />
<meta property="article:modified_time" content="2022-04-09T17:02:22+00:00" />
<meta name="twitter:card" content="summary_large_image" />
<meta name="twitter:label1" content="Odhadovaná doba čtení" />
	<meta name="twitter:data1" content="1 minuta" />
<script type="application/ld+json" class="yoast-schema-graph">{"@context":"https://schema.org","@graph":[{"@type":"WebPage","@id":"https://evertonfc.cz/index.php/petr/","url":"https://evertonfc.cz/index.php/petr/","name":"Petr - Official Czech &amp; Slovak Everton Supporters&#039; Club","isPartOf":{"@id":"https://evertonfc.cz/#website"},"datePublished":"2022-04-09T16:59:10+00:00","dateModified":"2022-04-09T17:02:22+00:00","breadcrumb":{"@id":"https://evertonfc.cz/index.php/petr/#breadcrumb"},"inLanguage":"cs","potentialAction":[{"@type":"ReadAction","target":["https://evertonfc.cz/index.php/petr/"]}]},{"@type":"BreadcrumbList","@id":"https://evertonfc.cz/index.php/petr/#breadcrumb","itemListElement":[{"@type":"ListItem","position":1,"name":"Home","item":"https://evertonfc.cz/"},{"@type":"ListItem","position":2,"name":"Petr"}]},{"@type":"WebSite","@id":"https://evertonfc.cz/#website","url":"https://evertonfc.cz/","name":"Official Czech &amp; Slovak Everton Supporters&#039; Club","description":"","publisher":{"@id":"https://evertonfc.cz/#organization"},"potentialAction":[{"@type":"SearchAction","target":{"@type":"EntryPoint","urlTemplate":"https://evertonfc.cz/?s={search_term_string}"},"query-input":{"@type":"PropertyValueSpecification","valueRequired":true,"valueName":"search_term_string"}}],"inLanguage":"cs"},{"@type":"Organization","@id":"https://evertonfc.cz/#organization","name":"Official Czech & Slovak Everton Supporters' Club","url":"https://evertonfc.cz/","logo":{"@type":"ImageObject","inLanguage":"cs","@id":"https://evertonfc.cz/#/schema/logo/image/","url":"https://evertonfc.cz/wp-content/uploads/2019/05/logo.png","contentUrl":"https://evertonfc.cz/wp-content/uploads/2019/05/logo.png","width":112,"height":112,"caption":"Official Czech & Slovak Everton Supporters' Club"},"image":{"@id":"https://evertonfc.cz/#/schema/logo/image/"},"sameAs":["https://www.facebook.com/everton.fans.cz.sk"]}]}</script>
<!-- / Yoast SEO plugin. -->

Lokalita: ČR Funkce: redaktor Ve službách EFC od: 5. 12. 2020 Kontakt: czskevertonians@gmail.com Soupis článků Až do roku 2017 jsem&hellip;
