{"id":19847,"date":"2022-09-13T21:09:47","date_gmt":"2022-09-13T19:09:47","guid":{"rendered":"https:\/\/evertonfc.cz\/?page_id=19847"},"modified":"2023-01-09T23:13:52","modified_gmt":"2023-01-09T22:13:52","slug":"eldin-jakupovic","status":"publish","type":"page","link":"https:\/\/evertonfc.cz\/index.php\/soupiska\/eldin-jakupovic\/","title":{"rendered":"Eldin Jakupovi\u0107"},"content":{"rendered":"<p><img decoding=\"async\" style=\"float: right; margin-right: 10px;\" src=\"https:\/\/evertonfc.cz\/wp-content\/uploads\/2023\/01\/jakupovic.png\" \/><strong>Narozen:<\/strong> 02. 11. 1984, Kozarac, Bosna a Hercegovina<br \/>\n<strong>V\u00fd\u0161ka:<\/strong> 191 cm<br \/>\n<strong>V\u00e1ha:<\/strong> 87 kg<br \/>\n<strong>Post:<\/strong> Brank\u00e1\u0159<br \/>\n<strong>\u010c\u00edslo dresu:<\/strong> 35<br \/>\n<strong>V EFC od:<\/strong> 13. 03. 2022<br \/>\n<strong>Do:<\/strong> 09. 01. 2023<\/p>\n<hr \/>\n<p>Krstn\u00fdm menom Eldin je rod\u00e1k e\u0161te z b\u00fdvalej juhoslovanskej Bosny a Hercegoviny, no m\u00e1 aj \u0161vaj\u010diarske ob\u010dianstvo, ke\u010f\u017ee sa tam ako die\u0165a s rodi\u010dmi pres\u0165ahoval kv\u00f4li vojne v rodnej krajine. To vyu\u017eil pri reprezentovan\u00ed Helv\u00e9tov v ml\u00e1de\u017en\u00edckych kateg\u00f3ri\u00e1ch a nesk\u00f4r aj v A-t\u00edme. Za Bosnu a Hercegovinu hral len 2x vo v\u00fdbere do 21 rokov. Pozv\u00e1nky do ich senior mu\u017estva ale viackr\u00e1t odmietol. \u010co je e\u0161te zauj\u00edmavej\u0161ie, tak od roku 2009 sa rozhodol nereprezentova\u0165 ani to \u0160vaj\u010diarsko, \u00fadajne z rodinn\u00fdch d\u00f4vodov.<\/p>\n<p>Svoju klubov\u00fa kari\u00e9ru za\u010dal tie\u017e v Alp\u00e1ch. Najprv v Grasshopperi, potom v Thun. Darilo sa mu a tak si vysl\u00fa\u017eil prestup do moskovskej Lokomot\u00edvy. O rok sa v\u0161ak vr\u00e1til sp\u00e4\u0165 do Grasshoppera na dvojro\u010dn\u00e9 hos\u0165ovanie. A ke\u010f si myslel, \u017ee s n\u00edm v Rusku naozaj po\u010d\u00edtaj\u00fa, pre nadmern\u00fd po\u010det zahrani\u010dn\u00fdch hr\u00e1\u010dov bol don\u00faten\u00fd h\u013eada\u0165 si op\u00e4\u0165 do\u010dasn\u00e9 p\u00f4sobisko. Takmer mu vy\u0161iel prestup do Tottenhamu, ale matersk\u00fd klub robil ob\u0161trukcie.<\/p>\n<p>Nesk\u00f4r sa s Lokomot\u00edvou dohodli na rozviazan\u00ed zmluvy a Eldin si na\u0161iel nov\u00fd klub v Gr\u00e9cku \u2013 Olympiakos Volou, ktor\u00fd po roku a zostupe vystriedal za Aris. To u\u017e ale znovu mieril do Anglicka, kde na sk\u00fa\u0161kach op\u00e4\u0165 oh\u00faril, tentoraz v\u0161ak Hull City. Najprv na kr\u00e1tkodob\u00fd kontrakt, nesk\u00f4r s dvojro\u010dnou zmluvou. Vz\u00e1p\u00e4t\u00ed v\u0161ak zase odi\u0161iel na hos\u0165ovanie. V League One si ho po\u017ei\u010dal lond\u00fdnsky Leyton Orient.<\/p>\n<p>N\u00e1sledn\u00e9 sez\u00f3ny medzi rokmi 2014-16 kryl ako dvojka chrb\u00e1t lep\u0161\u00edm kolegom v klube. No v sez\u00f3ne 2016\/17 po pr\u00edchode Marca Silvu do klubu sa razom stal jednotkou a skvel\u00fdmi v\u00fdkonmi prispel k takmer z\u00e1zra\u010dnej z\u00e1chrane, ktor\u00e1 sa o chlp nepodarila. Po zostupe si ho preto vyhliadli L\u00ed\u0161ky, ku ktor\u00fdm sa pripojil 3-ro\u010dnou zmluvou.<\/p>\n<p>Na East Midlands si ale zna\u010dne pohor\u0161il, a do br\u00e1ny sa u\u017e len ako tretia vo\u013eba dost\u00e1val sporadicky. Poh\u00e1re s tre\u0165oligistami, kde tam nejak\u00fd z\u00e1skok na lavi\u010dke, \u010di z\u00e1blesk v lige pre po\u010detn\u00e9 zranenia. Ke\u010f mu v lete 2022 vypr\u0161ala pred\u013a\u017een\u00e1 zmluva, s Leicesterom sa rozl\u00fa\u010dil po piatich rokoch a \u0161tyroch odchytan\u00fdch z\u00e1pasoch.<\/p>\n<p>V nasleduj\u00facom septembri Everton pon\u00fakol Jakupovi\u0107ovi kr\u00e1tkodob\u00fd kontrakt. D\u00f4vod? Jeho brank\u00e1rska jednotka Jordan Pickford sa zranila a aj tret\u00ed brank\u00e1r Andy Lonergan sa ocitol mimo hry kv\u00f4li zdravotn\u00fdm probl\u00e9mom. Toffees ho ale nakoniec iba raz posadili na lavi\u010dku n\u00e1hradn\u00edkov a v janu\u00e1ri 2023 ho po \u0161tyroch mesiacoch zadarmo pustili do z\u00e1morsk\u00e9ho celku Los Angeles.<\/p>\n","protected":false},"excerpt":{"rendered":"<p>Narozen: 02. 11. 1984, Kozarac, Bosna a Hercegovina V\u00fd\u0161ka: 191 cm V\u00e1ha: 87 kg Post: Brank\u00e1\u0159 \u010c\u00edslo dresu: 35 V&hellip;<\/p>\n","protected":false},"author":6,"featured_media":0,"parent":70,"menu_order":0,"comment_status":"closed","ping_status":"closed","template":"","meta":{"_eb_attr":"","_monsterinsights_skip_tracking":false,"_monsterinsights_sitenote_active":false,"_monsterinsights_sitenote_note":"","_monsterinsights_sitenote_category":0,"footnotes":""},"yoast_head":"<!-- This site is optimized with the Yoast SEO plugin v23.4 - https:\/\/yoast.com\/wordpress\/plugins\/seo\/ -->\n<title>Eldin Jakupovi\u0107 - Official Czech &amp; Slovak Everton Supporters&#039; Club<\/title>\n<meta name=\"robots\" content=\"index, follow, max-snippet:-1, max-image-preview:large, max-video-preview:-1\" \/>\n<link rel=\"canonical\" href=\"https:\/\/evertonfc.cz\/index.php\/soupiska\/eldin-jakupovic\/\" \/>\n<meta property=\"og:locale\" content=\"cs_CZ\" \/>\n<meta property=\"og:type\" content=\"article\" \/>\n<meta property=\"og:title\" content=\"Eldin Jakupovi\u0107 - Official Czech &amp; Slovak Everton Supporters&#039; Club\" \/>\n<meta property=\"og:description\" content=\"Narozen: 02. 11. 1984, Kozarac, Bosna a Hercegovina V\u00fd\u0161ka: 191 cm V\u00e1ha: 87 kg Post: Brank\u00e1\u0159 \u010c\u00edslo dresu: 35 V&hellip;\" \/>\n<meta property=\"og:url\" content=\"https:\/\/evertonfc.cz\/index.php\/soupiska\/eldin-jakupovic\/\" \/>\n<meta property=\"og:site_name\" content=\"Official Czech &amp; Slovak Everton Supporters&#039; Club\" \/>\n<meta property=\"article:publisher\" content=\"https:\/\/www.facebook.com\/everton.fans.cz.sk\" \/>\n<meta property=\"article:modified_time\" content=\"2023-01-09T22:13:52+00:00\" \/>\n<meta property=\"og:image\" content=\"https:\/\/evertonfc.cz\/wp-content\/uploads\/2023\/01\/jakupovic.png\" \/>\n<meta name=\"twitter:card\" content=\"summary_large_image\" \/>\n<meta name=\"twitter:label1\" content=\"Odhadovan\u00e1 doba \u010dten\u00ed\" \/>\n\t<meta name=\"twitter:data1\" content=\"3 minuty\" \/>\n<script type=\"application\/ld+json\" class=\"yoast-schema-graph\">{\"@context\":\"https:\/\/schema.org\",\"@graph\":[{\"@type\":\"WebPage\",\"@id\":\"https:\/\/evertonfc.cz\/index.php\/soupiska\/eldin-jakupovic\/\",\"url\":\"https:\/\/evertonfc.cz\/index.php\/soupiska\/eldin-jakupovic\/\",\"name\":\"Eldin Jakupovi\u0107 - Official Czech &amp; Slovak Everton Supporters&#039; Club\",\"isPartOf\":{\"@id\":\"https:\/\/evertonfc.cz\/#website\"},\"primaryImageOfPage\":{\"@id\":\"https:\/\/evertonfc.cz\/index.php\/soupiska\/eldin-jakupovic\/#primaryimage\"},\"image\":{\"@id\":\"https:\/\/evertonfc.cz\/index.php\/soupiska\/eldin-jakupovic\/#primaryimage\"},\"thumbnailUrl\":\"https:\/\/evertonfc.cz\/wp-content\/uploads\/2023\/01\/jakupovic.png\",\"datePublished\":\"2022-09-13T19:09:47+00:00\",\"dateModified\":\"2023-01-09T22:13:52+00:00\",\"breadcrumb\":{\"@id\":\"https:\/\/evertonfc.cz\/index.php\/soupiska\/eldin-jakupovic\/#breadcrumb\"},\"inLanguage\":\"cs\",\"potentialAction\":[{\"@type\":\"ReadAction\",\"target\":[\"https:\/\/evertonfc.cz\/index.php\/soupiska\/eldin-jakupovic\/\"]}]},{\"@type\":\"ImageObject\",\"inLanguage\":\"cs\",\"@id\":\"https:\/\/evertonfc.cz\/index.php\/soupiska\/eldin-jakupovic\/#primaryimage\",\"url\":\"https:\/\/evertonfc.cz\/wp-content\/uploads\/2023\/01\/jakupovic.png\",\"contentUrl\":\"https:\/\/evertonfc.cz\/wp-content\/uploads\/2023\/01\/jakupovic.png\",\"width\":80,\"height\":83},{\"@type\":\"BreadcrumbList\",\"@id\":\"https:\/\/evertonfc.cz\/index.php\/soupiska\/eldin-jakupovic\/#breadcrumb\",\"itemListElement\":[{\"@type\":\"ListItem\",\"position\":1,\"name\":\"Home\",\"item\":\"https:\/\/evertonfc.cz\/\"},{\"@type\":\"ListItem\",\"position\":2,\"name\":\"Soupiska\",\"item\":\"https:\/\/evertonfc.cz\/index.php\/soupiska\/\"},{\"@type\":\"ListItem\",\"position\":3,\"name\":\"Eldin Jakupovi\u0107\"}]},{\"@type\":\"WebSite\",\"@id\":\"https:\/\/evertonfc.cz\/#website\",\"url\":\"https:\/\/evertonfc.cz\/\",\"name\":\"Official Czech &amp; Slovak Everton Supporters&#039; Club\",\"description\":\"\",\"publisher\":{\"@id\":\"https:\/\/evertonfc.cz\/#organization\"},\"potentialAction\":[{\"@type\":\"SearchAction\",\"target\":{\"@type\":\"EntryPoint\",\"urlTemplate\":\"https:\/\/evertonfc.cz\/?s={search_term_string}\"},\"query-input\":{\"@type\":\"PropertyValueSpecification\",\"valueRequired\":true,\"valueName\":\"search_term_string\"}}],\"inLanguage\":\"cs\"},{\"@type\":\"Organization\",\"@id\":\"https:\/\/evertonfc.cz\/#organization\",\"name\":\"Official Czech & Slovak Everton Supporters' Club\",\"url\":\"https:\/\/evertonfc.cz\/\",\"logo\":{\"@type\":\"ImageObject\",\"inLanguage\":\"cs\",\"@id\":\"https:\/\/evertonfc.cz\/#\/schema\/logo\/image\/\",\"url\":\"https:\/\/evertonfc.cz\/wp-content\/uploads\/2019\/05\/logo.png\",\"contentUrl\":\"https:\/\/evertonfc.cz\/wp-content\/uploads\/2019\/05\/logo.png\",\"width\":112,\"height\":112,\"caption\":\"Official Czech & Slovak Everton Supporters' Club\"},\"image\":{\"@id\":\"https:\/\/evertonfc.cz\/#\/schema\/logo\/image\/\"},\"sameAs\":[\"https:\/\/www.facebook.com\/everton.fans.cz.sk\"]}]}<\/script>\n<!-- \/ Yoast SEO plugin. -->","yoast_head_json":{"title":"Eldin Jakupovi\u0107 - Official Czech &amp; Slovak Everton Supporters&#039; Club","robots":{"index":"index","follow":"follow","max-snippet":"max-snippet:-1","max-image-preview":"max-image-preview:large","max-video-preview":"max-video-preview:-1"},"canonical":"https:\/\/evertonfc.cz\/index.php\/soupiska\/eldin-jakupovic\/","og_locale":"cs_CZ","og_type":"article","og_title":"Eldin Jakupovi\u0107 - Official Czech &amp; Slovak Everton Supporters&#039; Club","og_description":"Narozen: 02. 11. 1984, Kozarac, Bosna a Hercegovina V\u00fd\u0161ka: 191 cm V\u00e1ha: 87 kg Post: Brank\u00e1\u0159 \u010c\u00edslo dresu: 35 V&hellip;","og_url":"https:\/\/evertonfc.cz\/index.php\/soupiska\/eldin-jakupovic\/","og_site_name":"Official Czech &amp; Slovak Everton Supporters&#039; Club","article_publisher":"https:\/\/www.facebook.com\/everton.fans.cz.sk","article_modified_time":"2023-01-09T22:13:52+00:00","og_image":[{"url":"https:\/\/evertonfc.cz\/wp-content\/uploads\/2023\/01\/jakupovic.png"}],"twitter_card":"summary_large_image","twitter_misc":{"Odhadovan\u00e1 doba \u010dten\u00ed":"3 minuty"},"schema":{"@context":"https:\/\/schema.org","@graph":[{"@type":"WebPage","@id":"https:\/\/evertonfc.cz\/index.php\/soupiska\/eldin-jakupovic\/","url":"https:\/\/evertonfc.cz\/index.php\/soupiska\/eldin-jakupovic\/","name":"Eldin Jakupovi\u0107 - Official Czech &amp; Slovak Everton Supporters&#039; Club","isPartOf":{"@id":"https:\/\/evertonfc.cz\/#website"},"primaryImageOfPage":{"@id":"https:\/\/evertonfc.cz\/index.php\/soupiska\/eldin-jakupovic\/#primaryimage"},"image":{"@id":"https:\/\/evertonfc.cz\/index.php\/soupiska\/eldin-jakupovic\/#primaryimage"},"thumbnailUrl":"https:\/\/evertonfc.cz\/wp-content\/uploads\/2023\/01\/jakupovic.png","datePublished":"2022-09-13T19:09:47+00:00","dateModified":"2023-01-09T22:13:52+00:00","breadcrumb":{"@id":"https:\/\/evertonfc.cz\/index.php\/soupiska\/eldin-jakupovic\/#breadcrumb"},"inLanguage":"cs","potentialAction":[{"@type":"ReadAction","target":["https:\/\/evertonfc.cz\/index.php\/soupiska\/eldin-jakupovic\/"]}]},{"@type":"ImageObject","inLanguage":"cs","@id":"https:\/\/evertonfc.cz\/index.php\/soupiska\/eldin-jakupovic\/#primaryimage","url":"https:\/\/evertonfc.cz\/wp-content\/uploads\/2023\/01\/jakupovic.png","contentUrl":"https:\/\/evertonfc.cz\/wp-content\/uploads\/2023\/01\/jakupovic.png","width":80,"height":83},{"@type":"BreadcrumbList","@id":"https:\/\/evertonfc.cz\/index.php\/soupiska\/eldin-jakupovic\/#breadcrumb","itemListElement":[{"@type":"ListItem","position":1,"name":"Home","item":"https:\/\/evertonfc.cz\/"},{"@type":"ListItem","position":2,"name":"Soupiska","item":"https:\/\/evertonfc.cz\/index.php\/soupiska\/"},{"@type":"ListItem","position":3,"name":"Eldin Jakupovi\u0107"}]},{"@type":"WebSite","@id":"https:\/\/evertonfc.cz\/#website","url":"https:\/\/evertonfc.cz\/","name":"Official Czech &amp; Slovak Everton Supporters&#039; Club","description":"","publisher":{"@id":"https:\/\/evertonfc.cz\/#organization"},"potentialAction":[{"@type":"SearchAction","target":{"@type":"EntryPoint","urlTemplate":"https:\/\/evertonfc.cz\/?s={search_term_string}"},"query-input":{"@type":"PropertyValueSpecification","valueRequired":true,"valueName":"search_term_string"}}],"inLanguage":"cs"},{"@type":"Organization","@id":"https:\/\/evertonfc.cz\/#organization","name":"Official Czech & Slovak Everton Supporters' Club","url":"https:\/\/evertonfc.cz\/","logo":{"@type":"ImageObject","inLanguage":"cs","@id":"https:\/\/evertonfc.cz\/#\/schema\/logo\/image\/","url":"https:\/\/evertonfc.cz\/wp-content\/uploads\/2019\/05\/logo.png","contentUrl":"https:\/\/evertonfc.cz\/wp-content\/uploads\/2019\/05\/logo.png","width":112,"height":112,"caption":"Official Czech & Slovak Everton Supporters' Club"},"image":{"@id":"https:\/\/evertonfc.cz\/#\/schema\/logo\/image\/"},"sameAs":["https:\/\/www.facebook.com\/everton.fans.cz.sk"]}]}},"_links":{"self":[{"href":"https:\/\/evertonfc.cz\/index.php\/wp-json\/wp\/v2\/pages\/19847"}],"collection":[{"href":"https:\/\/evertonfc.cz\/index.php\/wp-json\/wp\/v2\/pages"}],"about":[{"href":"https:\/\/evertonfc.cz\/index.php\/wp-json\/wp\/v2\/types\/page"}],"author":[{"embeddable":true,"href":"https:\/\/evertonfc.cz\/index.php\/wp-json\/wp\/v2\/users\/6"}],"replies":[{"embeddable":true,"href":"https:\/\/evertonfc.cz\/index.php\/wp-json\/wp\/v2\/comments?post=19847"}],"version-history":[{"count":5,"href":"https:\/\/evertonfc.cz\/index.php\/wp-json\/wp\/v2\/pages\/19847\/revisions"}],"predecessor-version":[{"id":20654,"href":"https:\/\/evertonfc.cz\/index.php\/wp-json\/wp\/v2\/pages\/19847\/revisions\/20654"}],"up":[{"embeddable":true,"href":"https:\/\/evertonfc.cz\/index.php\/wp-json\/wp\/v2\/pages\/70"}],"wp:attachment":[{"href":"https:\/\/evertonfc.cz\/index.php\/wp-json\/wp\/v2\/media?parent=19847"}],"curies":[{"name":"wp","href":"https:\/\/api.w.org\/{rel}","templated":true}]}}