{"id":7831,"date":"2019-05-24T14:04:12","date_gmt":"2019-05-24T12:04:12","guid":{"rendered":"https:\/\/evertonfc.cz\/?page_id=7831"},"modified":"2021-02-01T13:16:05","modified_gmt":"2021-02-01T12:16:05","slug":"jonas-lossl","status":"publish","type":"page","link":"https:\/\/evertonfc.cz\/index.php\/soupiska\/jonas-lossl\/","title":{"rendered":"Jonas Bybjerg L\u00f6ssl"},"content":{"rendered":"<p><img decoding=\"async\" style=\"float: right; margin-left: 10px; margin-right: 10px;\" src=\"https:\/\/evertonfc.cz\/wp-content\/uploads\/2021\/01\/lossl.png\" \/><strong>Narozen:<\/strong> 01. 02. 1989, Kolding, D\u00e1nsko<br \/>\n<strong>V\u00fd\u0161ka:<\/strong> 195 cm<br \/>\n<strong>V\u00e1ha:<\/strong> 89 kg<br \/>\n<strong>Post:<\/strong> Brank\u00e1\u0159<br \/>\n<strong>V EFC od:<\/strong> 01. 07. 2019<br \/>\n<strong>Do:<\/strong> 01. 02. 2021<\/p>\n<hr \/>\n<p>Jonas L\u00f6ssl za\u010dal fotbalovou kari\u00e9ru v d\u00e1nsk\u00e9m klubu Midtjylland, odkud se po p\u011bti sez\u00f3n\u00e1ch p\u0159esunul v l\u00e9t\u011b 2014 do Guingampu. Ve francouzsk\u00e9 prvn\u00ed lize vydr\u017eel dva roky, ne\u017e zam\u00ed\u0159il do n\u011bmeck\u00e9ho Mainzu (Mohu\u010de).<\/p>\n<p>V Bundeslize ale vydr\u017eel jenom jeden ro\u010dn\u00edk. Na za\u010d\u00e1tku sez\u00f3ny 2017\/18 ho na hostov\u00e1n\u00ed z\u00edskal Huddersfield. V Premier League debutoval 10 \u010dist\u00fdmi konty, a tak Terries podle p\u0159edpoklad\u016f uplatnili opci na p\u0159estup. Tak\u00e9 v n\u00e1sleduj\u00edc\u00edm ro\u010dn\u00edku L\u00f6ssl h\u00e1jil post g\u00f3lmansk\u00e9 jedni\u010dky a v posledn\u00edm celku sout\u011b\u017ee pat\u0159il do skromn\u00e9ho okruhu hr\u00e1\u010d\u016f, kte\u0159\u00ed snesli p\u0159\u00edsn\u011bj\u0161\u00ed kritiku.<\/p>\n<p>Urostl\u00fd brank\u00e1\u0159 Huddersfield po sestupu do druh\u00e9 ligy opustil jako voln\u00fd hr\u00e1\u010d, bez anga\u017em\u00e1 ale dlouho nez\u016fstal. T\u0159\u00edletou smlouvu podepsal s Evertonem, kde by m\u011bl zastat roli konkurenceschopn\u00e9 n\u00e1hrady g\u00f3lmansk\u00e9 jedni\u010dky Jordana Pickforda.<\/p>\n<p>L\u00f6ssl plat\u00ed za urostl\u00e9ho brank\u00e1\u0159e, kter\u00fd si dob\u0159e rad\u00ed s centry a opl\u00fdv\u00e1 slu\u0161nou kopac\u00ed technickou. B\u011bhem sv\u00e9ho p\u016fsoben\u00ed v Anglii dokonce zaznamenal dv\u011b asistence &#8211; ob\u011b v z\u00e1pasech s Manchesterem United.<\/p>\n<p>B\u011bhem prvn\u00edho p\u016flroku na Goodison Park ale L\u00f6ssl nedostal \u0161anci ani v jednom sout\u011b\u017en\u00edm z\u00e1pase, pouze se st\u0159\u00eddal s veter\u00e1nem Stekelenburgem na pozici g\u00f3lmana \u010d\u00edsla dva. Kdy\u017e tak v lednu 2020 obdr\u017eel nab\u00eddku dochytat sez\u00f3nu ve sv\u00e9m b\u00fdval\u00e9m p\u016fsobi\u0161ti v Huddersfieldu (u\u017e druholigov\u00e9m), po akceptaci Evertonu ji vyu\u017eil. Ve zn\u00e1m\u00e9m prost\u0159ed\u00ed odchytal D\u00e1n za p\u016flrok 15 z\u00e1pas\u016f a p\u0159isp\u011bl k z\u00e1chran\u011b Terries v Championship. V l\u00e9t\u011b 2020 se n\u00e1sledn\u011b vr\u00e1til na Goodison Park zabojovat o m\u00edsto mezi t\u0159emi ty\u010demi u\u017e pod nov\u00fdm mana\u017eerem Carlem Ancelottim. Ani pod italsk\u00fdm mana\u017eerem nedostal \u0161anci, a proto v zim\u011b 2021 s vd\u011bkem p\u0159ijal nab\u00eddku na n\u00e1vrat do vlasti. Zdarma ho rok a p\u016fl p\u0159ed koncem smlouvy v Evertonu, za kter\u00fd neodehr\u00e1l ani jeden sout\u011b\u017en\u00ed z\u00e1pas, z\u00edskal Midtjylland.<\/p>\n","protected":false},"excerpt":{"rendered":"<p>Narozen: 01. 02. 1989, Kolding, D\u00e1nsko V\u00fd\u0161ka: 195 cm V\u00e1ha: 89 kg Post: Brank\u00e1\u0159 V EFC od: 01. 07. 2019&hellip;<\/p>\n","protected":false},"author":6,"featured_media":0,"parent":70,"menu_order":0,"comment_status":"closed","ping_status":"closed","template":"","meta":{"_eb_attr":"","_monsterinsights_skip_tracking":false,"_monsterinsights_sitenote_active":false,"_monsterinsights_sitenote_note":"","_monsterinsights_sitenote_category":0,"footnotes":""},"yoast_head":"<!-- This site is optimized with the Yoast SEO plugin v23.4 - https:\/\/yoast.com\/wordpress\/plugins\/seo\/ -->\n<title>Jonas Bybjerg L\u00f6ssl - Official Czech &amp; Slovak Everton Supporters&#039; Club<\/title>\n<meta name=\"robots\" content=\"index, follow, max-snippet:-1, max-image-preview:large, max-video-preview:-1\" \/>\n<link rel=\"canonical\" href=\"https:\/\/evertonfc.cz\/index.php\/soupiska\/jonas-lossl\/\" \/>\n<meta property=\"og:locale\" content=\"cs_CZ\" \/>\n<meta property=\"og:type\" content=\"article\" \/>\n<meta property=\"og:title\" content=\"Jonas Bybjerg L\u00f6ssl - Official Czech &amp; Slovak Everton Supporters&#039; Club\" \/>\n<meta property=\"og:description\" content=\"Narozen: 01. 02. 1989, Kolding, D\u00e1nsko V\u00fd\u0161ka: 195 cm V\u00e1ha: 89 kg Post: Brank\u00e1\u0159 V EFC od: 01. 07. 2019&hellip;\" \/>\n<meta property=\"og:url\" content=\"https:\/\/evertonfc.cz\/index.php\/soupiska\/jonas-lossl\/\" \/>\n<meta property=\"og:site_name\" content=\"Official Czech &amp; Slovak Everton Supporters&#039; Club\" \/>\n<meta property=\"article:publisher\" content=\"https:\/\/www.facebook.com\/everton.fans.cz.sk\" \/>\n<meta property=\"article:modified_time\" content=\"2021-02-01T12:16:05+00:00\" \/>\n<meta property=\"og:image\" content=\"https:\/\/evertonfc.cz\/wp-content\/uploads\/2021\/01\/lossl.png\" \/>\n<meta name=\"twitter:card\" content=\"summary_large_image\" \/>\n<meta name=\"twitter:label1\" content=\"Odhadovan\u00e1 doba \u010dten\u00ed\" \/>\n\t<meta name=\"twitter:data1\" content=\"2 minuty\" \/>\n<script type=\"application\/ld+json\" class=\"yoast-schema-graph\">{\"@context\":\"https:\/\/schema.org\",\"@graph\":[{\"@type\":\"WebPage\",\"@id\":\"https:\/\/evertonfc.cz\/index.php\/soupiska\/jonas-lossl\/\",\"url\":\"https:\/\/evertonfc.cz\/index.php\/soupiska\/jonas-lossl\/\",\"name\":\"Jonas Bybjerg L\u00f6ssl - Official Czech &amp; Slovak Everton Supporters&#039; Club\",\"isPartOf\":{\"@id\":\"https:\/\/evertonfc.cz\/#website\"},\"primaryImageOfPage\":{\"@id\":\"https:\/\/evertonfc.cz\/index.php\/soupiska\/jonas-lossl\/#primaryimage\"},\"image\":{\"@id\":\"https:\/\/evertonfc.cz\/index.php\/soupiska\/jonas-lossl\/#primaryimage\"},\"thumbnailUrl\":\"https:\/\/evertonfc.cz\/wp-content\/uploads\/2021\/01\/lossl.png\",\"datePublished\":\"2019-05-24T12:04:12+00:00\",\"dateModified\":\"2021-02-01T12:16:05+00:00\",\"breadcrumb\":{\"@id\":\"https:\/\/evertonfc.cz\/index.php\/soupiska\/jonas-lossl\/#breadcrumb\"},\"inLanguage\":\"cs\",\"potentialAction\":[{\"@type\":\"ReadAction\",\"target\":[\"https:\/\/evertonfc.cz\/index.php\/soupiska\/jonas-lossl\/\"]}]},{\"@type\":\"ImageObject\",\"inLanguage\":\"cs\",\"@id\":\"https:\/\/evertonfc.cz\/index.php\/soupiska\/jonas-lossl\/#primaryimage\",\"url\":\"https:\/\/evertonfc.cz\/wp-content\/uploads\/2021\/01\/lossl.png\",\"contentUrl\":\"https:\/\/evertonfc.cz\/wp-content\/uploads\/2021\/01\/lossl.png\",\"width\":80,\"height\":83},{\"@type\":\"BreadcrumbList\",\"@id\":\"https:\/\/evertonfc.cz\/index.php\/soupiska\/jonas-lossl\/#breadcrumb\",\"itemListElement\":[{\"@type\":\"ListItem\",\"position\":1,\"name\":\"Home\",\"item\":\"https:\/\/evertonfc.cz\/\"},{\"@type\":\"ListItem\",\"position\":2,\"name\":\"Soupiska\",\"item\":\"https:\/\/evertonfc.cz\/index.php\/soupiska\/\"},{\"@type\":\"ListItem\",\"position\":3,\"name\":\"Jonas Bybjerg L\u00f6ssl\"}]},{\"@type\":\"WebSite\",\"@id\":\"https:\/\/evertonfc.cz\/#website\",\"url\":\"https:\/\/evertonfc.cz\/\",\"name\":\"Official Czech &amp; Slovak Everton Supporters&#039; Club\",\"description\":\"\",\"publisher\":{\"@id\":\"https:\/\/evertonfc.cz\/#organization\"},\"potentialAction\":[{\"@type\":\"SearchAction\",\"target\":{\"@type\":\"EntryPoint\",\"urlTemplate\":\"https:\/\/evertonfc.cz\/?s={search_term_string}\"},\"query-input\":{\"@type\":\"PropertyValueSpecification\",\"valueRequired\":true,\"valueName\":\"search_term_string\"}}],\"inLanguage\":\"cs\"},{\"@type\":\"Organization\",\"@id\":\"https:\/\/evertonfc.cz\/#organization\",\"name\":\"Official Czech & Slovak Everton Supporters' Club\",\"url\":\"https:\/\/evertonfc.cz\/\",\"logo\":{\"@type\":\"ImageObject\",\"inLanguage\":\"cs\",\"@id\":\"https:\/\/evertonfc.cz\/#\/schema\/logo\/image\/\",\"url\":\"https:\/\/evertonfc.cz\/wp-content\/uploads\/2019\/05\/logo.png\",\"contentUrl\":\"https:\/\/evertonfc.cz\/wp-content\/uploads\/2019\/05\/logo.png\",\"width\":112,\"height\":112,\"caption\":\"Official Czech & Slovak Everton Supporters' Club\"},\"image\":{\"@id\":\"https:\/\/evertonfc.cz\/#\/schema\/logo\/image\/\"},\"sameAs\":[\"https:\/\/www.facebook.com\/everton.fans.cz.sk\"]}]}<\/script>\n<!-- \/ Yoast SEO plugin. -->","yoast_head_json":{"title":"Jonas Bybjerg L\u00f6ssl - Official Czech &amp; Slovak Everton Supporters&#039; Club","robots":{"index":"index","follow":"follow","max-snippet":"max-snippet:-1","max-image-preview":"max-image-preview:large","max-video-preview":"max-video-preview:-1"},"canonical":"https:\/\/evertonfc.cz\/index.php\/soupiska\/jonas-lossl\/","og_locale":"cs_CZ","og_type":"article","og_title":"Jonas Bybjerg L\u00f6ssl - Official Czech &amp; Slovak Everton Supporters&#039; Club","og_description":"Narozen: 01. 02. 1989, Kolding, D\u00e1nsko V\u00fd\u0161ka: 195 cm V\u00e1ha: 89 kg Post: Brank\u00e1\u0159 V EFC od: 01. 07. 2019&hellip;","og_url":"https:\/\/evertonfc.cz\/index.php\/soupiska\/jonas-lossl\/","og_site_name":"Official Czech &amp; Slovak Everton Supporters&#039; Club","article_publisher":"https:\/\/www.facebook.com\/everton.fans.cz.sk","article_modified_time":"2021-02-01T12:16:05+00:00","og_image":[{"url":"https:\/\/evertonfc.cz\/wp-content\/uploads\/2021\/01\/lossl.png"}],"twitter_card":"summary_large_image","twitter_misc":{"Odhadovan\u00e1 doba \u010dten\u00ed":"2 minuty"},"schema":{"@context":"https:\/\/schema.org","@graph":[{"@type":"WebPage","@id":"https:\/\/evertonfc.cz\/index.php\/soupiska\/jonas-lossl\/","url":"https:\/\/evertonfc.cz\/index.php\/soupiska\/jonas-lossl\/","name":"Jonas Bybjerg L\u00f6ssl - Official Czech &amp; Slovak Everton Supporters&#039; Club","isPartOf":{"@id":"https:\/\/evertonfc.cz\/#website"},"primaryImageOfPage":{"@id":"https:\/\/evertonfc.cz\/index.php\/soupiska\/jonas-lossl\/#primaryimage"},"image":{"@id":"https:\/\/evertonfc.cz\/index.php\/soupiska\/jonas-lossl\/#primaryimage"},"thumbnailUrl":"https:\/\/evertonfc.cz\/wp-content\/uploads\/2021\/01\/lossl.png","datePublished":"2019-05-24T12:04:12+00:00","dateModified":"2021-02-01T12:16:05+00:00","breadcrumb":{"@id":"https:\/\/evertonfc.cz\/index.php\/soupiska\/jonas-lossl\/#breadcrumb"},"inLanguage":"cs","potentialAction":[{"@type":"ReadAction","target":["https:\/\/evertonfc.cz\/index.php\/soupiska\/jonas-lossl\/"]}]},{"@type":"ImageObject","inLanguage":"cs","@id":"https:\/\/evertonfc.cz\/index.php\/soupiska\/jonas-lossl\/#primaryimage","url":"https:\/\/evertonfc.cz\/wp-content\/uploads\/2021\/01\/lossl.png","contentUrl":"https:\/\/evertonfc.cz\/wp-content\/uploads\/2021\/01\/lossl.png","width":80,"height":83},{"@type":"BreadcrumbList","@id":"https:\/\/evertonfc.cz\/index.php\/soupiska\/jonas-lossl\/#breadcrumb","itemListElement":[{"@type":"ListItem","position":1,"name":"Home","item":"https:\/\/evertonfc.cz\/"},{"@type":"ListItem","position":2,"name":"Soupiska","item":"https:\/\/evertonfc.cz\/index.php\/soupiska\/"},{"@type":"ListItem","position":3,"name":"Jonas Bybjerg L\u00f6ssl"}]},{"@type":"WebSite","@id":"https:\/\/evertonfc.cz\/#website","url":"https:\/\/evertonfc.cz\/","name":"Official Czech &amp; Slovak Everton Supporters&#039; Club","description":"","publisher":{"@id":"https:\/\/evertonfc.cz\/#organization"},"potentialAction":[{"@type":"SearchAction","target":{"@type":"EntryPoint","urlTemplate":"https:\/\/evertonfc.cz\/?s={search_term_string}"},"query-input":{"@type":"PropertyValueSpecification","valueRequired":true,"valueName":"search_term_string"}}],"inLanguage":"cs"},{"@type":"Organization","@id":"https:\/\/evertonfc.cz\/#organization","name":"Official Czech & Slovak Everton Supporters' Club","url":"https:\/\/evertonfc.cz\/","logo":{"@type":"ImageObject","inLanguage":"cs","@id":"https:\/\/evertonfc.cz\/#\/schema\/logo\/image\/","url":"https:\/\/evertonfc.cz\/wp-content\/uploads\/2019\/05\/logo.png","contentUrl":"https:\/\/evertonfc.cz\/wp-content\/uploads\/2019\/05\/logo.png","width":112,"height":112,"caption":"Official Czech & Slovak Everton Supporters' Club"},"image":{"@id":"https:\/\/evertonfc.cz\/#\/schema\/logo\/image\/"},"sameAs":["https:\/\/www.facebook.com\/everton.fans.cz.sk"]}]}},"_links":{"self":[{"href":"https:\/\/evertonfc.cz\/index.php\/wp-json\/wp\/v2\/pages\/7831"}],"collection":[{"href":"https:\/\/evertonfc.cz\/index.php\/wp-json\/wp\/v2\/pages"}],"about":[{"href":"https:\/\/evertonfc.cz\/index.php\/wp-json\/wp\/v2\/types\/page"}],"author":[{"embeddable":true,"href":"https:\/\/evertonfc.cz\/index.php\/wp-json\/wp\/v2\/users\/6"}],"replies":[{"embeddable":true,"href":"https:\/\/evertonfc.cz\/index.php\/wp-json\/wp\/v2\/comments?post=7831"}],"version-history":[{"count":14,"href":"https:\/\/evertonfc.cz\/index.php\/wp-json\/wp\/v2\/pages\/7831\/revisions"}],"predecessor-version":[{"id":13829,"href":"https:\/\/evertonfc.cz\/index.php\/wp-json\/wp\/v2\/pages\/7831\/revisions\/13829"}],"up":[{"embeddable":true,"href":"https:\/\/evertonfc.cz\/index.php\/wp-json\/wp\/v2\/pages\/70"}],"wp:attachment":[{"href":"https:\/\/evertonfc.cz\/index.php\/wp-json\/wp\/v2\/media?parent=7831"}],"curies":[{"name":"wp","href":"https:\/\/api.w.org\/{rel}","templated":true}]}}