{"id":840,"date":"2019-01-05T19:38:19","date_gmt":"2019-01-05T18:38:19","guid":{"rendered":"http:\/\/evertonfc.cz\/?page_id=840"},"modified":"2020-07-27T19:55:12","modified_gmt":"2020-07-27T17:55:12","slug":"maarten-stekelenburg","status":"publish","type":"page","link":"https:\/\/evertonfc.cz\/index.php\/soupiska\/maarten-stekelenburg\/","title":{"rendered":"Maarten Stekelenburg"},"content":{"rendered":"<p><img decoding=\"async\" style=\"float: right; margin-left: 10px; margin-right: 10px;\" src=\"https:\/\/evertonfc.cz\/wp-content\/uploads\/2020\/07\/stekelenburg_maarten.png\" alt=\"\" \/><strong>Narozen:<\/strong>\u00a022. 09. 1982, Haarlem, Nizozemsko<br \/>\n<strong>V\u00fd\u0161ka:<\/strong>\u00a0197 cm<br \/>\n<strong>V\u00e1ha:<\/strong>\u00a092 kg<br \/>\n<strong>Post:\u00a0<\/strong>Brank\u00e1\u0159<br \/>\n<strong>V EFC od:<\/strong>\u00a001. 07. 2016<br \/>\n<strong>Do:<\/strong> 27. 07. 2020<\/p>\n<hr \/>\n<p>Maarten Stekelenburg za\u010dal kari\u00e9ru v provin\u010dn\u00edch klubech Zandvoort &#8217;75 a VV Schoten, ne\u017e se v 15 letech zakotvil v Ajaxu. Premi\u00e9rov\u011b se mezi ty\u010de prvn\u00edho mu\u017estva postavil v roce 2002 a prvn\u011b ochutnal sl\u00e1vu \u0161ampion\u016f o dva roky pozd\u011bji. Deseti starty p\u0159isp\u011bl k mistrovsk\u00e9mu titulu v Eredivisie. Na m\u00edsto jedni\u010dky pov\u00fd\u0161il p\u0159ed sez\u00f3nou 2005\/06 coby t\u0159iadvacetilet\u00fd. Konzistentn\u00edmi v\u00fdkony, a\u010d ho ob\u010das p\u0159ibrzdily zdravotn\u00ed probl\u00e9my, si t\u00e9\u017e \u0159ekl o m\u00edsto v n\u00e1rodn\u00edm t\u00fdm. Debutoval v n\u011bm v roce 2004 p\u0159i v\u00fdh\u0159e 3:0 proti\u00a0Lichten\u0161tejnsku. S Ajaxem si tak\u00e9 zahr\u00e1l Ligy mistr\u016f, ov\u0161em na ligov\u00fd prim\u00e1t \u010dekal a\u017e do ro\u010dn\u00edku 2010\/11, o n\u011bho\u017e se zaslou\u017eil v\u00fdrazn\u011b, v\u017edy\u0165 byl vyhl\u00e1\u0161en klubov\u00fdm hr\u00e1\u010dem sez\u00f3ny.<\/p>\n<p>Po vav\u0159\u00ednech neodolal z\u00e1jmu ze zahrani\u010d\u00ed a vydal se na zku\u0161enou do It\u00e1lie, za \u20ac6m ho z\u00edskalo \u0159\u00edmsk\u00e9 AS, kde se okam\u017eit\u011b uchopil postu jedni\u010dky. B\u011bhem druh\u00e9ho ruku v\u0161ak za\u010dal i kv\u016fli vlekl\u00fdm zran\u011bn\u00edm\u00a0pab\u011brkovat, proto v l\u00e9t\u011b 2013 zvolil p\u0159esun na Ostrovy, zakotvil ve Fulhamu. Anga\u017em\u00e1 na Craven Cottage si dozajista p\u0159edstavoval jinak, Stekelenburgovi se nepoda\u0159ilo probojovat na pozici prvn\u00edho branka\u0159e a Cottagers sestoupili z Premier League.<\/p>\n<p>N\u00e1sledovalo dal\u0161\u00ed st\u011bhov\u00e1n\u00ed, na ro\u010dn\u00ed hostov\u00e1n\u00ed zam\u00ed\u0159il do AS Monaka, v kn\u00ed\u017eectv\u00ed kryl z\u00e1da Danijeli Suba\u0161i\u0107ovi. Pro p\u0159\u00ed\u0161t\u00ed sez\u00f3nu si ho do Southamptonu vyt\u00e1hl krajan Ronald Koeman, op\u011bt se jednalo o hostov\u00e1n\u00ed. Za holandsk\u00fdm mana\u017eerem nep\u0159i\u0161el s vidinou z\u00e1kladn\u00ed sestavy, nicm\u00e9n\u011b po zran\u011bn\u00ed hlavn\u00edho branka\u0159e Frasera Forstera si nakonec za Saints zachytal 25x. Na druhou stranu \u017ee by nijak v\u00fdrazn\u011b oslnil, konstatovat nelze, Forstera plnohodnotn\u011b nezastoupil. Koeman po dvou \u00fasp\u011b\u0161n\u00fdch letech na jihu Anglie zvolil zm\u011bnu, kdy\u017e se mu zal\u00edbil projekt v Evertonu. V \u010dervnu roku 2016 se stal mana\u017eerem Toffees a jako prvn\u00ed posilu si p\u0159ivedl pr\u00e1v\u011b Stekelenburga, Southampton za n\u011bj obdr\u017eel 850 tis\u00edc liber.<\/p>\n<p>Na Goodison Parku ale finalista mistrovstv\u00ed sv\u011bta 2010 velkou d\u00edru do sv\u011bta neud\u011blal, pravideln\u011b vlastn\u011b chytal pouze v prvn\u00edm ro\u010dn\u00edku 2016\/17. Pot\u00e9, zejm\u00e9na kv\u016fli odchodu sv\u00e9ho chr\u00e1n\u011bnce mana\u017eera Koemana na podzim 2017, se dost\u00e1val mezi t\u0159i ty\u010de pouze v poh\u00e1rech. Za \u010dty\u0159i roky odchytal pouh\u00fdch 26 z\u00e1pas\u016f a v l\u00e9t\u011b 2020 po vypr\u0161en\u00ed smlouvy zam\u00ed\u0159il do rodn\u00e9 vlasti do zn\u00e1m\u00e9ho prost\u0159ed\u00ed v Ajaxu, kde za\u010dal profesion\u00e1ln\u00ed kari\u00e9ru fotbalisty.<\/p>\n","protected":false},"excerpt":{"rendered":"<p>Narozen:\u00a022. 09. 1982, Haarlem, Nizozemsko V\u00fd\u0161ka:\u00a0197 cm V\u00e1ha:\u00a092 kg Post:\u00a0Brank\u00e1\u0159 V EFC od:\u00a001. 07. 2016 Do: 27. 07. 2020 Maarten&hellip;<\/p>\n","protected":false},"author":6,"featured_media":0,"parent":70,"menu_order":0,"comment_status":"closed","ping_status":"closed","template":"","meta":{"_eb_attr":"","_monsterinsights_skip_tracking":false,"_monsterinsights_sitenote_active":false,"_monsterinsights_sitenote_note":"","_monsterinsights_sitenote_category":0,"footnotes":""},"yoast_head":"<!-- This site is optimized with the Yoast SEO plugin v23.4 - https:\/\/yoast.com\/wordpress\/plugins\/seo\/ -->\n<title>Maarten Stekelenburg - Official Czech &amp; Slovak Everton Supporters&#039; Club<\/title>\n<meta name=\"robots\" content=\"index, follow, max-snippet:-1, max-image-preview:large, max-video-preview:-1\" \/>\n<link rel=\"canonical\" href=\"https:\/\/evertonfc.cz\/index.php\/soupiska\/maarten-stekelenburg\/\" \/>\n<meta property=\"og:locale\" content=\"cs_CZ\" \/>\n<meta property=\"og:type\" content=\"article\" \/>\n<meta property=\"og:title\" content=\"Maarten Stekelenburg - Official Czech &amp; Slovak Everton Supporters&#039; Club\" \/>\n<meta property=\"og:description\" content=\"Narozen:\u00a022. 09. 1982, Haarlem, Nizozemsko V\u00fd\u0161ka:\u00a0197 cm V\u00e1ha:\u00a092 kg Post:\u00a0Brank\u00e1\u0159 V EFC od:\u00a001. 07. 2016 Do: 27. 07. 2020 Maarten&hellip;\" \/>\n<meta property=\"og:url\" content=\"https:\/\/evertonfc.cz\/index.php\/soupiska\/maarten-stekelenburg\/\" \/>\n<meta property=\"og:site_name\" content=\"Official Czech &amp; Slovak Everton Supporters&#039; Club\" \/>\n<meta property=\"article:publisher\" content=\"https:\/\/www.facebook.com\/everton.fans.cz.sk\" \/>\n<meta property=\"article:modified_time\" content=\"2020-07-27T17:55:12+00:00\" \/>\n<meta property=\"og:image\" content=\"https:\/\/evertonfc.cz\/wp-content\/uploads\/2020\/07\/stekelenburg_maarten.png\" \/>\n<meta name=\"twitter:card\" content=\"summary_large_image\" \/>\n<meta name=\"twitter:label1\" content=\"Odhadovan\u00e1 doba \u010dten\u00ed\" \/>\n\t<meta name=\"twitter:data1\" content=\"2 minuty\" \/>\n<script type=\"application\/ld+json\" class=\"yoast-schema-graph\">{\"@context\":\"https:\/\/schema.org\",\"@graph\":[{\"@type\":\"WebPage\",\"@id\":\"https:\/\/evertonfc.cz\/index.php\/soupiska\/maarten-stekelenburg\/\",\"url\":\"https:\/\/evertonfc.cz\/index.php\/soupiska\/maarten-stekelenburg\/\",\"name\":\"Maarten Stekelenburg - Official Czech &amp; Slovak Everton Supporters&#039; Club\",\"isPartOf\":{\"@id\":\"https:\/\/evertonfc.cz\/#website\"},\"primaryImageOfPage\":{\"@id\":\"https:\/\/evertonfc.cz\/index.php\/soupiska\/maarten-stekelenburg\/#primaryimage\"},\"image\":{\"@id\":\"https:\/\/evertonfc.cz\/index.php\/soupiska\/maarten-stekelenburg\/#primaryimage\"},\"thumbnailUrl\":\"https:\/\/evertonfc.cz\/wp-content\/uploads\/2020\/07\/stekelenburg_maarten.png\",\"datePublished\":\"2019-01-05T18:38:19+00:00\",\"dateModified\":\"2020-07-27T17:55:12+00:00\",\"breadcrumb\":{\"@id\":\"https:\/\/evertonfc.cz\/index.php\/soupiska\/maarten-stekelenburg\/#breadcrumb\"},\"inLanguage\":\"cs\",\"potentialAction\":[{\"@type\":\"ReadAction\",\"target\":[\"https:\/\/evertonfc.cz\/index.php\/soupiska\/maarten-stekelenburg\/\"]}]},{\"@type\":\"ImageObject\",\"inLanguage\":\"cs\",\"@id\":\"https:\/\/evertonfc.cz\/index.php\/soupiska\/maarten-stekelenburg\/#primaryimage\",\"url\":\"https:\/\/evertonfc.cz\/wp-content\/uploads\/2020\/07\/stekelenburg_maarten.png\",\"contentUrl\":\"https:\/\/evertonfc.cz\/wp-content\/uploads\/2020\/07\/stekelenburg_maarten.png\",\"width\":80,\"height\":83},{\"@type\":\"BreadcrumbList\",\"@id\":\"https:\/\/evertonfc.cz\/index.php\/soupiska\/maarten-stekelenburg\/#breadcrumb\",\"itemListElement\":[{\"@type\":\"ListItem\",\"position\":1,\"name\":\"Home\",\"item\":\"https:\/\/evertonfc.cz\/\"},{\"@type\":\"ListItem\",\"position\":2,\"name\":\"Soupiska\",\"item\":\"https:\/\/evertonfc.cz\/index.php\/soupiska\/\"},{\"@type\":\"ListItem\",\"position\":3,\"name\":\"Maarten Stekelenburg\"}]},{\"@type\":\"WebSite\",\"@id\":\"https:\/\/evertonfc.cz\/#website\",\"url\":\"https:\/\/evertonfc.cz\/\",\"name\":\"Official Czech &amp; Slovak Everton Supporters&#039; Club\",\"description\":\"\",\"publisher\":{\"@id\":\"https:\/\/evertonfc.cz\/#organization\"},\"potentialAction\":[{\"@type\":\"SearchAction\",\"target\":{\"@type\":\"EntryPoint\",\"urlTemplate\":\"https:\/\/evertonfc.cz\/?s={search_term_string}\"},\"query-input\":{\"@type\":\"PropertyValueSpecification\",\"valueRequired\":true,\"valueName\":\"search_term_string\"}}],\"inLanguage\":\"cs\"},{\"@type\":\"Organization\",\"@id\":\"https:\/\/evertonfc.cz\/#organization\",\"name\":\"Official Czech & Slovak Everton Supporters' Club\",\"url\":\"https:\/\/evertonfc.cz\/\",\"logo\":{\"@type\":\"ImageObject\",\"inLanguage\":\"cs\",\"@id\":\"https:\/\/evertonfc.cz\/#\/schema\/logo\/image\/\",\"url\":\"https:\/\/evertonfc.cz\/wp-content\/uploads\/2019\/05\/logo.png\",\"contentUrl\":\"https:\/\/evertonfc.cz\/wp-content\/uploads\/2019\/05\/logo.png\",\"width\":112,\"height\":112,\"caption\":\"Official Czech & Slovak Everton Supporters' Club\"},\"image\":{\"@id\":\"https:\/\/evertonfc.cz\/#\/schema\/logo\/image\/\"},\"sameAs\":[\"https:\/\/www.facebook.com\/everton.fans.cz.sk\"]}]}<\/script>\n<!-- \/ Yoast SEO plugin. -->","yoast_head_json":{"title":"Maarten Stekelenburg - Official Czech &amp; Slovak Everton Supporters&#039; Club","robots":{"index":"index","follow":"follow","max-snippet":"max-snippet:-1","max-image-preview":"max-image-preview:large","max-video-preview":"max-video-preview:-1"},"canonical":"https:\/\/evertonfc.cz\/index.php\/soupiska\/maarten-stekelenburg\/","og_locale":"cs_CZ","og_type":"article","og_title":"Maarten Stekelenburg - Official Czech &amp; Slovak Everton Supporters&#039; Club","og_description":"Narozen:\u00a022. 09. 1982, Haarlem, Nizozemsko V\u00fd\u0161ka:\u00a0197 cm V\u00e1ha:\u00a092 kg Post:\u00a0Brank\u00e1\u0159 V EFC od:\u00a001. 07. 2016 Do: 27. 07. 2020 Maarten&hellip;","og_url":"https:\/\/evertonfc.cz\/index.php\/soupiska\/maarten-stekelenburg\/","og_site_name":"Official Czech &amp; Slovak Everton Supporters&#039; Club","article_publisher":"https:\/\/www.facebook.com\/everton.fans.cz.sk","article_modified_time":"2020-07-27T17:55:12+00:00","og_image":[{"url":"https:\/\/evertonfc.cz\/wp-content\/uploads\/2020\/07\/stekelenburg_maarten.png"}],"twitter_card":"summary_large_image","twitter_misc":{"Odhadovan\u00e1 doba \u010dten\u00ed":"2 minuty"},"schema":{"@context":"https:\/\/schema.org","@graph":[{"@type":"WebPage","@id":"https:\/\/evertonfc.cz\/index.php\/soupiska\/maarten-stekelenburg\/","url":"https:\/\/evertonfc.cz\/index.php\/soupiska\/maarten-stekelenburg\/","name":"Maarten Stekelenburg - Official Czech &amp; Slovak Everton Supporters&#039; Club","isPartOf":{"@id":"https:\/\/evertonfc.cz\/#website"},"primaryImageOfPage":{"@id":"https:\/\/evertonfc.cz\/index.php\/soupiska\/maarten-stekelenburg\/#primaryimage"},"image":{"@id":"https:\/\/evertonfc.cz\/index.php\/soupiska\/maarten-stekelenburg\/#primaryimage"},"thumbnailUrl":"https:\/\/evertonfc.cz\/wp-content\/uploads\/2020\/07\/stekelenburg_maarten.png","datePublished":"2019-01-05T18:38:19+00:00","dateModified":"2020-07-27T17:55:12+00:00","breadcrumb":{"@id":"https:\/\/evertonfc.cz\/index.php\/soupiska\/maarten-stekelenburg\/#breadcrumb"},"inLanguage":"cs","potentialAction":[{"@type":"ReadAction","target":["https:\/\/evertonfc.cz\/index.php\/soupiska\/maarten-stekelenburg\/"]}]},{"@type":"ImageObject","inLanguage":"cs","@id":"https:\/\/evertonfc.cz\/index.php\/soupiska\/maarten-stekelenburg\/#primaryimage","url":"https:\/\/evertonfc.cz\/wp-content\/uploads\/2020\/07\/stekelenburg_maarten.png","contentUrl":"https:\/\/evertonfc.cz\/wp-content\/uploads\/2020\/07\/stekelenburg_maarten.png","width":80,"height":83},{"@type":"BreadcrumbList","@id":"https:\/\/evertonfc.cz\/index.php\/soupiska\/maarten-stekelenburg\/#breadcrumb","itemListElement":[{"@type":"ListItem","position":1,"name":"Home","item":"https:\/\/evertonfc.cz\/"},{"@type":"ListItem","position":2,"name":"Soupiska","item":"https:\/\/evertonfc.cz\/index.php\/soupiska\/"},{"@type":"ListItem","position":3,"name":"Maarten Stekelenburg"}]},{"@type":"WebSite","@id":"https:\/\/evertonfc.cz\/#website","url":"https:\/\/evertonfc.cz\/","name":"Official Czech &amp; Slovak Everton Supporters&#039; Club","description":"","publisher":{"@id":"https:\/\/evertonfc.cz\/#organization"},"potentialAction":[{"@type":"SearchAction","target":{"@type":"EntryPoint","urlTemplate":"https:\/\/evertonfc.cz\/?s={search_term_string}"},"query-input":{"@type":"PropertyValueSpecification","valueRequired":true,"valueName":"search_term_string"}}],"inLanguage":"cs"},{"@type":"Organization","@id":"https:\/\/evertonfc.cz\/#organization","name":"Official Czech & Slovak Everton Supporters' Club","url":"https:\/\/evertonfc.cz\/","logo":{"@type":"ImageObject","inLanguage":"cs","@id":"https:\/\/evertonfc.cz\/#\/schema\/logo\/image\/","url":"https:\/\/evertonfc.cz\/wp-content\/uploads\/2019\/05\/logo.png","contentUrl":"https:\/\/evertonfc.cz\/wp-content\/uploads\/2019\/05\/logo.png","width":112,"height":112,"caption":"Official Czech & Slovak Everton Supporters' Club"},"image":{"@id":"https:\/\/evertonfc.cz\/#\/schema\/logo\/image\/"},"sameAs":["https:\/\/www.facebook.com\/everton.fans.cz.sk"]}]}},"_links":{"self":[{"href":"https:\/\/evertonfc.cz\/index.php\/wp-json\/wp\/v2\/pages\/840"}],"collection":[{"href":"https:\/\/evertonfc.cz\/index.php\/wp-json\/wp\/v2\/pages"}],"about":[{"href":"https:\/\/evertonfc.cz\/index.php\/wp-json\/wp\/v2\/types\/page"}],"author":[{"embeddable":true,"href":"https:\/\/evertonfc.cz\/index.php\/wp-json\/wp\/v2\/users\/6"}],"replies":[{"embeddable":true,"href":"https:\/\/evertonfc.cz\/index.php\/wp-json\/wp\/v2\/comments?post=840"}],"version-history":[{"count":8,"href":"https:\/\/evertonfc.cz\/index.php\/wp-json\/wp\/v2\/pages\/840\/revisions"}],"predecessor-version":[{"id":11515,"href":"https:\/\/evertonfc.cz\/index.php\/wp-json\/wp\/v2\/pages\/840\/revisions\/11515"}],"up":[{"embeddable":true,"href":"https:\/\/evertonfc.cz\/index.php\/wp-json\/wp\/v2\/pages\/70"}],"wp:attachment":[{"href":"https:\/\/evertonfc.cz\/index.php\/wp-json\/wp\/v2\/media?parent=840"}],"curies":[{"name":"wp","href":"https:\/\/api.w.org\/{rel}","templated":true}]}}