{"id":850,"date":"2019-01-05T19:55:40","date_gmt":"2019-01-05T18:55:40","guid":{"rendered":"http:\/\/evertonfc.cz\/?page_id=850"},"modified":"2019-07-05T06:55:49","modified_gmt":"2019-07-05T04:55:49","slug":"phil-jagielka","status":"publish","type":"page","link":"https:\/\/evertonfc.cz\/index.php\/soupiska\/phil-jagielka\/","title":{"rendered":"Filip Nikodem Jagielka"},"content":{"rendered":"<p><strong><img loading=\"lazy\" decoding=\"async\" style=\"float: right; margin-left: 10px; margin-right: 10px;\" src=\"https:\/\/evertonfc.cz\/wp-content\/uploads\/2019\/06\/jagielka_phil.jpg\" alt=\"\" width=\"80\" height=\"83\" \/>Narozen:<\/strong>\u00a017. 08. 1982, Manchester, Anglie<br \/>\n<strong>V\u00fd\u0161ka:<\/strong>\u00a0183 cm<br \/>\n<strong>V\u00e1ha:<\/strong>\u00a083 kg<br \/>\n<strong>Post:<\/strong> Obr\u00e1nce<br \/>\n<strong>V EFC od:<\/strong>\u00a004. 07. 2007<br \/>\n<strong>Do:<\/strong>\u00a030. 06. 2019<\/p>\n<hr \/>\n<p>Jags za\u010dal svou profesion\u00e1ln\u00ed kari\u00e9ru v Sheffieldu United, za A t\u00fdm debutoval 5. kv\u011btna 2000 proti Swindonu. Za rok u\u017e m\u011bl s The Blades podepsanou novou t\u0159\u00edletou smlouvu, i kdy\u017e naplno se v prvn\u00edm t\u00fdmu prosadil a\u017e v sez\u00f3n\u011b 2002\/03, kdy mimo jin\u00e9 vzbudil z\u00e1jem Leedsu United, tehdy je\u0161t\u011b \u0161pi\u010dkov\u00e9ho klubu. Av\u0161ak ani odm\u00edtnut\u00ed t\u00e9to nab\u00eddky neodradilo dal\u0161\u00ed z\u00e1jemce, mezi kter\u00e9 se \u0159adil West Ham, Wigan nebo Bolton. Neil Warnock m\u011bl s oh\u00e1n\u011bn\u00edm z\u00e1jemc\u016f pln\u00e9 ruce pr\u00e1ce. Phil se stal jedn\u00edm z nejl\u00e9pe hodnocen\u00fdch hr\u00e1\u010d\u016f klubu i ale cel\u00e9 League Championship a navzdory lep\u0161\u00edm nab\u00eddk\u00e1m podepsal v Sheffieldu v roce 2006 novou op\u011bt t\u0159\u00edletou smlouvu. Ten rok The Blades postoupili po dlouh\u00fdch letech do Premiership a Jagielka se m\u011bl st\u00e1t t\u00edm, na kter\u00e9ho bude t\u00fdm nejv\u00edc spol\u00e9hat. Tak se tak\u00e9 stalo. Jagielka byl kl\u00ed\u010dov\u00fdm mu\u017eem Blades. V prosinci toho roku do\u0161lo ke kuri\u00f3zn\u00ed situaci. Sheffiled hr\u00e1l z\u00e1pas s Arsenalem ale t\u00fdmu se v z\u00e1pase nane\u0161t\u011bst\u00ed zranila brank\u00e1\u0159sk\u00e1 jedni\u010dka Paddy Kenny a p\u0159i \u017e\u00e1dn\u00e9m n\u00e1hradn\u00edkovi na st\u0159\u00edda\u010dce p\u0159i\u0161el &#8222;univerz\u00e1l&#8220; Jags, navl\u00e9kl si brank\u00e1\u0159sk\u00fd dres, rukavice a \u0161el do br\u00e1ny. V br\u00e1n\u011b st\u00e1l 34 minut a sta\u010dil p\u0159edv\u00e9st par\u00e1dn\u00ed reflexivn\u00ed z\u00e1krok proti st\u0159ele Robina van Persieho, i d\u00edky kter\u00e9mu Blades v z\u00e1pase dok\u00e1zali udr\u017eet v\u00edt\u011bzn\u00fd v\u00fdsledek 1:0.<\/p>\n<p>Na konci sez\u00f3ny 2006\/07 u\u017e m\u011bl Phil na kont\u011b 133 ligov\u00fdch utk\u00e1n\u00ed za United. Klub nakonec sestoupil a dalo se \u010dekat, \u017ee po hr\u00e1\u010di, kter\u00fd byl vyhl\u00e1\u0161en hr\u00e1\u010dem ro\u010dn\u00edku Sheffieldu United, bude sh\u00e1\u0148ka. Jako jeden z prvn\u00edch p\u0159isp\u011bchal s nab\u00eddkou David Moyes a za 4 miliony liber ud\u011blal jeden z nejlep\u0161\u00edch obchod\u016f sv\u00e9 mana\u017eersk\u00e9 kari\u00e9ry. Jagielka sice za za\u010d\u00e1tku sez\u00f3ny dost vysed\u00e1val na lavi\u010dce, ale dostal \u0161anci, kterou u\u017e nepustil a hlavn\u011b v zim\u011b a v druh\u00e9 \u010d\u00e1sti sez\u00f3ny dr\u017eel t\u00fdm sv\u00fdmi excelentn\u00edmi obrann\u00fdmi z\u00e1kroky. Svou jednozna\u010dnou pozici potvrdil i v dal\u0161\u00ed sez\u00f3n\u011b, kter\u00e1 se mu povedla je\u0161t\u011b l\u00e9pe. Nepropustn\u00e1 pevnost Jagielka nem\u011bla na sv\u00e9m postu konkurenci, co\u017e ocenili i fanou\u0161ci, kte\u0159\u00ed si Jagse jednozna\u010dn\u011b zvolili hr\u00e1\u010dem ro\u010dn\u00edku. V \u00fanoru 2009 se dokonce do\u010dkat i debutu v dresu Albionu. Velkou ka\u0148kou bylo ale zran\u011bn\u00ed kolene, kter\u00e9 ho vy\u0159adilo z fin\u00e1le FA Cupu a vlastn\u011b i z fotbalov\u00e9ho \u017eivota na dlouh\u00fdch deset m\u011bs\u00edc\u016f. N\u00e1vrat na tr\u00e1vn\u00edky si p\u0159ipsal na konci \u00fanora 2010, postupn\u011b se pak op\u011bt za\u010dal vracet do z\u00e1kladn\u00ed sestavy, kam neodmysliteln\u011b pat\u0159\u00ed.<\/p>\n<p>Prvn\u00ed \u00fapln\u00e1 sez\u00f3na (2010\/11) po uzdraven\u00ed z v\u00e1\u017en\u00e9ho zran\u011bn\u00ed kolene, se Jagielkovi vesm\u011bs povedla. V podzimn\u00edch z\u00e1pasech z n\u011bj \u017e\u00e1dn\u00e1 osl\u0148uj\u00edc\u00ed jistota nevyza\u0159ovala a v zim\u011b dokonce na n\u011bkolik utk\u00e1n\u00ed vypadl ze z\u00e1kladn\u00ed sestavy, v druh\u00e9 p\u016flce sez\u00f3ny se ale obl\u00edbenec Evertonians kone\u010dn\u011b za\u010dal vracet do sv\u00e9 star\u00e9 formy, i kdy\u017e ho zlobila rozehr\u00e1vka. Na stabiln\u00ed v\u00fdkony nav\u00e1zal i v dal\u0161\u00edch m\u011bs\u00edc\u00edch, hlavn\u011b v ro\u010dn\u00edku 2012\/13 p\u016fsobil velmi jist\u011b, za\u010dal nastupovat v reprezentaci a po odchodu Phila Neville p\u0159evzal roli kapit\u00e1na. Po boku Sylvaina Distina nad\u00e1le pat\u0159il do stopersk\u00e9 dvojice i pod Robertem Mart\u00ednezem, probojoval se tak\u00e9 do reprezenta\u010dn\u00ed obrany. A i kdy\u017e od \u00fanora roku 2014 do kv\u011btna absentoval kv\u016fli zran\u011bn\u00ed, dostal se na mistrovstv\u00ed sv\u011bta do Braz\u00edlie, kde hr\u00e1l v z\u00e1kladn\u00ed sestav\u011b Albionu, kter\u00fd vypadl u\u017e v z\u00e1kladn\u00ed skupin\u011b.<\/p>\n<p>Druh\u00e1 Mart\u00ednezova sez\u00f3na nebyla ji\u017e tak \u00fasp\u011b\u0161n\u00e1 jako prvn\u00ed. Everton skon\u010dil v lize a\u017e jeden\u00e1ct\u00fd, poka\u017een\u00fd ro\u010dn\u00edk nevynahradila ani \u00fa\u010dast v osmifin\u00e1le Evropsk\u00e9 ligy &#8211; Toffees mohli dokr\u00e1\u010det d\u00e1le. Jagielka se p\u0159itom st\u00e1le \u0159adil mezi kl\u00ed\u010dov\u00e9 mu\u017ee t\u00fdmu a ozdobou sez\u00f3ny se stala jeho <a href=\"https:\/\/www.youtube.com\/watch?v=V6Wow9dmTWs\" target=\"_blank\" rel=\"noopener noreferrer\">vyrovn\u00e1vac\u00ed branka<\/a> po dalekonosn\u00e9 st\u0159ele ve venkovn\u00ed derby s Liverpoolem z nastaven\u00ed.<\/p>\n<p>V n\u00e1sleduj\u00edc\u00edm ro\u010dn\u00edku byl po dal\u0161\u00edm jeden\u00e1ct\u00e9m m\u00edstu v lize vyhozen mana\u017eer Mart\u00ednez (i p\u0159es \u00fa\u010dast v semifin\u00e1le Ligov\u00e9ho poh\u00e1ru a FA Cupu). \u0160pan\u011blsk\u00e9ho strat\u00e9ga nahradil Nizozemec Ronald Koemana a Jagielka se i p\u0159es postupuj\u00edc\u00ed v\u011bk nad\u00e1le t\u011b\u0161il d\u016fv\u011b\u0159e mana\u017eera. Ani Koeman ale na Goodison Parku dlouho nevydr\u017eel. Po premi\u00e9rov\u011b sez\u00f3n\u011b a sedm\u00e9 p\u0159\u00ed\u010dce v lize doplatil na zl\u00fd start ro\u010dn\u00edku 2017\/18 a byl propu\u0161t\u011bn. N\u00e1sledn\u011b po kr\u00e1tk\u00e9 anab\u00e1ze se Samem Allaryceam do konce ro\u010dn\u00edku Everton anga\u017eoval na pozici mana\u017eera mlad\u00e9ho progresivn\u00edho Marca Silvu.<\/p>\n<p>A pr\u00e1v\u011b pod Portugalcem Jagielka nastoupil v sez\u00f3n\u011b 2018\/19 jen do sedmi z\u00e1pas\u016f a poprv\u00e9 b\u011bhem sv\u00e9ho anga\u017em\u00e1 v Evertonu se musel sm\u00ed\u0159it s dlouhodobou pozic\u00ed n\u00e1hradn\u00edka. Po konci sez\u00f3ny se potom nedo\u010dkal od klubu nab\u00eddky nov\u00e9 smlouvy a v \u010dervnu 2019\u00a0 ve v\u011bku 36 let opustil Toffees jako voln\u00fd hr\u00e1\u010d. V klubu str\u00e1vil dlouh\u00fdch 12 let a odehr\u00e1l za n\u011bho 385 z\u00e1pas\u016f.<\/p>\n<p>P\u0159edseda Bill Kenwright Jagielku po jeho odchodu ozna\u010dil jako \u201ejednoho z nejv\u011bt\u0161\u00edch slu\u017eebn\u00edk\u016f Evertonu\u201c a dodal: <em>\u201eOd prvn\u00edho dne, kdy k n\u00e1m v \u010dervenci 2007 p\u0159estoupil, symbolizoval, co znamen\u00e1 b\u00fdt Evertonianem. Nav\u017edy z\u016fstane osobnost\u00ed zt\u011bles\u0148uj\u00edc\u00ed ducha a hodnoty Blues.\u201c<\/em><\/p>\n<p>Jagielka se po konci smlouvy v Evertonu podle p\u0159edpoklad\u016f vr\u00e1til po 12 letech vr\u00e1til do Sheffieldu United, nov\u00e1\u010dka Premier League 2019\/20.<\/p>\n","protected":false},"excerpt":{"rendered":"<p>Narozen:\u00a017. 08. 1982, Manchester, Anglie V\u00fd\u0161ka:\u00a0183 cm V\u00e1ha:\u00a083 kg Post: Obr\u00e1nce V EFC od:\u00a004. 07. 2007 Do:\u00a030. 06. 2019 Jags&hellip;<\/p>\n","protected":false},"author":6,"featured_media":0,"parent":70,"menu_order":0,"comment_status":"closed","ping_status":"closed","template":"","meta":{"_eb_attr":"","_monsterinsights_skip_tracking":false,"_monsterinsights_sitenote_active":false,"_monsterinsights_sitenote_note":"","_monsterinsights_sitenote_category":0,"footnotes":""},"yoast_head":"<!-- This site is optimized with the Yoast SEO plugin v23.4 - https:\/\/yoast.com\/wordpress\/plugins\/seo\/ -->\n<title>Filip Nikodem Jagielka - Official Czech &amp; Slovak Everton Supporters&#039; Club<\/title>\n<meta name=\"robots\" content=\"index, follow, max-snippet:-1, max-image-preview:large, max-video-preview:-1\" \/>\n<link rel=\"canonical\" href=\"https:\/\/evertonfc.cz\/index.php\/soupiska\/phil-jagielka\/\" \/>\n<meta property=\"og:locale\" content=\"cs_CZ\" \/>\n<meta property=\"og:type\" content=\"article\" \/>\n<meta property=\"og:title\" content=\"Filip Nikodem Jagielka - Official Czech &amp; Slovak Everton Supporters&#039; Club\" \/>\n<meta property=\"og:description\" content=\"Narozen:\u00a017. 08. 1982, Manchester, Anglie V\u00fd\u0161ka:\u00a0183 cm V\u00e1ha:\u00a083 kg Post: Obr\u00e1nce V EFC od:\u00a004. 07. 2007 Do:\u00a030. 06. 2019 Jags&hellip;\" \/>\n<meta property=\"og:url\" content=\"https:\/\/evertonfc.cz\/index.php\/soupiska\/phil-jagielka\/\" \/>\n<meta property=\"og:site_name\" content=\"Official Czech &amp; Slovak Everton Supporters&#039; Club\" \/>\n<meta property=\"article:publisher\" content=\"https:\/\/www.facebook.com\/everton.fans.cz.sk\" \/>\n<meta property=\"article:modified_time\" content=\"2019-07-05T04:55:49+00:00\" \/>\n<meta property=\"og:image\" content=\"https:\/\/evertonfc.cz\/wp-content\/uploads\/2019\/06\/jagielka_phil.jpg\" \/>\n<meta name=\"twitter:card\" content=\"summary_large_image\" \/>\n<meta name=\"twitter:label1\" content=\"Odhadovan\u00e1 doba \u010dten\u00ed\" \/>\n\t<meta name=\"twitter:data1\" content=\"5 minut\" \/>\n<script type=\"application\/ld+json\" class=\"yoast-schema-graph\">{\"@context\":\"https:\/\/schema.org\",\"@graph\":[{\"@type\":\"WebPage\",\"@id\":\"https:\/\/evertonfc.cz\/index.php\/soupiska\/phil-jagielka\/\",\"url\":\"https:\/\/evertonfc.cz\/index.php\/soupiska\/phil-jagielka\/\",\"name\":\"Filip Nikodem Jagielka - Official Czech &amp; Slovak Everton Supporters&#039; Club\",\"isPartOf\":{\"@id\":\"https:\/\/evertonfc.cz\/#website\"},\"primaryImageOfPage\":{\"@id\":\"https:\/\/evertonfc.cz\/index.php\/soupiska\/phil-jagielka\/#primaryimage\"},\"image\":{\"@id\":\"https:\/\/evertonfc.cz\/index.php\/soupiska\/phil-jagielka\/#primaryimage\"},\"thumbnailUrl\":\"https:\/\/evertonfc.cz\/wp-content\/uploads\/2019\/06\/jagielka_phil.jpg\",\"datePublished\":\"2019-01-05T18:55:40+00:00\",\"dateModified\":\"2019-07-05T04:55:49+00:00\",\"breadcrumb\":{\"@id\":\"https:\/\/evertonfc.cz\/index.php\/soupiska\/phil-jagielka\/#breadcrumb\"},\"inLanguage\":\"cs\",\"potentialAction\":[{\"@type\":\"ReadAction\",\"target\":[\"https:\/\/evertonfc.cz\/index.php\/soupiska\/phil-jagielka\/\"]}]},{\"@type\":\"ImageObject\",\"inLanguage\":\"cs\",\"@id\":\"https:\/\/evertonfc.cz\/index.php\/soupiska\/phil-jagielka\/#primaryimage\",\"url\":\"https:\/\/evertonfc.cz\/wp-content\/uploads\/2019\/06\/jagielka_phil.jpg\",\"contentUrl\":\"https:\/\/evertonfc.cz\/wp-content\/uploads\/2019\/06\/jagielka_phil.jpg\",\"width\":80,\"height\":83},{\"@type\":\"BreadcrumbList\",\"@id\":\"https:\/\/evertonfc.cz\/index.php\/soupiska\/phil-jagielka\/#breadcrumb\",\"itemListElement\":[{\"@type\":\"ListItem\",\"position\":1,\"name\":\"Home\",\"item\":\"https:\/\/evertonfc.cz\/\"},{\"@type\":\"ListItem\",\"position\":2,\"name\":\"Soupiska\",\"item\":\"https:\/\/evertonfc.cz\/index.php\/soupiska\/\"},{\"@type\":\"ListItem\",\"position\":3,\"name\":\"Filip Nikodem Jagielka\"}]},{\"@type\":\"WebSite\",\"@id\":\"https:\/\/evertonfc.cz\/#website\",\"url\":\"https:\/\/evertonfc.cz\/\",\"name\":\"Official Czech &amp; Slovak Everton Supporters&#039; Club\",\"description\":\"\",\"publisher\":{\"@id\":\"https:\/\/evertonfc.cz\/#organization\"},\"potentialAction\":[{\"@type\":\"SearchAction\",\"target\":{\"@type\":\"EntryPoint\",\"urlTemplate\":\"https:\/\/evertonfc.cz\/?s={search_term_string}\"},\"query-input\":{\"@type\":\"PropertyValueSpecification\",\"valueRequired\":true,\"valueName\":\"search_term_string\"}}],\"inLanguage\":\"cs\"},{\"@type\":\"Organization\",\"@id\":\"https:\/\/evertonfc.cz\/#organization\",\"name\":\"Official Czech & Slovak Everton Supporters' Club\",\"url\":\"https:\/\/evertonfc.cz\/\",\"logo\":{\"@type\":\"ImageObject\",\"inLanguage\":\"cs\",\"@id\":\"https:\/\/evertonfc.cz\/#\/schema\/logo\/image\/\",\"url\":\"https:\/\/evertonfc.cz\/wp-content\/uploads\/2019\/05\/logo.png\",\"contentUrl\":\"https:\/\/evertonfc.cz\/wp-content\/uploads\/2019\/05\/logo.png\",\"width\":112,\"height\":112,\"caption\":\"Official Czech & Slovak Everton Supporters' Club\"},\"image\":{\"@id\":\"https:\/\/evertonfc.cz\/#\/schema\/logo\/image\/\"},\"sameAs\":[\"https:\/\/www.facebook.com\/everton.fans.cz.sk\"]}]}<\/script>\n<!-- \/ Yoast SEO plugin. -->","yoast_head_json":{"title":"Filip Nikodem Jagielka - Official Czech &amp; Slovak Everton Supporters&#039; Club","robots":{"index":"index","follow":"follow","max-snippet":"max-snippet:-1","max-image-preview":"max-image-preview:large","max-video-preview":"max-video-preview:-1"},"canonical":"https:\/\/evertonfc.cz\/index.php\/soupiska\/phil-jagielka\/","og_locale":"cs_CZ","og_type":"article","og_title":"Filip Nikodem Jagielka - Official Czech &amp; Slovak Everton Supporters&#039; Club","og_description":"Narozen:\u00a017. 08. 1982, Manchester, Anglie V\u00fd\u0161ka:\u00a0183 cm V\u00e1ha:\u00a083 kg Post: Obr\u00e1nce V EFC od:\u00a004. 07. 2007 Do:\u00a030. 06. 2019 Jags&hellip;","og_url":"https:\/\/evertonfc.cz\/index.php\/soupiska\/phil-jagielka\/","og_site_name":"Official Czech &amp; Slovak Everton Supporters&#039; Club","article_publisher":"https:\/\/www.facebook.com\/everton.fans.cz.sk","article_modified_time":"2019-07-05T04:55:49+00:00","og_image":[{"url":"https:\/\/evertonfc.cz\/wp-content\/uploads\/2019\/06\/jagielka_phil.jpg"}],"twitter_card":"summary_large_image","twitter_misc":{"Odhadovan\u00e1 doba \u010dten\u00ed":"5 minut"},"schema":{"@context":"https:\/\/schema.org","@graph":[{"@type":"WebPage","@id":"https:\/\/evertonfc.cz\/index.php\/soupiska\/phil-jagielka\/","url":"https:\/\/evertonfc.cz\/index.php\/soupiska\/phil-jagielka\/","name":"Filip Nikodem Jagielka - Official Czech &amp; Slovak Everton Supporters&#039; Club","isPartOf":{"@id":"https:\/\/evertonfc.cz\/#website"},"primaryImageOfPage":{"@id":"https:\/\/evertonfc.cz\/index.php\/soupiska\/phil-jagielka\/#primaryimage"},"image":{"@id":"https:\/\/evertonfc.cz\/index.php\/soupiska\/phil-jagielka\/#primaryimage"},"thumbnailUrl":"https:\/\/evertonfc.cz\/wp-content\/uploads\/2019\/06\/jagielka_phil.jpg","datePublished":"2019-01-05T18:55:40+00:00","dateModified":"2019-07-05T04:55:49+00:00","breadcrumb":{"@id":"https:\/\/evertonfc.cz\/index.php\/soupiska\/phil-jagielka\/#breadcrumb"},"inLanguage":"cs","potentialAction":[{"@type":"ReadAction","target":["https:\/\/evertonfc.cz\/index.php\/soupiska\/phil-jagielka\/"]}]},{"@type":"ImageObject","inLanguage":"cs","@id":"https:\/\/evertonfc.cz\/index.php\/soupiska\/phil-jagielka\/#primaryimage","url":"https:\/\/evertonfc.cz\/wp-content\/uploads\/2019\/06\/jagielka_phil.jpg","contentUrl":"https:\/\/evertonfc.cz\/wp-content\/uploads\/2019\/06\/jagielka_phil.jpg","width":80,"height":83},{"@type":"BreadcrumbList","@id":"https:\/\/evertonfc.cz\/index.php\/soupiska\/phil-jagielka\/#breadcrumb","itemListElement":[{"@type":"ListItem","position":1,"name":"Home","item":"https:\/\/evertonfc.cz\/"},{"@type":"ListItem","position":2,"name":"Soupiska","item":"https:\/\/evertonfc.cz\/index.php\/soupiska\/"},{"@type":"ListItem","position":3,"name":"Filip Nikodem Jagielka"}]},{"@type":"WebSite","@id":"https:\/\/evertonfc.cz\/#website","url":"https:\/\/evertonfc.cz\/","name":"Official Czech &amp; Slovak Everton Supporters&#039; Club","description":"","publisher":{"@id":"https:\/\/evertonfc.cz\/#organization"},"potentialAction":[{"@type":"SearchAction","target":{"@type":"EntryPoint","urlTemplate":"https:\/\/evertonfc.cz\/?s={search_term_string}"},"query-input":{"@type":"PropertyValueSpecification","valueRequired":true,"valueName":"search_term_string"}}],"inLanguage":"cs"},{"@type":"Organization","@id":"https:\/\/evertonfc.cz\/#organization","name":"Official Czech & Slovak Everton Supporters' Club","url":"https:\/\/evertonfc.cz\/","logo":{"@type":"ImageObject","inLanguage":"cs","@id":"https:\/\/evertonfc.cz\/#\/schema\/logo\/image\/","url":"https:\/\/evertonfc.cz\/wp-content\/uploads\/2019\/05\/logo.png","contentUrl":"https:\/\/evertonfc.cz\/wp-content\/uploads\/2019\/05\/logo.png","width":112,"height":112,"caption":"Official Czech & Slovak Everton Supporters' Club"},"image":{"@id":"https:\/\/evertonfc.cz\/#\/schema\/logo\/image\/"},"sameAs":["https:\/\/www.facebook.com\/everton.fans.cz.sk"]}]}},"_links":{"self":[{"href":"https:\/\/evertonfc.cz\/index.php\/wp-json\/wp\/v2\/pages\/850"}],"collection":[{"href":"https:\/\/evertonfc.cz\/index.php\/wp-json\/wp\/v2\/pages"}],"about":[{"href":"https:\/\/evertonfc.cz\/index.php\/wp-json\/wp\/v2\/types\/page"}],"author":[{"embeddable":true,"href":"https:\/\/evertonfc.cz\/index.php\/wp-json\/wp\/v2\/users\/6"}],"replies":[{"embeddable":true,"href":"https:\/\/evertonfc.cz\/index.php\/wp-json\/wp\/v2\/comments?post=850"}],"version-history":[{"count":13,"href":"https:\/\/evertonfc.cz\/index.php\/wp-json\/wp\/v2\/pages\/850\/revisions"}],"predecessor-version":[{"id":8322,"href":"https:\/\/evertonfc.cz\/index.php\/wp-json\/wp\/v2\/pages\/850\/revisions\/8322"}],"up":[{"embeddable":true,"href":"https:\/\/evertonfc.cz\/index.php\/wp-json\/wp\/v2\/pages\/70"}],"wp:attachment":[{"href":"https:\/\/evertonfc.cz\/index.php\/wp-json\/wp\/v2\/media?parent=850"}],"curies":[{"name":"wp","href":"https:\/\/api.w.org\/{rel}","templated":true}]}}