{"id":863,"date":"2019-01-05T20:19:02","date_gmt":"2019-01-05T19:19:02","guid":{"rendered":"http:\/\/evertonfc.cz\/?page_id=863"},"modified":"2024-06-19T22:00:50","modified_gmt":"2024-06-19T20:00:50","slug":"andre-gomes","status":"publish","type":"page","link":"https:\/\/evertonfc.cz\/index.php\/soupiska\/andre-gomes\/","title":{"rendered":"Andr\u00e9 Filipe Tavares Gomes"},"content":{"rendered":"<p><img decoding=\"async\" style=\"float: right; margin-left: 10px; margin-right: 10px;\" src=\"https:\/\/evertonfc.cz\/wp-content\/uploads\/2024\/06\/gomes.jpg\" alt=\"\" \/><strong>Narozen:<\/strong>\u00a030. 07. 1993, Grij\u00f3, Portugalsko<br \/>\n<strong>V\u00fd\u0161ka:<\/strong>\u00a0188 cm<br \/>\n<strong>V\u00e1ha:<\/strong>\u00a084 kg<br \/>\n<strong>Post:<\/strong> Z\u00e1lo\u017en\u00edk<br \/>\n<strong>V EFC od: <\/strong>01. 07. 2019<br \/>\n<strong>Do:<\/strong> 30. 06. 2024<\/p>\n<hr \/>\n<p>Portugalsk\u00fd rod\u00e1k v ml\u00e1d\u00ed vyzkou\u0161el akademie Porta a Boavisty, ne\u017e v roce 2012 coby 18let\u00fd zam\u00ed\u0159il do Benfiky. V lisabonsk\u00e9m celku po p\u0159\u00edchodu dost\u00e1val \u0161ance zejm\u00e9na v poh\u00e1rech, b\u011bhem prvn\u00edch dvou sez\u00f3n nastoupil k 41 utk\u00e1n\u00edm v\u010detn\u011b 14 ligov\u00fdch.<\/p>\n<p>V l\u00e9t\u011b 2014 o fyzicky zdatn\u00e9ho a v\u0161estrann\u00e9ho st\u0159edn\u00edho z\u00e1lo\u017en\u00edka projevila z\u00e1jem Valencia. Ve v\u00fdchodn\u00ed \u0160pan\u011blsku se Gomesovi da\u0159ilo a po \u00favodn\u00ed sez\u00f3n\u011b se jeho hostov\u00e1n\u00ed prom\u011bnilo v p\u0159estup. U Netop\u00fdr\u016f pokra\u010doval v\u00a0dobr\u00fdch v\u00fdkonech i ve druh\u00e9 sez\u00f3n\u011b, kterou zakon\u010dil na mistrovstv\u00ed Evropy, na n\u011bm\u017e z\u00edskal s Portugalskem zlat\u00e9 medaile. Na turnaji odehr\u00e1l p\u011bt z\u00e1pas\u016f ze sedmi mo\u017en\u00fdch (ve fin\u00e1le ale absentoval), poka\u017ed\u00e9 p\u0159itom nastoupil v z\u00e1kladn\u00ed sestav\u011b.<\/p>\n<p>Po \u0161ampion\u00e1tu Gomese vykoupila z Valencie slavn\u00e1 Barcelona za astronomickou \u010d\u00e1stku v z\u00e1kladn\u00ed hodnot\u011b 29 milion\u016f liber a dal\u0161\u00ed 16 milion\u016f v bonusech. Statn\u00fd z\u00e1lo\u017en\u00edk ov\u0161em na Camp Nou neusp\u011bl. I kdy\u017e b\u011bhem dvou sez\u00f3n odehr\u00e1l 78 utk\u00e1n\u00ed, jeho v\u00fdkony byly obrovsk\u00fdm zklam\u00e1n\u00edm. Sv\u00e9 tr\u00e1pen\u00ed otev\u0159el p\u0159iznal na ja\u0159e 2018, kdy potvrdil, \u017ee se pot\u00fdk\u00e1 s psychick\u00fdmi probl\u00e9my a nezvl\u00e1d\u00e1 tlak velkoklubu.<\/p>\n<p>I proto v l\u00e9t\u011b 2018 k\u00fdvl na nab\u00eddku krajana Marca Silvy, mana\u017eera Evertonu. Gomes zam\u00ed\u0159il na Goodison Park na ro\u010dn\u00ed hostov\u00e1n\u00ed (bez opce na p\u0159estup) za dva miliony liber. Hostov\u00e1n\u00ed v nov\u00e9m p\u016fsobi\u0161ti ale za\u010dal se svalov\u00fdm zran\u011bn\u00edm, debut si tak mohl odb\u00fdt a\u017e v \u0159\u00edjnu ve v\u00edt\u011bzn\u00e9m z\u00e1pase dev\u00e1t\u00e9ho ligov\u00e9ho kola s Crystalem Palace. Od t\u00e9 doby se v\u0161ak zabydlel v z\u00e1kladn\u00ed sestav\u011b a s Idrissou Gueyem vytvo\u0159il sehranou st\u0159edovou dvojici. Senegalec vynikal v \u00fasp\u011b\u0161n\u00fdch z\u00e1kroc\u00edch a odeb\u00edr\u00e1n\u00ed m\u00ed\u010d\u016f a Gomes se naopak v\u00fdrazn\u011b p\u0159i\u010dinil ke zlep\u0161en\u00ed rozehr\u00e1vky cel\u00e9ho mu\u017estva, jeho dominanci na m\u00ed\u010di a plynulej\u0161\u00edmu p\u0159echodu do \u00fatoku. Ve sv\u00e9 prvn\u00ed sez\u00f3n\u011b v Premier League nakonec odehr\u00e1l 27 utk\u00e1n\u00ed.<\/p>\n<p>Po konci hostov\u00e1n\u00ed Everton i hr\u00e1\u010d jevili velk\u00fd z\u00e1jem o prodlou\u017een\u00ed spolupr\u00e1ce, co\u017e se nakonec poda\u0159ilo zrealizovat. Gomes p\u0159estoupil k Toffees na za\u010d\u00e1tku l\u00e9ta 2019 za 22 milion\u016f liber, smlouvu podepsal na p\u011bt let. <em>\u201eJednalo se o velmi snadn\u00e9 rozhodnut\u00ed. Jsem r\u00e1d, \u017ee jsem podepsal smlouvu s Evertonem. Prvn\u00ed rok v klubu jsem si velmi u\u017eil. Chci b\u00fdt sou\u010d\u00e1st\u00ed n\u011b\u010deho v\u00fdjime\u010dn\u00e9ho, a to jsem na\u0161el pr\u00e1v\u011b v Evertonu, kter\u00fd si navrch stanovil jasn\u00e9 ambice. Z cel\u00e9ho srdce d\u011bkuji klubu za to, \u017ee vynalo\u017eil obrovsk\u00e9 \u00fasil\u00ed, aby m\u011b z\u00edskal. B\u011bhem prvn\u00ed roku jsem se c\u00edtil jako \u010dlen rodiny \u2013 to je pro m\u011b nejd\u016fle\u017eit\u011bj\u0161\u00ed v\u011bc,\u201c<\/em> neskr\u00fdval Portugalec radost po podpisu smlouvy.<\/p>\n<p>Bohu\u017eel Gomes si zanedlouho po p\u0159estupu v listopadu 2019 ne\u0161\u0165astn\u011b zlomil kotn\u00edk po z\u00e1kroku Son Heung-mina z Tottenhamu, a t\u0159eba\u017ee se do z\u00e1pasov\u00e9ho koloto\u010de vr\u00e1til ji\u017e po 112 dnech, na sv\u00e9 v\u00fdkony p\u0159ed v\u00e1\u017en\u00fdm zran\u011bn\u00edm u\u017e nikdy nedok\u00e1zal nav\u00e1zat.<\/p>\n<p>V n\u00e1sleduj\u00edc\u00edch dvou sez\u00f3n\u00e1ch p\u0159edv\u00e1d\u011bl pouze letm\u00e9 z\u00e1blesky geniality, na h\u0159i\u0161ti se \u010dasto tr\u00e1pil a marn\u011b se pokou\u0161el z\u00edskat zp\u011bt sv\u00e9 sebev\u011bdom\u00ed, kter\u00e9 je nezbytn\u00e9 pro jeho hru. P\u0159ek\u00e1\u017ekou se tak\u00e9 uk\u00e1zaly opakovan\u00e9 zdravotn\u00ed probl\u00e9my, a tak nebylo \u017e\u00e1dn\u00fdm p\u0159ekvapen\u00edm, \u017ee ho mana\u017eer Frank Lampard neza\u0159adil do sv\u00fdch pl\u00e1n\u016f p\u0159ed sez\u00f3nou 2022\/23. U\u017e 29let\u00fd Portugalec si nov\u00e9 anga\u017em\u00e1 na\u0161el v Lille, kam dva roky p\u0159ed koncem smlouvy v Evertonu zam\u00ed\u0159il na sez\u00f3nn\u00ed hostov\u00e1n\u00ed.<\/p>\n<p>A ve Francii Gomes zna\u010dn\u011b pook\u0159\u00e1l. Rychle si z\u00edskal m\u00edsto v z\u00e1kladn\u00ed sestav\u011b a ve st\u0159edu pole po dlouh\u00e9 dob\u011b p\u0159edv\u00e1d\u011bl konzistentn\u011b velmi dobr\u00e9 v\u00fdkony. Celkem odehr\u00e1l 27 sout\u011b\u017en\u00edch z\u00e1pas\u016f, v nich\u017e vst\u0159elil t\u0159i branky. Po sez\u00f3n\u011b se vr\u00e1til do Evertonu, kde ho p\u0159iv\u00edtal nov\u00fd mana\u017eer Sean Dyche a dal mu \u0161anci v \u00fazk\u00e9m k\u00e1dru. V pr\u016fb\u011bhu sez\u00f3ny nakonec zas\u00e1hl do 14 sout\u011b\u017en\u00edch z\u00e1pas\u016f a dokonce se mu poda\u0159ilo vst\u0159elit g\u00f3l, kdy\u017e z p\u0159\u00edm\u00e9ho kopu rozhodl poh\u00e1rov\u00fd duel FA Cupu proti Crystal Palace.<\/p>\n<div class=\"flex flex-grow flex-col max-w-full\">\n<div class=\"min-h-[20px] text-message flex flex-col items-start whitespace-pre-wrap break-words [.text-message+&amp;]:mt-5 juice:w-full juice:items-end overflow-x-auto gap-2\" dir=\"auto\" data-message-author-role=\"assistant\" data-message-id=\"d8514286-f836-40b7-bb9e-43b05b58966a\">\n<div class=\"flex w-full flex-col gap-1 juice:empty:hidden juice:first:pt-[3px]\">\n<div class=\"markdown prose w-full break-words dark:prose-invert light\">\n<p>Po sez\u00f3n\u011b se v\u0161ak s Evertonem nadobro rozlou\u010dil, proto\u017ee mu nebyla prodlou\u017eena smlouva. B\u011bhem p\u011bti let v klubu odehr\u00e1l 114 z\u00e1pas\u016f a vst\u0159elil \u010dty\u0159i branky. Kdo v\u00ed, jak by se jeho kari\u00e9ra vyv\u00edjela, kdyby nedo\u0161lo k ne\u0161\u0165astn\u00e9 zlomenin\u011b nohy. Nakonec byla bohu\u017eel poznamen\u00e1na zklam\u00e1n\u00edm.<\/p>\n<\/div>\n<\/div>\n<\/div>\n<\/div>\n","protected":false},"excerpt":{"rendered":"<p>Narozen:\u00a030. 07. 1993, Grij\u00f3, Portugalsko V\u00fd\u0161ka:\u00a0188 cm V\u00e1ha:\u00a084 kg Post: Z\u00e1lo\u017en\u00edk V EFC od: 01. 07. 2019 Do: 30. 06.&hellip;<\/p>\n","protected":false},"author":6,"featured_media":0,"parent":70,"menu_order":0,"comment_status":"closed","ping_status":"closed","template":"","meta":{"_eb_attr":"","_monsterinsights_skip_tracking":false,"_monsterinsights_sitenote_active":false,"_monsterinsights_sitenote_note":"","_monsterinsights_sitenote_category":0,"footnotes":""},"yoast_head":"<!-- This site is optimized with the Yoast SEO plugin v23.4 - https:\/\/yoast.com\/wordpress\/plugins\/seo\/ -->\n<title>Andr\u00e9 Filipe Tavares Gomes - Official Czech &amp; Slovak Everton Supporters&#039; Club<\/title>\n<meta name=\"robots\" content=\"index, follow, max-snippet:-1, max-image-preview:large, max-video-preview:-1\" \/>\n<link rel=\"canonical\" href=\"https:\/\/evertonfc.cz\/index.php\/soupiska\/andre-gomes\/\" \/>\n<meta property=\"og:locale\" content=\"cs_CZ\" \/>\n<meta property=\"og:type\" content=\"article\" \/>\n<meta property=\"og:title\" content=\"Andr\u00e9 Filipe Tavares Gomes - Official Czech &amp; Slovak Everton Supporters&#039; Club\" \/>\n<meta property=\"og:description\" content=\"Narozen:\u00a030. 07. 1993, Grij\u00f3, Portugalsko V\u00fd\u0161ka:\u00a0188 cm V\u00e1ha:\u00a084 kg Post: Z\u00e1lo\u017en\u00edk V EFC od: 01. 07. 2019 Do: 30. 06.&hellip;\" \/>\n<meta property=\"og:url\" content=\"https:\/\/evertonfc.cz\/index.php\/soupiska\/andre-gomes\/\" \/>\n<meta property=\"og:site_name\" content=\"Official Czech &amp; Slovak Everton Supporters&#039; Club\" \/>\n<meta property=\"article:publisher\" content=\"https:\/\/www.facebook.com\/everton.fans.cz.sk\" \/>\n<meta property=\"article:modified_time\" content=\"2024-06-19T20:00:50+00:00\" \/>\n<meta property=\"og:image\" content=\"https:\/\/evertonfc.cz\/wp-content\/uploads\/2024\/06\/gomes.jpg\" \/>\n<meta name=\"twitter:card\" content=\"summary_large_image\" \/>\n<meta name=\"twitter:label1\" content=\"Odhadovan\u00e1 doba \u010dten\u00ed\" \/>\n\t<meta name=\"twitter:data1\" content=\"4 minuty\" \/>\n<script type=\"application\/ld+json\" class=\"yoast-schema-graph\">{\"@context\":\"https:\/\/schema.org\",\"@graph\":[{\"@type\":\"WebPage\",\"@id\":\"https:\/\/evertonfc.cz\/index.php\/soupiska\/andre-gomes\/\",\"url\":\"https:\/\/evertonfc.cz\/index.php\/soupiska\/andre-gomes\/\",\"name\":\"Andr\u00e9 Filipe Tavares Gomes - Official Czech &amp; Slovak Everton Supporters&#039; Club\",\"isPartOf\":{\"@id\":\"https:\/\/evertonfc.cz\/#website\"},\"primaryImageOfPage\":{\"@id\":\"https:\/\/evertonfc.cz\/index.php\/soupiska\/andre-gomes\/#primaryimage\"},\"image\":{\"@id\":\"https:\/\/evertonfc.cz\/index.php\/soupiska\/andre-gomes\/#primaryimage\"},\"thumbnailUrl\":\"https:\/\/evertonfc.cz\/wp-content\/uploads\/2024\/06\/gomes.jpg\",\"datePublished\":\"2019-01-05T19:19:02+00:00\",\"dateModified\":\"2024-06-19T20:00:50+00:00\",\"breadcrumb\":{\"@id\":\"https:\/\/evertonfc.cz\/index.php\/soupiska\/andre-gomes\/#breadcrumb\"},\"inLanguage\":\"cs\",\"potentialAction\":[{\"@type\":\"ReadAction\",\"target\":[\"https:\/\/evertonfc.cz\/index.php\/soupiska\/andre-gomes\/\"]}]},{\"@type\":\"ImageObject\",\"inLanguage\":\"cs\",\"@id\":\"https:\/\/evertonfc.cz\/index.php\/soupiska\/andre-gomes\/#primaryimage\",\"url\":\"https:\/\/evertonfc.cz\/wp-content\/uploads\/2024\/06\/gomes.jpg\",\"contentUrl\":\"https:\/\/evertonfc.cz\/wp-content\/uploads\/2024\/06\/gomes.jpg\",\"width\":80,\"height\":83},{\"@type\":\"BreadcrumbList\",\"@id\":\"https:\/\/evertonfc.cz\/index.php\/soupiska\/andre-gomes\/#breadcrumb\",\"itemListElement\":[{\"@type\":\"ListItem\",\"position\":1,\"name\":\"Home\",\"item\":\"https:\/\/evertonfc.cz\/\"},{\"@type\":\"ListItem\",\"position\":2,\"name\":\"Soupiska\",\"item\":\"https:\/\/evertonfc.cz\/index.php\/soupiska\/\"},{\"@type\":\"ListItem\",\"position\":3,\"name\":\"Andr\u00e9 Filipe Tavares Gomes\"}]},{\"@type\":\"WebSite\",\"@id\":\"https:\/\/evertonfc.cz\/#website\",\"url\":\"https:\/\/evertonfc.cz\/\",\"name\":\"Official Czech &amp; Slovak Everton Supporters&#039; Club\",\"description\":\"\",\"publisher\":{\"@id\":\"https:\/\/evertonfc.cz\/#organization\"},\"potentialAction\":[{\"@type\":\"SearchAction\",\"target\":{\"@type\":\"EntryPoint\",\"urlTemplate\":\"https:\/\/evertonfc.cz\/?s={search_term_string}\"},\"query-input\":{\"@type\":\"PropertyValueSpecification\",\"valueRequired\":true,\"valueName\":\"search_term_string\"}}],\"inLanguage\":\"cs\"},{\"@type\":\"Organization\",\"@id\":\"https:\/\/evertonfc.cz\/#organization\",\"name\":\"Official Czech & Slovak Everton Supporters' Club\",\"url\":\"https:\/\/evertonfc.cz\/\",\"logo\":{\"@type\":\"ImageObject\",\"inLanguage\":\"cs\",\"@id\":\"https:\/\/evertonfc.cz\/#\/schema\/logo\/image\/\",\"url\":\"https:\/\/evertonfc.cz\/wp-content\/uploads\/2019\/05\/logo.png\",\"contentUrl\":\"https:\/\/evertonfc.cz\/wp-content\/uploads\/2019\/05\/logo.png\",\"width\":112,\"height\":112,\"caption\":\"Official Czech & Slovak Everton Supporters' Club\"},\"image\":{\"@id\":\"https:\/\/evertonfc.cz\/#\/schema\/logo\/image\/\"},\"sameAs\":[\"https:\/\/www.facebook.com\/everton.fans.cz.sk\"]}]}<\/script>\n<!-- \/ Yoast SEO plugin. -->","yoast_head_json":{"title":"Andr\u00e9 Filipe Tavares Gomes - Official Czech &amp; Slovak Everton Supporters&#039; Club","robots":{"index":"index","follow":"follow","max-snippet":"max-snippet:-1","max-image-preview":"max-image-preview:large","max-video-preview":"max-video-preview:-1"},"canonical":"https:\/\/evertonfc.cz\/index.php\/soupiska\/andre-gomes\/","og_locale":"cs_CZ","og_type":"article","og_title":"Andr\u00e9 Filipe Tavares Gomes - Official Czech &amp; Slovak Everton Supporters&#039; Club","og_description":"Narozen:\u00a030. 07. 1993, Grij\u00f3, Portugalsko V\u00fd\u0161ka:\u00a0188 cm V\u00e1ha:\u00a084 kg Post: Z\u00e1lo\u017en\u00edk V EFC od: 01. 07. 2019 Do: 30. 06.&hellip;","og_url":"https:\/\/evertonfc.cz\/index.php\/soupiska\/andre-gomes\/","og_site_name":"Official Czech &amp; Slovak Everton Supporters&#039; Club","article_publisher":"https:\/\/www.facebook.com\/everton.fans.cz.sk","article_modified_time":"2024-06-19T20:00:50+00:00","og_image":[{"url":"https:\/\/evertonfc.cz\/wp-content\/uploads\/2024\/06\/gomes.jpg"}],"twitter_card":"summary_large_image","twitter_misc":{"Odhadovan\u00e1 doba \u010dten\u00ed":"4 minuty"},"schema":{"@context":"https:\/\/schema.org","@graph":[{"@type":"WebPage","@id":"https:\/\/evertonfc.cz\/index.php\/soupiska\/andre-gomes\/","url":"https:\/\/evertonfc.cz\/index.php\/soupiska\/andre-gomes\/","name":"Andr\u00e9 Filipe Tavares Gomes - Official Czech &amp; Slovak Everton Supporters&#039; Club","isPartOf":{"@id":"https:\/\/evertonfc.cz\/#website"},"primaryImageOfPage":{"@id":"https:\/\/evertonfc.cz\/index.php\/soupiska\/andre-gomes\/#primaryimage"},"image":{"@id":"https:\/\/evertonfc.cz\/index.php\/soupiska\/andre-gomes\/#primaryimage"},"thumbnailUrl":"https:\/\/evertonfc.cz\/wp-content\/uploads\/2024\/06\/gomes.jpg","datePublished":"2019-01-05T19:19:02+00:00","dateModified":"2024-06-19T20:00:50+00:00","breadcrumb":{"@id":"https:\/\/evertonfc.cz\/index.php\/soupiska\/andre-gomes\/#breadcrumb"},"inLanguage":"cs","potentialAction":[{"@type":"ReadAction","target":["https:\/\/evertonfc.cz\/index.php\/soupiska\/andre-gomes\/"]}]},{"@type":"ImageObject","inLanguage":"cs","@id":"https:\/\/evertonfc.cz\/index.php\/soupiska\/andre-gomes\/#primaryimage","url":"https:\/\/evertonfc.cz\/wp-content\/uploads\/2024\/06\/gomes.jpg","contentUrl":"https:\/\/evertonfc.cz\/wp-content\/uploads\/2024\/06\/gomes.jpg","width":80,"height":83},{"@type":"BreadcrumbList","@id":"https:\/\/evertonfc.cz\/index.php\/soupiska\/andre-gomes\/#breadcrumb","itemListElement":[{"@type":"ListItem","position":1,"name":"Home","item":"https:\/\/evertonfc.cz\/"},{"@type":"ListItem","position":2,"name":"Soupiska","item":"https:\/\/evertonfc.cz\/index.php\/soupiska\/"},{"@type":"ListItem","position":3,"name":"Andr\u00e9 Filipe Tavares Gomes"}]},{"@type":"WebSite","@id":"https:\/\/evertonfc.cz\/#website","url":"https:\/\/evertonfc.cz\/","name":"Official Czech &amp; Slovak Everton Supporters&#039; Club","description":"","publisher":{"@id":"https:\/\/evertonfc.cz\/#organization"},"potentialAction":[{"@type":"SearchAction","target":{"@type":"EntryPoint","urlTemplate":"https:\/\/evertonfc.cz\/?s={search_term_string}"},"query-input":{"@type":"PropertyValueSpecification","valueRequired":true,"valueName":"search_term_string"}}],"inLanguage":"cs"},{"@type":"Organization","@id":"https:\/\/evertonfc.cz\/#organization","name":"Official Czech & Slovak Everton Supporters' Club","url":"https:\/\/evertonfc.cz\/","logo":{"@type":"ImageObject","inLanguage":"cs","@id":"https:\/\/evertonfc.cz\/#\/schema\/logo\/image\/","url":"https:\/\/evertonfc.cz\/wp-content\/uploads\/2019\/05\/logo.png","contentUrl":"https:\/\/evertonfc.cz\/wp-content\/uploads\/2019\/05\/logo.png","width":112,"height":112,"caption":"Official Czech & Slovak Everton Supporters' Club"},"image":{"@id":"https:\/\/evertonfc.cz\/#\/schema\/logo\/image\/"},"sameAs":["https:\/\/www.facebook.com\/everton.fans.cz.sk"]}]}},"_links":{"self":[{"href":"https:\/\/evertonfc.cz\/index.php\/wp-json\/wp\/v2\/pages\/863"}],"collection":[{"href":"https:\/\/evertonfc.cz\/index.php\/wp-json\/wp\/v2\/pages"}],"about":[{"href":"https:\/\/evertonfc.cz\/index.php\/wp-json\/wp\/v2\/types\/page"}],"author":[{"embeddable":true,"href":"https:\/\/evertonfc.cz\/index.php\/wp-json\/wp\/v2\/users\/6"}],"replies":[{"embeddable":true,"href":"https:\/\/evertonfc.cz\/index.php\/wp-json\/wp\/v2\/comments?post=863"}],"version-history":[{"count":15,"href":"https:\/\/evertonfc.cz\/index.php\/wp-json\/wp\/v2\/pages\/863\/revisions"}],"predecessor-version":[{"id":24555,"href":"https:\/\/evertonfc.cz\/index.php\/wp-json\/wp\/v2\/pages\/863\/revisions\/24555"}],"up":[{"embeddable":true,"href":"https:\/\/evertonfc.cz\/index.php\/wp-json\/wp\/v2\/pages\/70"}],"wp:attachment":[{"href":"https:\/\/evertonfc.cz\/index.php\/wp-json\/wp\/v2\/media?parent=863"}],"curies":[{"name":"wp","href":"https:\/\/api.w.org\/{rel}","templated":true}]}}