{"id":8793,"date":"2019-07-30T14:51:27","date_gmt":"2019-07-30T12:51:27","guid":{"rendered":"https:\/\/evertonfc.cz\/?page_id=8793"},"modified":"2019-08-01T12:32:53","modified_gmt":"2019-08-01T10:32:53","slug":"joe-williams","status":"publish","type":"page","link":"https:\/\/evertonfc.cz\/index.php\/soupiska\/joe-williams\/","title":{"rendered":"Joseph Michael Williams"},"content":{"rendered":"<p><strong><img loading=\"lazy\" decoding=\"async\" style=\"float: right; margin-left: 10px; margin-right: 10px;\" src=\"https:\/\/evertonfc.cz\/wp-content\/uploads\/2019\/07\/joe_williams.png\" alt=\"\" width=\"80\" height=\"83\" \/>Narozen:<\/strong> 08. 12. 1996, Liverpool, Anglie<br \/>\n<strong>V\u00fd\u0161ka:<\/strong> 185 cm<br \/>\n<strong>V\u00e1ha:<\/strong> 80 kg<br \/>\n<strong>Post:\u00a0<\/strong>Z\u00e1lo\u017en\u00edk<br \/>\n<strong>V EFC od:<\/strong> Odchovanec<br \/>\n<strong>Do:<\/strong> 31. 07. 2019<\/p>\n<hr \/>\n<p>Joe Williams se p\u0159ipojil k akademii Evertonu ve v\u011bku sedmi let. Postupn\u011b proch\u00e1zel v\u0161emi ml\u00e1de\u017enick\u00fdmi kategoriemi klubu, s v\u00fdb\u011brem do 18 let dokonce z\u00edskal titul, a\u017e se za\u0159adil mezi opory rezervn\u00edho t\u00fdmu, v jeho\u017e slu\u017eb\u00e1ch prokazoval sv\u016fj talent zejm\u00e9na v ro\u010dn\u00edku 2015\/16, kdy s kapit\u00e1nskou p\u00e1skou \u0159\u00eddil hru ze st\u0159edu pole. Na konci sez\u00f3ny ale utrp\u011bl v\u00e1\u017en\u00e9 zran\u011bn\u00ed kolene, kter\u00e9 ho vy\u0159adilo ze hry na v\u00edce ne\u017e p\u016flroku a patrn\u011b ho tak\u00e9 p\u0159ipravilo o \u0161anci v A-mu\u017estvu Toffees.<\/p>\n<p>Po zotaven\u00ed Williams pomohl rezerv\u011b Evertonu uzmout ligov\u00fd titul, aby n\u00e1sledn\u011b v l\u00e9t\u011b 2017 ode\u0161el sb\u00edrat prvn\u00ed zku\u0161enosti v seniorsk\u00e9m fotbale. Na ro\u010dn\u00ed hostov\u00e1n\u00ed si ho vyp\u016fj\u010dilo druholigov\u00e9 Barnsley, v jeho\u017e dresu se uchytil v z\u00e1kladn\u00ed sestav\u011b jako defenzivn\u00ed z\u00e1lo\u017en\u00edk, ve sv\u00e9 dosavadn\u00ed kari\u00e9\u0159e p\u0159itom nastupoval jako box-to-box z\u00e1lo\u017en\u00edk.<\/p>\n<p>Po \u00fasp\u011b\u0161n\u00e9m hostov\u00e1n\u00ed na stadionu Oakwell (\u00fasp\u011b\u0161n\u00e9 ale pouze z Williamsova hlediska, Barnsley sestoupilo do t\u0159et\u00ed ligy) si Williamse vyt\u00e1hl do p\u0159edsez\u00f3nn\u00ed p\u0159\u00edpravy prvn\u00edho t\u00fdmu Evertonu nov\u00fd mana\u017eer Marco Silva. Mlad\u00fd st\u0159edopola\u0159 se ale zranil, a tak v sez\u00f3n\u011b 2018\/19 zam\u00ed\u0159il na dal\u0161\u00ed hostov\u00e1n\u00ed do druh\u00e9 ligy, tentokr\u00e1t do Boltonu Wanderers.<\/p>\n<p>Tak\u00e9 u Trotters se Williams vypracoval mezi stabiln\u00ed \u010dleny, jen\u017ee cel\u00fd klub tr\u00e1pily rozs\u00e1hl\u00e9 existen\u010dn\u00ed probl\u00e9my. Hr\u00e1\u010di n\u011bkolik m\u011bs\u00edc\u016f nedost\u00e1vali v\u00fdplatu, co\u017e se negativn\u011b projevilo na v\u00fdkonech cel\u00e9ho mu\u017estva, kter\u00e9 se nedok\u00e1zalo udr\u017eet v sout\u011b\u017ei. Po konci hostov\u00e1n\u00ed se Williams vr\u00e1til na Goodison Park s nad\u011bj\u00ed vybojovat si m\u00edsto v prvn\u00edm t\u00fdmu. V nabit\u00e9 konkurenci se ale prosadit nedok\u00e1zal, a tak se logicky rozhodl zm\u011bnit zam\u011bstnavatele. Rok p\u0159ed koncem smlouvy p\u0159estoupil do druholigov\u00e9ho Wiganu Athletic za nezve\u0159ejn\u011bnou sumu. V nov\u00e9m p\u016fsobi\u0161ti podepsal t\u0159\u00edlet\u00fd kontrakt.<\/p>\n","protected":false},"excerpt":{"rendered":"<p>Narozen: 08. 12. 1996, Liverpool, Anglie V\u00fd\u0161ka: 185 cm V\u00e1ha: 80 kg Post:\u00a0Z\u00e1lo\u017en\u00edk V EFC od: Odchovanec Do: 31. 07.&hellip;<\/p>\n","protected":false},"author":6,"featured_media":0,"parent":70,"menu_order":0,"comment_status":"closed","ping_status":"closed","template":"","meta":{"_eb_attr":"","_monsterinsights_skip_tracking":false,"_monsterinsights_sitenote_active":false,"_monsterinsights_sitenote_note":"","_monsterinsights_sitenote_category":0,"footnotes":""},"yoast_head":"<!-- This site is optimized with the Yoast SEO plugin v23.4 - https:\/\/yoast.com\/wordpress\/plugins\/seo\/ -->\n<title>Joseph Michael Williams - Official Czech &amp; Slovak Everton Supporters&#039; Club<\/title>\n<meta name=\"robots\" content=\"index, follow, max-snippet:-1, max-image-preview:large, max-video-preview:-1\" \/>\n<link rel=\"canonical\" href=\"https:\/\/evertonfc.cz\/index.php\/soupiska\/joe-williams\/\" \/>\n<meta property=\"og:locale\" content=\"cs_CZ\" \/>\n<meta property=\"og:type\" content=\"article\" \/>\n<meta property=\"og:title\" content=\"Joseph Michael Williams - Official Czech &amp; Slovak Everton Supporters&#039; Club\" \/>\n<meta property=\"og:description\" content=\"Narozen: 08. 12. 1996, Liverpool, Anglie V\u00fd\u0161ka: 185 cm V\u00e1ha: 80 kg Post:\u00a0Z\u00e1lo\u017en\u00edk V EFC od: Odchovanec Do: 31. 07.&hellip;\" \/>\n<meta property=\"og:url\" content=\"https:\/\/evertonfc.cz\/index.php\/soupiska\/joe-williams\/\" \/>\n<meta property=\"og:site_name\" content=\"Official Czech &amp; Slovak Everton Supporters&#039; Club\" \/>\n<meta property=\"article:publisher\" content=\"https:\/\/www.facebook.com\/everton.fans.cz.sk\" \/>\n<meta property=\"article:modified_time\" content=\"2019-08-01T10:32:53+00:00\" \/>\n<meta property=\"og:image\" content=\"https:\/\/evertonfc.cz\/wp-content\/uploads\/2019\/07\/joe_williams.png\" \/>\n<meta name=\"twitter:card\" content=\"summary_large_image\" \/>\n<meta name=\"twitter:label1\" content=\"Odhadovan\u00e1 doba \u010dten\u00ed\" \/>\n\t<meta name=\"twitter:data1\" content=\"2 minuty\" \/>\n<script type=\"application\/ld+json\" class=\"yoast-schema-graph\">{\"@context\":\"https:\/\/schema.org\",\"@graph\":[{\"@type\":\"WebPage\",\"@id\":\"https:\/\/evertonfc.cz\/index.php\/soupiska\/joe-williams\/\",\"url\":\"https:\/\/evertonfc.cz\/index.php\/soupiska\/joe-williams\/\",\"name\":\"Joseph Michael Williams - Official Czech &amp; Slovak Everton Supporters&#039; Club\",\"isPartOf\":{\"@id\":\"https:\/\/evertonfc.cz\/#website\"},\"primaryImageOfPage\":{\"@id\":\"https:\/\/evertonfc.cz\/index.php\/soupiska\/joe-williams\/#primaryimage\"},\"image\":{\"@id\":\"https:\/\/evertonfc.cz\/index.php\/soupiska\/joe-williams\/#primaryimage\"},\"thumbnailUrl\":\"https:\/\/evertonfc.cz\/wp-content\/uploads\/2019\/07\/joe_williams.png\",\"datePublished\":\"2019-07-30T12:51:27+00:00\",\"dateModified\":\"2019-08-01T10:32:53+00:00\",\"breadcrumb\":{\"@id\":\"https:\/\/evertonfc.cz\/index.php\/soupiska\/joe-williams\/#breadcrumb\"},\"inLanguage\":\"cs\",\"potentialAction\":[{\"@type\":\"ReadAction\",\"target\":[\"https:\/\/evertonfc.cz\/index.php\/soupiska\/joe-williams\/\"]}]},{\"@type\":\"ImageObject\",\"inLanguage\":\"cs\",\"@id\":\"https:\/\/evertonfc.cz\/index.php\/soupiska\/joe-williams\/#primaryimage\",\"url\":\"https:\/\/evertonfc.cz\/wp-content\/uploads\/2019\/07\/joe_williams.png\",\"contentUrl\":\"https:\/\/evertonfc.cz\/wp-content\/uploads\/2019\/07\/joe_williams.png\",\"width\":80,\"height\":83},{\"@type\":\"BreadcrumbList\",\"@id\":\"https:\/\/evertonfc.cz\/index.php\/soupiska\/joe-williams\/#breadcrumb\",\"itemListElement\":[{\"@type\":\"ListItem\",\"position\":1,\"name\":\"Home\",\"item\":\"https:\/\/evertonfc.cz\/\"},{\"@type\":\"ListItem\",\"position\":2,\"name\":\"Soupiska\",\"item\":\"https:\/\/evertonfc.cz\/index.php\/soupiska\/\"},{\"@type\":\"ListItem\",\"position\":3,\"name\":\"Joseph Michael Williams\"}]},{\"@type\":\"WebSite\",\"@id\":\"https:\/\/evertonfc.cz\/#website\",\"url\":\"https:\/\/evertonfc.cz\/\",\"name\":\"Official Czech &amp; Slovak Everton Supporters&#039; Club\",\"description\":\"\",\"publisher\":{\"@id\":\"https:\/\/evertonfc.cz\/#organization\"},\"potentialAction\":[{\"@type\":\"SearchAction\",\"target\":{\"@type\":\"EntryPoint\",\"urlTemplate\":\"https:\/\/evertonfc.cz\/?s={search_term_string}\"},\"query-input\":{\"@type\":\"PropertyValueSpecification\",\"valueRequired\":true,\"valueName\":\"search_term_string\"}}],\"inLanguage\":\"cs\"},{\"@type\":\"Organization\",\"@id\":\"https:\/\/evertonfc.cz\/#organization\",\"name\":\"Official Czech & Slovak Everton Supporters' Club\",\"url\":\"https:\/\/evertonfc.cz\/\",\"logo\":{\"@type\":\"ImageObject\",\"inLanguage\":\"cs\",\"@id\":\"https:\/\/evertonfc.cz\/#\/schema\/logo\/image\/\",\"url\":\"https:\/\/evertonfc.cz\/wp-content\/uploads\/2019\/05\/logo.png\",\"contentUrl\":\"https:\/\/evertonfc.cz\/wp-content\/uploads\/2019\/05\/logo.png\",\"width\":112,\"height\":112,\"caption\":\"Official Czech & Slovak Everton Supporters' Club\"},\"image\":{\"@id\":\"https:\/\/evertonfc.cz\/#\/schema\/logo\/image\/\"},\"sameAs\":[\"https:\/\/www.facebook.com\/everton.fans.cz.sk\"]}]}<\/script>\n<!-- \/ Yoast SEO plugin. -->","yoast_head_json":{"title":"Joseph Michael Williams - Official Czech &amp; Slovak Everton Supporters&#039; Club","robots":{"index":"index","follow":"follow","max-snippet":"max-snippet:-1","max-image-preview":"max-image-preview:large","max-video-preview":"max-video-preview:-1"},"canonical":"https:\/\/evertonfc.cz\/index.php\/soupiska\/joe-williams\/","og_locale":"cs_CZ","og_type":"article","og_title":"Joseph Michael Williams - Official Czech &amp; Slovak Everton Supporters&#039; Club","og_description":"Narozen: 08. 12. 1996, Liverpool, Anglie V\u00fd\u0161ka: 185 cm V\u00e1ha: 80 kg Post:\u00a0Z\u00e1lo\u017en\u00edk V EFC od: Odchovanec Do: 31. 07.&hellip;","og_url":"https:\/\/evertonfc.cz\/index.php\/soupiska\/joe-williams\/","og_site_name":"Official Czech &amp; Slovak Everton Supporters&#039; Club","article_publisher":"https:\/\/www.facebook.com\/everton.fans.cz.sk","article_modified_time":"2019-08-01T10:32:53+00:00","og_image":[{"url":"https:\/\/evertonfc.cz\/wp-content\/uploads\/2019\/07\/joe_williams.png"}],"twitter_card":"summary_large_image","twitter_misc":{"Odhadovan\u00e1 doba \u010dten\u00ed":"2 minuty"},"schema":{"@context":"https:\/\/schema.org","@graph":[{"@type":"WebPage","@id":"https:\/\/evertonfc.cz\/index.php\/soupiska\/joe-williams\/","url":"https:\/\/evertonfc.cz\/index.php\/soupiska\/joe-williams\/","name":"Joseph Michael Williams - Official Czech &amp; Slovak Everton Supporters&#039; Club","isPartOf":{"@id":"https:\/\/evertonfc.cz\/#website"},"primaryImageOfPage":{"@id":"https:\/\/evertonfc.cz\/index.php\/soupiska\/joe-williams\/#primaryimage"},"image":{"@id":"https:\/\/evertonfc.cz\/index.php\/soupiska\/joe-williams\/#primaryimage"},"thumbnailUrl":"https:\/\/evertonfc.cz\/wp-content\/uploads\/2019\/07\/joe_williams.png","datePublished":"2019-07-30T12:51:27+00:00","dateModified":"2019-08-01T10:32:53+00:00","breadcrumb":{"@id":"https:\/\/evertonfc.cz\/index.php\/soupiska\/joe-williams\/#breadcrumb"},"inLanguage":"cs","potentialAction":[{"@type":"ReadAction","target":["https:\/\/evertonfc.cz\/index.php\/soupiska\/joe-williams\/"]}]},{"@type":"ImageObject","inLanguage":"cs","@id":"https:\/\/evertonfc.cz\/index.php\/soupiska\/joe-williams\/#primaryimage","url":"https:\/\/evertonfc.cz\/wp-content\/uploads\/2019\/07\/joe_williams.png","contentUrl":"https:\/\/evertonfc.cz\/wp-content\/uploads\/2019\/07\/joe_williams.png","width":80,"height":83},{"@type":"BreadcrumbList","@id":"https:\/\/evertonfc.cz\/index.php\/soupiska\/joe-williams\/#breadcrumb","itemListElement":[{"@type":"ListItem","position":1,"name":"Home","item":"https:\/\/evertonfc.cz\/"},{"@type":"ListItem","position":2,"name":"Soupiska","item":"https:\/\/evertonfc.cz\/index.php\/soupiska\/"},{"@type":"ListItem","position":3,"name":"Joseph Michael Williams"}]},{"@type":"WebSite","@id":"https:\/\/evertonfc.cz\/#website","url":"https:\/\/evertonfc.cz\/","name":"Official Czech &amp; Slovak Everton Supporters&#039; Club","description":"","publisher":{"@id":"https:\/\/evertonfc.cz\/#organization"},"potentialAction":[{"@type":"SearchAction","target":{"@type":"EntryPoint","urlTemplate":"https:\/\/evertonfc.cz\/?s={search_term_string}"},"query-input":{"@type":"PropertyValueSpecification","valueRequired":true,"valueName":"search_term_string"}}],"inLanguage":"cs"},{"@type":"Organization","@id":"https:\/\/evertonfc.cz\/#organization","name":"Official Czech & Slovak Everton Supporters' Club","url":"https:\/\/evertonfc.cz\/","logo":{"@type":"ImageObject","inLanguage":"cs","@id":"https:\/\/evertonfc.cz\/#\/schema\/logo\/image\/","url":"https:\/\/evertonfc.cz\/wp-content\/uploads\/2019\/05\/logo.png","contentUrl":"https:\/\/evertonfc.cz\/wp-content\/uploads\/2019\/05\/logo.png","width":112,"height":112,"caption":"Official Czech & Slovak Everton Supporters' Club"},"image":{"@id":"https:\/\/evertonfc.cz\/#\/schema\/logo\/image\/"},"sameAs":["https:\/\/www.facebook.com\/everton.fans.cz.sk"]}]}},"_links":{"self":[{"href":"https:\/\/evertonfc.cz\/index.php\/wp-json\/wp\/v2\/pages\/8793"}],"collection":[{"href":"https:\/\/evertonfc.cz\/index.php\/wp-json\/wp\/v2\/pages"}],"about":[{"href":"https:\/\/evertonfc.cz\/index.php\/wp-json\/wp\/v2\/types\/page"}],"author":[{"embeddable":true,"href":"https:\/\/evertonfc.cz\/index.php\/wp-json\/wp\/v2\/users\/6"}],"replies":[{"embeddable":true,"href":"https:\/\/evertonfc.cz\/index.php\/wp-json\/wp\/v2\/comments?post=8793"}],"version-history":[{"count":9,"href":"https:\/\/evertonfc.cz\/index.php\/wp-json\/wp\/v2\/pages\/8793\/revisions"}],"predecessor-version":[{"id":8825,"href":"https:\/\/evertonfc.cz\/index.php\/wp-json\/wp\/v2\/pages\/8793\/revisions\/8825"}],"up":[{"embeddable":true,"href":"https:\/\/evertonfc.cz\/index.php\/wp-json\/wp\/v2\/pages\/70"}],"wp:attachment":[{"href":"https:\/\/evertonfc.cz\/index.php\/wp-json\/wp\/v2\/media?parent=8793"}],"curies":[{"name":"wp","href":"https:\/\/api.w.org\/{rel}","templated":true}]}}