{"id":917,"date":"2019-01-05T21:58:52","date_gmt":"2019-01-05T20:58:52","guid":{"rendered":"http:\/\/evertonfc.cz\/?page_id=917"},"modified":"2020-10-13T23:14:29","modified_gmt":"2020-10-13T21:14:29","slug":"shani-tarashaj","status":"publish","type":"page","link":"https:\/\/evertonfc.cz\/index.php\/soupiska\/shani-tarashaj\/","title":{"rendered":"Shani Tarashaj"},"content":{"rendered":"<p><strong><img loading=\"lazy\" decoding=\"async\" style=\"float: right; margin-left: 10px; margin-right: 10px;\" src=\"http:\/\/evertonfc.cz\/wp-content\/uploads\/2019\/01\/tarashaj.jpg\" alt=\"\" width=\"80\" height=\"83\" \/>Narozen:<\/strong>\u00a007. 02. 1995,\u00a0Hausen am Albis, \u0160v\u00fdcarsko<br \/>\n<strong>V\u00fd\u0161ka:<\/strong>\u00a0176 cm<br \/>\n<strong>V\u00e1ha:<\/strong>\u00a077 kg<br \/>\n<strong>Post:<\/strong>\u00a0Ofenzivn\u00ed z\u00e1lo\u017en\u00edk, \u00fato\u010dn\u00edk<br \/>\n<strong>V EFC od:<\/strong>\u00a007. 01. 2016<br \/>\n<strong>Do:<\/strong> 13. 10. 2020<\/p>\n<hr \/>\n<p>Narozen a vychov\u00e1n ve \u0160v\u00fdcarsku kosovsk\u00fdm rodi\u010d\u016fm, Tarashaj nastoupil do akademie tam\u011bj\u0161\u00edho\u00a0Grasshopperu Z\u00fcrich ve t\u0159in\u00e1cti letech. U\u017e od dorosteneck\u00e9ho v\u011bku platil za nad\u011bjn\u00e9ho fotbalistu, \u0160v\u00fdcarsko pravideln\u011b reprezentoval v ml\u00e1de\u017enick\u00fdch kategori\u00edch.<\/p>\n<p>V roce 2014 se poprv\u00e9 objevil v prvn\u00edm t\u00fdmu Grasshoperu, nicm\u00e9n\u011b v\u00fdrazn\u011b se prosadil a\u017e v n\u00e1sleduj\u00edc\u00ed sez\u00f3n\u011b 2015\/16. Ofenzivn\u00ed univerz\u00e1l nebo \u00fato\u010dn\u00edk nas\u00e1zel v prvn\u00edch \u010dty\u0159ech kolech p\u011bt branek a v\u00fdrazn\u011b na sebe upozornil skauty p\u0159edn\u00edch evropsk\u00fdch klub\u016f. Do sv\u00fdch s\u00edt\u00ed ho nakonec ulovil Everton, v lednu roku 2016 za n\u011bj zaplatil\u00a03 miliony liber\u00a0a v Grasshopperu ho ponechal do konce ro\u010dn\u00edku na hostov\u00e1n\u00ed.<\/p>\n<p>Odm\u011bnou za poveden\u00e9 v\u00fdkony nebyl pouze p\u0159estup za lep\u0161\u00edm. Se \u0161v\u00fdcarskou reprezentac\u00ed se pod\u00edval na Mistrovstv\u00ed Evropy 2016 do Francie, p\u0159i\u010dem\u017e v n\u00e1rodn\u00edm t\u00fdmu debutoval a\u017e p\u0159ed \u0161ampion\u00e1tem. Na samotn\u00e9m turnaji si zahr\u00e1l pouze minutku, jeho \u010das m\u00e1 teprve p\u0159ij\u00edt.<\/p>\n<p>Na za\u010d\u00e1tku l\u00e9ta 2016 Tarashaj nastoupil do letn\u00ed p\u0159\u00edpravy Toffees, ale nov\u00e9ho mana\u017eera Ronalda Koemana nezaujal, aby si zajistil m\u00edsto v prvn\u00edm t\u00fdmu, proto ode\u0161el na ro\u010dn\u00ed hostov\u00e1n\u00ed do Eintrachtu Frankfurt. V N\u011bmecku ale Tarashaj pro opakuj\u00edc\u00ed se zdravotn\u00ed probl\u00e9my nasko\u010dil jen do 15 z\u00e1pas\u016f, (v\u011bt\u0161inou p\u0159itom jenom jako st\u0159\u00eddaj\u00edc\u00ed hr\u00e1\u010d) s bilanc\u00ed jednoho vst\u0159elen\u00e9ho g\u00f3lu. Jeho n\u00e1sledn\u00fd n\u00e1vrat do Evertonu mu p\u0159ekazilo v\u00e1\u017en\u00e9 zran\u011bn\u00e9 kolena, kv\u016fli n\u011bmu\u017e p\u0159i\u0161el o velkou \u010d\u00e1st sez\u00f3ny 2017\/18. Na jej\u00edm konci pouze stihl odehr\u00e1t dv\u011b utk\u00e1n\u00ed za Everton U23.<\/p>\n<p>Dlouhodob\u00fd hern\u00ed v\u00fdpadek se Tarashaj rozhodl vy\u0159e\u0161it n\u00e1vratem do Grasshopperu, kde v r\u00e1mci hostov\u00e1n\u00ed str\u00e1v\u00ed ro\u010dn\u00edk 2018\/19. Jeho p\u016fsoben\u00ed ve \u0160v\u00fdcarsku ale skon\u010dilo fiaskem, i kv\u016fli zran\u011bn\u00ed odehr\u00e1l pouze dev\u011bt ligov\u00fdch utk\u00e1n\u00ed a Grasshopper po 68 letech sestoupil do druh\u00e9 ligy.<\/p>\n<p>V l\u00e9t\u011b 2019 Tarashaj zam\u00ed\u0159il na dal\u0161\u00ed hostov\u00e1n\u00ed, tentokr\u00e1t ale rovnou na dv\u011b sez\u00f3ny &#8211; p\u0159esn\u011b do momentu, kdy mu na Goodison Parku m\u011bla skon\u010dit smlouva. Dvoulet\u00fdm hostem se m\u011bl st\u00e1t v nizozemsk\u00e9m prvoligov\u00e9m celku FC Emmen, kde ale nakonec vydr\u017eel pouze rok, ne\u017e nizozemsk\u00fd celek p\u0159ed\u010dasn\u011b zru\u0161il jeho hostov\u00e1n\u00ed. Tarashaj i kv\u016fli vlekl\u00fdm probl\u00e9m\u016fm neodehr\u00e1l ani jeden z\u00e1pas za Emmen.<\/p>\n<p>Na za\u010d\u00e1tku sez\u00f3ny 2020\/21 se tedy Tarashaj vr\u00e1til do Evertonu a jeho situace z\u016fst\u00e1v\u00e1 nejasn\u00e1. Toffees s n\u00edm toti\u017e paradoxn\u011b v l\u00e9t\u011b 2019 prodlou\u017eili o rok smlouvu\u00a0do l\u00e9ta 2021,\u00a0<a href=\"https:\/\/www.toffeeweb.com\/season\/19-20\/news\/39617.html\" target=\"_blank\" rel=\"noopener noreferrer\">aby Emmen mohl rozlo\u017eit n\u00e1klady na jeho plat na dva roky m\u00edsto jednoho<\/a>. \u0160v\u00fdcar m\u011bl p\u016fvodn\u011b na Goodison Parku smlouvu s t\u00fddenn\u00edm p\u0159\u00edjmem ve v\u00fd\u0161i 15 tis\u00edc liber, co\u017e ro\u010dn\u011b d\u011blalo 780 tis\u00edc liber. Emmen m\u011bl za dva roky pokr\u00fdt 500 tis\u00edc z platu, zbyl\u00fdch 280 tis\u00edc potom Everton.<\/p>\n<p>Po ukon\u010den\u00ed hostov\u00e1n\u00ed v Nizozemsku v\u00e1zala tedy Tarashaje na Goodison Parku smlouva na rok, Everton ale kontrakt za nezve\u0159ejn\u011bn\u00fdch finan\u010dn\u00edch podm\u00ednek vypov\u011bd\u011bl.<\/p>\n<p>Nepoveden\u00fd n\u00e1kup mana\u017eera Roberta Mart\u00edneze neodehr\u00e1l v kr\u00e1lovsky modr\u00e9m dresu ani jedno utk\u00e1n\u00ed.<\/p>\n","protected":false},"excerpt":{"rendered":"<p>Narozen:\u00a007. 02. 1995,\u00a0Hausen am Albis, \u0160v\u00fdcarsko V\u00fd\u0161ka:\u00a0176 cm V\u00e1ha:\u00a077 kg Post:\u00a0Ofenzivn\u00ed z\u00e1lo\u017en\u00edk, \u00fato\u010dn\u00edk V EFC od:\u00a007. 01. 2016 Do: 13.&hellip;<\/p>\n","protected":false},"author":6,"featured_media":0,"parent":70,"menu_order":0,"comment_status":"closed","ping_status":"closed","template":"","meta":{"_eb_attr":"","_monsterinsights_skip_tracking":false,"_monsterinsights_sitenote_active":false,"_monsterinsights_sitenote_note":"","_monsterinsights_sitenote_category":0,"footnotes":""},"yoast_head":"<!-- This site is optimized with the Yoast SEO plugin v23.4 - https:\/\/yoast.com\/wordpress\/plugins\/seo\/ -->\n<title>Shani Tarashaj - Official Czech &amp; Slovak Everton Supporters&#039; Club<\/title>\n<meta name=\"robots\" content=\"index, follow, max-snippet:-1, max-image-preview:large, max-video-preview:-1\" \/>\n<link rel=\"canonical\" href=\"https:\/\/evertonfc.cz\/index.php\/soupiska\/shani-tarashaj\/\" \/>\n<meta property=\"og:locale\" content=\"cs_CZ\" \/>\n<meta property=\"og:type\" content=\"article\" \/>\n<meta property=\"og:title\" content=\"Shani Tarashaj - Official Czech &amp; Slovak Everton Supporters&#039; Club\" \/>\n<meta property=\"og:description\" content=\"Narozen:\u00a007. 02. 1995,\u00a0Hausen am Albis, \u0160v\u00fdcarsko V\u00fd\u0161ka:\u00a0176 cm V\u00e1ha:\u00a077 kg Post:\u00a0Ofenzivn\u00ed z\u00e1lo\u017en\u00edk, \u00fato\u010dn\u00edk V EFC od:\u00a007. 01. 2016 Do: 13.&hellip;\" \/>\n<meta property=\"og:url\" content=\"https:\/\/evertonfc.cz\/index.php\/soupiska\/shani-tarashaj\/\" \/>\n<meta property=\"og:site_name\" content=\"Official Czech &amp; Slovak Everton Supporters&#039; Club\" \/>\n<meta property=\"article:publisher\" content=\"https:\/\/www.facebook.com\/everton.fans.cz.sk\" \/>\n<meta property=\"article:modified_time\" content=\"2020-10-13T21:14:29+00:00\" \/>\n<meta property=\"og:image\" content=\"http:\/\/evertonfc.cz\/wp-content\/uploads\/2019\/01\/tarashaj.jpg\" \/>\n<meta name=\"twitter:card\" content=\"summary_large_image\" \/>\n<meta name=\"twitter:label1\" content=\"Odhadovan\u00e1 doba \u010dten\u00ed\" \/>\n\t<meta name=\"twitter:data1\" content=\"3 minuty\" \/>\n<script type=\"application\/ld+json\" class=\"yoast-schema-graph\">{\"@context\":\"https:\/\/schema.org\",\"@graph\":[{\"@type\":\"WebPage\",\"@id\":\"https:\/\/evertonfc.cz\/index.php\/soupiska\/shani-tarashaj\/\",\"url\":\"https:\/\/evertonfc.cz\/index.php\/soupiska\/shani-tarashaj\/\",\"name\":\"Shani Tarashaj - Official Czech &amp; Slovak Everton Supporters&#039; Club\",\"isPartOf\":{\"@id\":\"https:\/\/evertonfc.cz\/#website\"},\"primaryImageOfPage\":{\"@id\":\"https:\/\/evertonfc.cz\/index.php\/soupiska\/shani-tarashaj\/#primaryimage\"},\"image\":{\"@id\":\"https:\/\/evertonfc.cz\/index.php\/soupiska\/shani-tarashaj\/#primaryimage\"},\"thumbnailUrl\":\"http:\/\/evertonfc.cz\/wp-content\/uploads\/2019\/01\/tarashaj.jpg\",\"datePublished\":\"2019-01-05T20:58:52+00:00\",\"dateModified\":\"2020-10-13T21:14:29+00:00\",\"breadcrumb\":{\"@id\":\"https:\/\/evertonfc.cz\/index.php\/soupiska\/shani-tarashaj\/#breadcrumb\"},\"inLanguage\":\"cs\",\"potentialAction\":[{\"@type\":\"ReadAction\",\"target\":[\"https:\/\/evertonfc.cz\/index.php\/soupiska\/shani-tarashaj\/\"]}]},{\"@type\":\"ImageObject\",\"inLanguage\":\"cs\",\"@id\":\"https:\/\/evertonfc.cz\/index.php\/soupiska\/shani-tarashaj\/#primaryimage\",\"url\":\"http:\/\/evertonfc.cz\/wp-content\/uploads\/2019\/01\/tarashaj.jpg\",\"contentUrl\":\"http:\/\/evertonfc.cz\/wp-content\/uploads\/2019\/01\/tarashaj.jpg\"},{\"@type\":\"BreadcrumbList\",\"@id\":\"https:\/\/evertonfc.cz\/index.php\/soupiska\/shani-tarashaj\/#breadcrumb\",\"itemListElement\":[{\"@type\":\"ListItem\",\"position\":1,\"name\":\"Home\",\"item\":\"https:\/\/evertonfc.cz\/\"},{\"@type\":\"ListItem\",\"position\":2,\"name\":\"Soupiska\",\"item\":\"https:\/\/evertonfc.cz\/index.php\/soupiska\/\"},{\"@type\":\"ListItem\",\"position\":3,\"name\":\"Shani Tarashaj\"}]},{\"@type\":\"WebSite\",\"@id\":\"https:\/\/evertonfc.cz\/#website\",\"url\":\"https:\/\/evertonfc.cz\/\",\"name\":\"Official Czech &amp; Slovak Everton Supporters&#039; Club\",\"description\":\"\",\"publisher\":{\"@id\":\"https:\/\/evertonfc.cz\/#organization\"},\"potentialAction\":[{\"@type\":\"SearchAction\",\"target\":{\"@type\":\"EntryPoint\",\"urlTemplate\":\"https:\/\/evertonfc.cz\/?s={search_term_string}\"},\"query-input\":{\"@type\":\"PropertyValueSpecification\",\"valueRequired\":true,\"valueName\":\"search_term_string\"}}],\"inLanguage\":\"cs\"},{\"@type\":\"Organization\",\"@id\":\"https:\/\/evertonfc.cz\/#organization\",\"name\":\"Official Czech & Slovak Everton Supporters' Club\",\"url\":\"https:\/\/evertonfc.cz\/\",\"logo\":{\"@type\":\"ImageObject\",\"inLanguage\":\"cs\",\"@id\":\"https:\/\/evertonfc.cz\/#\/schema\/logo\/image\/\",\"url\":\"https:\/\/evertonfc.cz\/wp-content\/uploads\/2019\/05\/logo.png\",\"contentUrl\":\"https:\/\/evertonfc.cz\/wp-content\/uploads\/2019\/05\/logo.png\",\"width\":112,\"height\":112,\"caption\":\"Official Czech & Slovak Everton Supporters' Club\"},\"image\":{\"@id\":\"https:\/\/evertonfc.cz\/#\/schema\/logo\/image\/\"},\"sameAs\":[\"https:\/\/www.facebook.com\/everton.fans.cz.sk\"]}]}<\/script>\n<!-- \/ Yoast SEO plugin. -->","yoast_head_json":{"title":"Shani Tarashaj - Official Czech &amp; Slovak Everton Supporters&#039; Club","robots":{"index":"index","follow":"follow","max-snippet":"max-snippet:-1","max-image-preview":"max-image-preview:large","max-video-preview":"max-video-preview:-1"},"canonical":"https:\/\/evertonfc.cz\/index.php\/soupiska\/shani-tarashaj\/","og_locale":"cs_CZ","og_type":"article","og_title":"Shani Tarashaj - Official Czech &amp; Slovak Everton Supporters&#039; Club","og_description":"Narozen:\u00a007. 02. 1995,\u00a0Hausen am Albis, \u0160v\u00fdcarsko V\u00fd\u0161ka:\u00a0176 cm V\u00e1ha:\u00a077 kg Post:\u00a0Ofenzivn\u00ed z\u00e1lo\u017en\u00edk, \u00fato\u010dn\u00edk V EFC od:\u00a007. 01. 2016 Do: 13.&hellip;","og_url":"https:\/\/evertonfc.cz\/index.php\/soupiska\/shani-tarashaj\/","og_site_name":"Official Czech &amp; Slovak Everton Supporters&#039; Club","article_publisher":"https:\/\/www.facebook.com\/everton.fans.cz.sk","article_modified_time":"2020-10-13T21:14:29+00:00","og_image":[{"url":"http:\/\/evertonfc.cz\/wp-content\/uploads\/2019\/01\/tarashaj.jpg"}],"twitter_card":"summary_large_image","twitter_misc":{"Odhadovan\u00e1 doba \u010dten\u00ed":"3 minuty"},"schema":{"@context":"https:\/\/schema.org","@graph":[{"@type":"WebPage","@id":"https:\/\/evertonfc.cz\/index.php\/soupiska\/shani-tarashaj\/","url":"https:\/\/evertonfc.cz\/index.php\/soupiska\/shani-tarashaj\/","name":"Shani Tarashaj - Official Czech &amp; Slovak Everton Supporters&#039; Club","isPartOf":{"@id":"https:\/\/evertonfc.cz\/#website"},"primaryImageOfPage":{"@id":"https:\/\/evertonfc.cz\/index.php\/soupiska\/shani-tarashaj\/#primaryimage"},"image":{"@id":"https:\/\/evertonfc.cz\/index.php\/soupiska\/shani-tarashaj\/#primaryimage"},"thumbnailUrl":"http:\/\/evertonfc.cz\/wp-content\/uploads\/2019\/01\/tarashaj.jpg","datePublished":"2019-01-05T20:58:52+00:00","dateModified":"2020-10-13T21:14:29+00:00","breadcrumb":{"@id":"https:\/\/evertonfc.cz\/index.php\/soupiska\/shani-tarashaj\/#breadcrumb"},"inLanguage":"cs","potentialAction":[{"@type":"ReadAction","target":["https:\/\/evertonfc.cz\/index.php\/soupiska\/shani-tarashaj\/"]}]},{"@type":"ImageObject","inLanguage":"cs","@id":"https:\/\/evertonfc.cz\/index.php\/soupiska\/shani-tarashaj\/#primaryimage","url":"http:\/\/evertonfc.cz\/wp-content\/uploads\/2019\/01\/tarashaj.jpg","contentUrl":"http:\/\/evertonfc.cz\/wp-content\/uploads\/2019\/01\/tarashaj.jpg"},{"@type":"BreadcrumbList","@id":"https:\/\/evertonfc.cz\/index.php\/soupiska\/shani-tarashaj\/#breadcrumb","itemListElement":[{"@type":"ListItem","position":1,"name":"Home","item":"https:\/\/evertonfc.cz\/"},{"@type":"ListItem","position":2,"name":"Soupiska","item":"https:\/\/evertonfc.cz\/index.php\/soupiska\/"},{"@type":"ListItem","position":3,"name":"Shani Tarashaj"}]},{"@type":"WebSite","@id":"https:\/\/evertonfc.cz\/#website","url":"https:\/\/evertonfc.cz\/","name":"Official Czech &amp; Slovak Everton Supporters&#039; Club","description":"","publisher":{"@id":"https:\/\/evertonfc.cz\/#organization"},"potentialAction":[{"@type":"SearchAction","target":{"@type":"EntryPoint","urlTemplate":"https:\/\/evertonfc.cz\/?s={search_term_string}"},"query-input":{"@type":"PropertyValueSpecification","valueRequired":true,"valueName":"search_term_string"}}],"inLanguage":"cs"},{"@type":"Organization","@id":"https:\/\/evertonfc.cz\/#organization","name":"Official Czech & Slovak Everton Supporters' Club","url":"https:\/\/evertonfc.cz\/","logo":{"@type":"ImageObject","inLanguage":"cs","@id":"https:\/\/evertonfc.cz\/#\/schema\/logo\/image\/","url":"https:\/\/evertonfc.cz\/wp-content\/uploads\/2019\/05\/logo.png","contentUrl":"https:\/\/evertonfc.cz\/wp-content\/uploads\/2019\/05\/logo.png","width":112,"height":112,"caption":"Official Czech & Slovak Everton Supporters' Club"},"image":{"@id":"https:\/\/evertonfc.cz\/#\/schema\/logo\/image\/"},"sameAs":["https:\/\/www.facebook.com\/everton.fans.cz.sk"]}]}},"_links":{"self":[{"href":"https:\/\/evertonfc.cz\/index.php\/wp-json\/wp\/v2\/pages\/917"}],"collection":[{"href":"https:\/\/evertonfc.cz\/index.php\/wp-json\/wp\/v2\/pages"}],"about":[{"href":"https:\/\/evertonfc.cz\/index.php\/wp-json\/wp\/v2\/types\/page"}],"author":[{"embeddable":true,"href":"https:\/\/evertonfc.cz\/index.php\/wp-json\/wp\/v2\/users\/6"}],"replies":[{"embeddable":true,"href":"https:\/\/evertonfc.cz\/index.php\/wp-json\/wp\/v2\/comments?post=917"}],"version-history":[{"count":9,"href":"https:\/\/evertonfc.cz\/index.php\/wp-json\/wp\/v2\/pages\/917\/revisions"}],"predecessor-version":[{"id":12505,"href":"https:\/\/evertonfc.cz\/index.php\/wp-json\/wp\/v2\/pages\/917\/revisions\/12505"}],"up":[{"embeddable":true,"href":"https:\/\/evertonfc.cz\/index.php\/wp-json\/wp\/v2\/pages\/70"}],"wp:attachment":[{"href":"https:\/\/evertonfc.cz\/index.php\/wp-json\/wp\/v2\/media?parent=917"}],"curies":[{"name":"wp","href":"https:\/\/api.w.org\/{rel}","templated":true}]}}